-- https://www.phpmyadmin.net/
--
-- Hôte : nsiavih756.mysql.db
-- Généré le : lun. 01 déc. 2025 à 15:53
-- Version du serveur : 8.0.43-34
-- Version de PHP : 8.1.33

START TRANSACTION;



--
-- Base de données : `nsiavih756`
--

-- --------------------------------------------------------

--
-- Structure de la table `apporteurs`
--

CREATE TABLE `apporteurs` (
  `id` bigint UNSIGNED NOT NULL,
  `code` varchar(10) NOT NULL,
  `nom` varchar(120) DEFAULT NULL,
  `created_at` timestamp NULL DEFAULT CURRENT_TIMESTAMP
) ENGINE=InnoDB DEFAULT CHARSET=utf8mb4 COLLATE=utf8mb4_0900_ai_ci;

--
-- Déchargement des données de la table `apporteurs`
--

INSERT INTO `apporteurs` (`id`, `code`, `nom`, `created_at`) VALUES
(1, '0101', 'Apporteur par d├®faut', '2025-10-31 11:19:30');

-- --------------------------------------------------------

--
-- Structure de la table `assures`
--

CREATE TABLE `assures` (
  `id` bigint UNSIGNED NOT NULL,
  `civilite` enum('Mme','Mlle','M') DEFAULT NULL,
  `nom` varchar(80) DEFAULT NULL,
  `prenoms` varchar(120) DEFAULT NULL,
  `date_naissance` date DEFAULT NULL,
  `lieu_naissance` varchar(100) DEFAULT NULL,
  `nationalite` varchar(60) DEFAULT NULL,
  `situation_matrimoniale` varchar(20) NOT NULL,
  `piece_type` varchar(20) DEFAULT NULL,
  `piece_numero` varchar(30) DEFAULT NULL,
  `piece_image_file` varchar(255) DEFAULT NULL,
  `piece_image_name` varchar(255) DEFAULT NULL,
  `adresse` varchar(120) DEFAULT NULL,
  `boite_postale` varchar(40) DEFAULT NULL,
  `ville` varchar(60) DEFAULT NULL,
  `tel_dom` varchar(30) DEFAULT NULL,
  `telephone` varchar(30) DEFAULT NULL,
  `email` varchar(120) DEFAULT NULL,
  `statut_professionnel` enum('salarie','non_salarie','sans_activite','retraite') NOT NULL,
  `profession` varchar(60) DEFAULT NULL,
  `employeur` varchar(80) DEFAULT NULL,
  `telephone_bureau` varchar(30) DEFAULT NULL,
  `adresse_employeur` varchar(120) DEFAULT NULL,
  `email_professionnel` varchar(120) DEFAULT NULL,
  `secteur_activite` varchar(60) DEFAULT NULL,
  `assurances_nsia` enum('Oui','Non') DEFAULT NULL,
  `assurances_nsia_details` varchar(255) DEFAULT NULL,
  `created_at` timestamp NULL DEFAULT CURRENT_TIMESTAMP
) ENGINE=InnoDB DEFAULT CHARSET=utf8mb4 COLLATE=utf8mb4_0900_ai_ci;

--
-- Déchargement des données de la table `assures`
--

INSERT INTO `assures` (`id`, `civilite`, `nom`, `prenoms`, `date_naissance`, `lieu_naissance`, `nationalite`, `situation_matrimoniale`, `piece_type`, `piece_numero`, `piece_image_file`, `piece_image_name`, `adresse`, `boite_postale`, `ville`, `tel_dom`, `telephone`, `email`, `statut_professionnel`, `profession`, `employeur`, `telephone_bureau`, `adresse_employeur`, `email_professionnel`, `secteur_activite`, `assurances_nsia`, `assurances_nsia_details`, `created_at`) VALUES
(1, 'M', 'HELP', 'ME', '2025-10-17', 'DAKAR', 'Sénégal', '', NULL, NULL, NULL, NULL, 'Dakar', NULL, NULL, NULL, '+221 0773700099', 'seneibrahima@gmail.com', 'salarie', 'EERT', NULL, NULL, NULL, 'ibrahimasene4@esp.sn', 'bbzid', 'Non', NULL, '2025-10-31 12:29:37'),
(2, 'M', 'HELP', 'ME', '2025-10-17', 'DAKAR', 'Sénégal', '', NULL, NULL, NULL, NULL, 'Dakar', NULL, NULL, NULL, '+221 0773700099', 'seneibrahima@gmail.com', 'salarie', 'EERT', NULL, NULL, NULL, 'ibrahimasene4@esp.sn', 'bbzid', 'Non', NULL, '2025-10-31 12:29:41'),
(3, 'M', 'HELP', 'ME', '2025-10-17', 'DAKAR', 'Sénégal', '', NULL, NULL, NULL, NULL, 'Dakar', NULL, NULL, NULL, '+221 0773700099', 'seneibrahima@gmail.com', 'salarie', 'EERT', NULL, NULL, NULL, 'ibrahimasene4@esp.sn', 'bbzid', 'Non', NULL, '2025-10-31 12:29:48'),
(4, 'M', 'HELP', 'ME', '2025-10-17', 'DAKAR', 'Sénégal', '', NULL, NULL, NULL, NULL, 'Dakar', NULL, NULL, NULL, '+221 0773700099', 'seneibrahima@gmail.com', 'salarie', 'EERT', NULL, NULL, NULL, 'ibrahimasene4@esp.sn', 'bbzid', 'Non', NULL, '2025-10-31 12:31:42'),
(5, 'M', 'HELP', 'ME', '2025-10-17', 'DAKAR', 'Sénégal', '', NULL, NULL, NULL, NULL, 'Dakar', NULL, NULL, NULL, '+221 0773700099', 'seneibrahima@gmail.com', 'salarie', 'EERT', NULL, NULL, NULL, 'ibrahimasene4@esp.sn', 'bbzid', 'Non', NULL, '2025-10-31 12:42:38'),
(6, 'M', 'dwdw', 'scss', '2007-11-30', NULL, NULL, 'Veuf(ve)', 'Passport', NULL, NULL, NULL, 'dsd', NULL, NULL, NULL, '773700079', 'destromania8@gmail.com', 'retraite', NULL, NULL, NULL, NULL, NULL, NULL, 'Non', NULL, '2025-11-30 18:23:25'),
(7, 'Mme', 'HELP', 'TEST', '2007-11-30', NULL, NULL, 'Veuf(ve)', 'Passport', NULL, NULL, NULL, NULL, NULL, NULL, NULL, '773700099', NULL, 'retraite', NULL, NULL, NULL, NULL, NULL, NULL, 'Non', NULL, '2025-11-30 18:40:26'),
(8, 'M', 's', 'Ibrahima', '2007-11-30', NULL, NULL, 'Veuf(ve)', 'CNI', NULL, NULL, NULL, 'Thiaroye Azur/Cite Ousmane Fall villa numéro 70', '17000', 'Dakar', NULL, '773700079', 'sene88ibrahima@gmail.com', 'retraite', NULL, NULL, NULL, NULL, NULL, NULL, 'Non', NULL, '2025-11-30 19:39:38'),
(9, 'Mlle', 's', 'Ibrahima', '2007-11-30', NULL, 'Afrique du Sud', 'Divorcé(e)', 'CNI', NULL, NULL, NULL, 'Thiaroye Azur/Cite Ousmane Fall villa numéro 70', '17000', 'Dakar', NULL, '773700079', 'sene88ibrahima@gmail.com', 'retraite', NULL, NULL, NULL, NULL, NULL, NULL, 'Non', NULL, '2025-12-01 09:38:12'),
(10, 'M', 's', 'Ibrahima', '2007-11-30', NULL, 'Afrique du Sud', 'Marié(e)', 'Passport', NULL, NULL, NULL, 'Thiaroye Azur/Cite Ousmane Fall villa numéro 70', '17000', 'Dakar', NULL, '773700079', 'sene88ibrahima@gmail.com', 'sans_activite', NULL, NULL, NULL, NULL, NULL, NULL, 'Non', NULL, '2025-12-01 09:41:26'),
(11, 'Mlle', 'HELP', 'ME', '2007-12-01', NULL, NULL, 'Marié(e)', 'Passport', NULL, NULL, NULL, NULL, NULL, NULL, NULL, '773700099', NULL, 'sans_activite', NULL, NULL, NULL, NULL, NULL, NULL, 'Non', NULL, '2025-12-01 09:44:29'),
(12, 'M', 'HELP', 'ME', '2007-12-01', NULL, NULL, 'Célibataire', 'Passport', NULL, NULL, NULL, NULL, NULL, NULL, NULL, '+221773700099', NULL, 'retraite', NULL, NULL, NULL, NULL, NULL, NULL, 'Non', NULL, '2025-12-01 09:50:22');

-- --------------------------------------------------------

--
-- Structure de la table `beneficiaires`
--

CREATE TABLE `beneficiaires` (
  `id` bigint UNSIGNED NOT NULL,
  `souscription_id` bigint UNSIGNED NOT NULL,
  `categorie` enum('TERME','DECES') NOT NULL,
  `nom` varchar(120) NOT NULL,
  `date_naissance` date DEFAULT NULL,
  `taux` decimal(5,2) DEFAULT NULL,
  `ordre` smallint DEFAULT NULL
) ENGINE=InnoDB DEFAULT CHARSET=utf8mb4 COLLATE=utf8mb4_0900_ai_ci;

--
-- Déchargement des données de la table `beneficiaires`
--

INSERT INTO `beneficiaires` (`id`, `souscription_id`, `categorie`, `nom`, `date_naissance`, `taux`, `ordre`) VALUES
(1, 7, 'TERME', 'Abdou Diop', '2004-02-12', 100.00, 1),
(2, 7, 'DECES', 'Ibrahima sene', '2003-12-05', 50.00, 1),
(3, 7, 'DECES', 'amadou sall', '2005-07-06', 50.00, 2),
(4, 35, 'DECES', 'FSFSFS', NULL, NULL, 0),
(5, 36, 'DECES', 'FEZFEZF', NULL, NULL, 0),
(6, 37, 'DECES', 'GDSGDSGD', NULL, NULL, 0),
(7, 38, 'DECES', 'FSQFSQFSQ', NULL, NULL, 0),
(8, 39, 'TERME', 'FSQQEZGZEGZE', NULL, NULL, 0),
(9, 39, 'DECES', 'GEZGEZGEZGEZGEZ', NULL, NULL, 0),
(10, 40, 'TERME', 'GDSGDSGSDGDS', NULL, NULL, 0),
(11, 40, 'DECES', 'GDSGSDGSDGSDDSG', NULL, NULL, 0),
(12, 41, 'TERME', 'DESTRO', NULL, NULL, 0),
(13, 41, 'DECES', 'DESTRO', NULL, NULL, 0),
(14, 42, 'TERME', 'DESTRO', NULL, NULL, 0),
(15, 42, 'DECES', 'MANIA', NULL, NULL, 0),
(16, 43, 'TERME', 'DESTR', NULL, NULL, 0),
(17, 43, 'DECES', 'SERT', NULL, NULL, 0),
(18, 57, 'DECES', 'Ibrahima Sene', '2003-09-27', 100.00, 1),
(19, 58, 'DECES', 'Ibrahima Sene', '2003-09-27', 100.00, 1),
(20, 59, 'DECES', 'Ibrahima Sene', '2003-09-27', NULL, 1),
(21, 60, 'DECES', 'Ibrahima Sene', '2003-09-27', NULL, 1),
(22, 77, 'TERME', 'Destro', NULL, NULL, 0),
(23, 77, 'DECES', 'Ibrahima sene', '2003-09-27', NULL, 1),
(24, 78, 'TERME', 'Destrooo', NULL, NULL, 0),
(25, 79, 'TERME', 'TEST', NULL, NULL, 0),
(26, 79, 'DECES', 'DEST', NULL, NULL, 0),
(27, 80, 'TERME', 'dest', NULL, NULL, 0),
(28, 80, 'DECES', 'TEST', NULL, NULL, 0),
(29, 82, 'TERME', 'TEST', NULL, NULL, 0),
(30, 82, 'DECES', 'gret', NULL, NULL, 0),
(31, 83, 'TERME', 'Dest', NULL, NULL, 0),
(32, 83, 'DECES', 'destrooo', NULL, NULL, 0),
(33, 84, 'TERME', 'dest', NULL, NULL, 0),
(34, 84, 'DECES', 'test', NULL, NULL, 0),
(35, 86, 'TERME', 'DEST', NULL, NULL, 0),
(36, 88, 'TERME', 'GGG', NULL, NULL, 1),
(37, 134, 'DECES', 'DES MANIA IS THE GOAT', '2025-12-01', NULL, 1),
(38, 135, 'DECES', 'Ibrahima sene', '2003-09-27', NULL, 1),
(39, 136, 'DECES', 'admin admin', '2003-09-27', NULL, 1),
(40, 136, 'DECES', 'admin admin', NULL, NULL, 2),
(41, 136, 'DECES', 'admin admin', NULL, NULL, 3),
(42, 137, 'DECES', 'admin admin', '2003-09-27', NULL, 1),
(43, 137, 'DECES', 'admin admin', NULL, NULL, 2),
(44, 137, 'DECES', 'admin admin', NULL, NULL, 3),
(45, 138, 'TERME', 'FGHHNHN', NULL, NULL, 0),
(46, 138, 'DECES', 'Ibrahima sene', '2003-09-27', NULL, 1),
(47, 139, 'DECES', 'Ibrahima sene', '2003-09-27', NULL, 1),
(48, 140, 'DECES', 'DES MANIA IS THE GOAT', '2025-12-01', NULL, 1);

-- --------------------------------------------------------

--
-- Structure de la table `cima_h`
--

CREATE TABLE `cima_h` (
  `Age` tinyint UNSIGNED NOT NULL,
  `Lx (CIMA H)` int UNSIGNED NOT NULL,
  `qx (CIMA H)` decimal(8,6) NOT NULL,
  `dx (CIMA H)` int UNSIGNED NOT NULL,
  `Dx` bigint UNSIGNED NOT NULL,
  `Nx` bigint UNSIGNED NOT NULL,
  `Sx` bigint UNSIGNED NOT NULL,
  `Cx` bigint UNSIGNED NOT NULL,
  `Mx` bigint UNSIGNED NOT NULL,
  `Rx` bigint UNSIGNED NOT NULL
) ENGINE=MyISAM DEFAULT CHARSET=utf8mb3;

--
-- Déchargement des données de la table `cima_h`
--

INSERT INTO `cima_h` (`Age`, `Lx (CIMA H)`, `qx (CIMA H)`, `dx (CIMA H)`, `Dx`, `Nx`, `Sx`, `Cx`, `Mx`, `Rx`) VALUES
(0, 1000000, 0.005400, 5368, 1000000, 26565816, 615047484, 5186, 101639, 5767109),
(1, 994632, 0.000700, 726, 960997, 25565816, 588481668, 678, 96453, 5665470),
(2, 993906, 0.000600, 555, 927822, 24604819, 562915852, 501, 95775, 5569017),
(3, 993351, 0.000500, 473, 895946, 23676997, 538311033, 412, 95274, 5473242),
(4, 992878, 0.000400, 404, 865236, 22781051, 514634036, 340, 94862, 5377968),
(5, 992474, 0.000400, 369, 835636, 21915816, 491852985, 300, 94522, 5283106),
(6, 992105, 0.000300, 332, 807078, 21080179, 469937169, 261, 94222, 5188584),
(7, 991773, 0.000300, 313, 779525, 20273101, 448856990, 238, 93961, 5094362),
(8, 991460, 0.000300, 313, 752926, 19493576, 428583889, 230, 93723, 5000401),
(9, 991147, 0.000300, 294, 727235, 18740650, 409090313, 208, 93493, 4906678),
(10, 990853, 0.000300, 312, 702434, 18013415, 390349663, 214, 93285, 4813185),
(11, 990541, 0.000300, 313, 678467, 17310981, 372336248, 207, 93071, 4719900),
(12, 990228, 0.000400, 368, 655316, 16632514, 355025267, 235, 92864, 4626828),
(13, 989860, 0.000400, 438, 632921, 15977197, 338392753, 271, 92629, 4533964),
(14, 989422, 0.000500, 538, 611247, 15344277, 322415556, 321, 92358, 4441335),
(15, 988884, 0.000700, 708, 590256, 14733030, 307071279, 408, 92037, 4348977),
(16, 988176, 0.000900, 897, 569887, 14142774, 292338249, 500, 91629, 4256940),
(17, 987279, 0.001100, 1113, 550116, 13572887, 278195474, 599, 91129, 4165311),
(18, 986166, 0.001300, 1318, 530913, 13022772, 264622587, 686, 90530, 4074182),
(19, 984848, 0.001500, 1466, 512274, 12491858, 251599815, 737, 89844, 3983652),
(20, 983382, 0.001600, 1552, 494214, 11979584, 239107957, 754, 89108, 3893808),
(21, 981830, 0.001600, 1603, 476748, 11485370, 227128373, 752, 88354, 3804700),
(22, 980227, 0.001700, 1631, 459874, 11008622, 215643003, 739, 87602, 3716346),
(23, 978596, 0.001700, 1653, 443584, 10548748, 204634381, 724, 86863, 3628744),
(24, 976943, 0.001700, 1681, 427859, 10105164, 194085633, 711, 86139, 3541882),
(25, 975262, 0.001800, 1710, 412679, 9677305, 183980469, 699, 85427, 3455743),
(26, 973552, 0.001800, 1752, 398025, 9264626, 174303164, 692, 84728, 3370316),
(27, 971800, 0.001800, 1796, 383873, 8866601, 165038538, 685, 84036, 3285588),
(28, 970004, 0.001900, 1838, 370206, 8482728, 156171937, 678, 83351, 3201552),
(29, 968166, 0.001900, 1885, 357009, 8112522, 147689209, 672, 82673, 3118201),
(30, 966281, 0.002000, 1927, 344265, 7755513, 139576687, 663, 82001, 3035528),
(31, 964354, 0.002000, 1964, 331960, 7411247, 131821174, 653, 81338, 2953527),
(32, 962390, 0.002100, 2028, 320081, 7079288, 124409927, 652, 80685, 2872189),
(33, 960362, 0.002200, 2118, 308605, 6759207, 117330639, 658, 80033, 2791504),
(34, 958244, 0.002300, 2244, 297512, 6450601, 110571433, 673, 79376, 2711471),
(35, 956000, 0.002477, 2368, 286778, 6153089, 104120831, 686, 78702, 2632095),
(36, 953632, 0.002600, 2516, 276394, 5866312, 97967742, 705, 78016, 2553393),
(37, 951116, 0.002808, 2671, 266343, 5589918, 92101430, 723, 77312, 2475377),
(38, 948445, 0.003000, 2849, 256613, 5323575, 86511512, 745, 76589, 2398065),
(39, 945596, 0.003200, 3057, 247191, 5066962, 81187937, 772, 75844, 2321476),
(40, 942539, 0.003500, 3296, 238059, 4819772, 76120975, 804, 75072, 2245632),
(41, 939243, 0.003800, 3584, 229205, 4581712, 71301204, 845, 74268, 2170560),
(42, 935659, 0.004100, 3877, 220609, 4352507, 66719491, 883, 73423, 2096293),
(43, 931782, 0.004500, 4194, 212265, 4131899, 62366984, 923, 72539, 2022870),
(44, 927588, 0.004900, 4523, 204164, 3919633, 58235086, 962, 71616, 1950331),
(45, 923065, 0.005300, 4866, 196298, 3715469, 54315453, 1000, 70654, 1878714),
(46, 918199, 0.005700, 5200, 188660, 3519171, 50599984, 1032, 69655, 1808060),
(47, 912999, 0.006000, 5515, 181248, 3330510, 47080813, 1058, 68622, 1738405),
(48, 907484, 0.006400, 5815, 174061, 3149262, 43750303, 1078, 67565, 1669783),
(49, 901669, 0.006800, 6108, 167098, 2975201, 40601041, 1094, 66487, 1602219),
(50, 895561, 0.007100, 6395, 160353, 2808103, 37625841, 1106, 65393, 1535732),
(51, 889166, 0.007500, 6704, 153824, 2647750, 34817738, 1121, 64287, 1470338),
(52, 882462, 0.008000, 7027, 147502, 2493926, 32169988, 1135, 63166, 1406052),
(53, 875435, 0.008400, 7359, 141379, 2346424, 29676062, 1148, 62031, 1342885),
(54, 868076, 0.008900, 7711, 135450, 2205044, 27329639, 1162, 60883, 1280854),
(55, 860365, 0.009400, 8066, 129707, 2069594, 25124594, 1175, 59721, 1219970),
(56, 852299, 0.009900, 8425, 124146, 1939887, 23055000, 1186, 58546, 1160250),
(57, 843874, 0.010600, 8941, 118762, 1815742, 21115112, 1216, 57360, 1101704),
(58, 834933, 0.011400, 9531, 113530, 1696979, 19299371, 1252, 56144, 1044344),
(59, 825402, 0.012500, 10282, 108439, 1583449, 17602391, 1305, 54892, 988199),
(60, 815120, 0.013500, 11026, 103467, 1475010, 16018942, 1352, 53587, 933307),
(61, 804094, 0.014800, 11913, 98616, 1371544, 14543932, 1412, 52235, 879720),
(62, 792181, 0.016100, 12791, 93869, 1272928, 13172388, 1464, 50823, 827485),
(63, 779390, 0.017500, 13653, 89230, 1179059, 11899460, 1510, 49359, 776662),
(64, 765737, 0.019100, 14647, 84703, 1089829, 10720401, 1565, 47849, 727303),
(65, 751090, 0.020800, 15611, 80273, 1005126, 9630572, 1612, 46283, 679454),
(66, 735479, 0.022500, 16578, 75946, 924853, 8625446, 1654, 44671, 633171),
(67, 718901, 0.024200, 17371, 71724, 848907, 7700593, 1674, 43017, 588500),
(68, 701530, 0.025900, 18178, 67624, 777182, 6851686, 1693, 41343, 545483),
(69, 683352, 0.027800, 18989, 63644, 709558, 6074504, 1709, 39650, 504140),
(70, 664363, 0.029800, 19812, 59783, 645914, 5364946, 1723, 37941, 464490),
(71, 644551, 0.032000, 20634, 56039, 586130, 4719032, 1733, 36218, 426550),
(72, 623917, 0.034300, 21427, 52411, 530091, 4132902, 1739, 34485, 390331),
(73, 602490, 0.036800, 22187, 48899, 477680, 3602811, 1740, 32746, 355846),
(74, 580303, 0.039500, 22921, 45506, 428781, 3125131, 1737, 31006, 323100),
(75, 557382, 0.042400, 23642, 42231, 383275, 2696350, 1731, 29270, 292094),
(76, 533740, 0.045600, 24351, 39072, 341044, 2313075, 1722, 27539, 262824),
(77, 509389, 0.049100, 25022, 36028, 301972, 1972031, 1710, 25817, 235285),
(78, 484367, 0.053000, 25672, 33100, 265944, 1670059, 1695, 24107, 209469),
(79, 458695, 0.057400, 26347, 30286, 232844, 1404115, 1681, 22412, 185362),
(80, 432348, 0.062600, 27049, 27581, 202559, 1171271, 1667, 20731, 162950),
(81, 405299, 0.068400, 27722, 24981, 174978, 968712, 1651, 19064, 142219),
(82, 377577, 0.074800, 28260, 22485, 149997, 793734, 1626, 17413, 123156),
(83, 349317, 0.081700, 28556, 20099, 127512, 643737, 1587, 15787, 105743),
(84, 320761, 0.089000, 28543, 17832, 107413, 516225, 1533, 14199, 89956),
(85, 292218, 0.096700, 28248, 15696, 89581, 408812, 1466, 12666, 75757),
(86, 263970, 0.104900, 27685, 13699, 73886, 319231, 1388, 11200, 63090),
(87, 236285, 0.113600, 26840, 11847, 60187, 245346, 1300, 9812, 51890),
(88, 209445, 0.122800, 25718, 10147, 48339, 185159, 1204, 8512, 42078),
(89, 183727, 0.132400, 24318, 8600, 38193, 136819, 1100, 7308, 33566),
(90, 159409, 0.142300, 22676, 7209, 29593, 98627, 991, 6208, 26258),
(91, 136733, 0.160600, 21960, 5974, 22384, 69033, 927, 5218, 20050),
(92, 114773, 0.191200, 21943, 4845, 16410, 46649, 895, 4290, 14832),
(93, 92830, 0.226800, 21051, 3786, 11564, 30240, 830, 3395, 10542),
(94, 71779, 0.267800, 19222, 2829, 7778, 18676, 732, 2566, 7146),
(95, 52557, 0.314600, 16535, 2001, 4949, 10898, 608, 1834, 4580),
(96, 36022, 0.367400, 13233, 1325, 2948, 5949, 470, 1226, 2746),
(97, 22789, 0.425900, 9706, 810, 1622, 3002, 333, 755, 1521),
(98, 13083, 0.489600, 6405, 449, 812, 1379, 213, 422, 766),
(99, 6678, 0.557500, 3723, 222, 363, 567, 119, 209, 344),
(100, 2955, 0.627700, 1855, 95, 141, 204, 57, 90, 135),
(101, 1100, 0.698200, 768, 34, 47, 62, 23, 32, 45),
(102, 332, 0.765100, 254, 10, 13, 16, 7, 10, 12),
(103, 78, 0.833300, 65, 2, 3, 3, 2, 2, 3),
(104, 13, 0.846200, 11, 0, 0, 0, 0, 0, 0),
(105, 2, 1.000000, 2, 0, 0, 0, 0, 0, 0),
(106, 0, 1.000000, 0, 0, 0, 0, 0, 0, 0),
(107, 0, 1.000000, 0, 0, 0, 0, 0, 0, 0),
(108, 0, 1.000000, 0, 0, 0, 0, 0, 0, 0),
(109, 0, 1.000000, 0, 0, 0, 0, 0, 0, 0),
(110, 0, 1.000000, 0, 0, 0, 0, 0, 0, 0);

-- --------------------------------------------------------

--
-- Structure de la table `contrats`
--

CREATE TABLE `contrats` (
  `id` int NOT NULL,
  `id_commercial` int NOT NULL,
  `souscription_id` bigint UNSIGNED DEFAULT NULL COMMENT 'Lien vers souscription originale',
  `client_nom` varchar(150) COLLATE utf8mb4_unicode_ci NOT NULL,
  `produit` varchar(100) COLLATE utf8mb4_unicode_ci NOT NULL,
  `prime_annuelle` decimal(15,2) NOT NULL DEFAULT '0.00',
  `commission` decimal(15,2) NOT NULL DEFAULT '0.00',
  `date_signature` date NOT NULL,
  `statut` varchar(50) COLLATE utf8mb4_unicode_ci DEFAULT 'Signé',
  `created_at` timestamp NULL DEFAULT CURRENT_TIMESTAMP
) ENGINE=InnoDB DEFAULT CHARSET=utf8mb4 COLLATE=utf8mb4_unicode_ci;

-- --------------------------------------------------------

--
-- Structure de la table `declarations`
--

CREATE TABLE `declarations` (
  `id` bigint UNSIGNED NOT NULL,
  `souscription_id` bigint UNSIGNED NOT NULL,
  `taille_cm` int DEFAULT NULL,
  `poids_kg` decimal(5,2) DEFAULT NULL,
  `tension_mmhg` varchar(20) DEFAULT NULL,
  `q4_fumeur` enum('Oui','Non') DEFAULT NULL,
  `q5_sport` enum('Oui','Non') DEFAULT NULL,
  `q5_sport_lequel` varchar(120) DEFAULT NULL,
  `q5_sport_titre` enum('Amateur','Professionnel') DEFAULT NULL,
  `meta_lieu` varchar(100) DEFAULT NULL,
  `meta_date` date DEFAULT NULL
) ENGINE=InnoDB DEFAULT CHARSET=utf8mb4 COLLATE=utf8mb4_0900_ai_ci;

--
-- Déchargement des données de la table `declarations`
--

INSERT INTO `declarations` (`id`, `souscription_id`, `taille_cm`, `poids_kg`, `tension_mmhg`, `q4_fumeur`, `q5_sport`, `q5_sport_lequel`, `q5_sport_titre`, `meta_lieu`, `meta_date`) VALUES
(1, 7, 4, 0.30, '12/8', 'Non', 'Non', NULL, NULL, 'DAKAR', '2025-10-31'),
(2, 32, 3, 0.50, '12/8', 'Non', 'Non', NULL, NULL, 'DAKAR', '2025-11-06'),
(3, 33, 4, 0.40, '12/8', 'Non', 'Non', NULL, NULL, 'DAKAR', '2025-11-06'),
(4, 34, 4, 0.70, '12/8', 'Non', 'Non', NULL, NULL, 'DAKAR', '2025-11-07'),
(5, 35, 2, 0.20, '12/8', 'Non', 'Non', NULL, NULL, 'DAKAR', '2025-11-07'),
(6, 36, 1, 0.30, '12/8', 'Non', 'Non', NULL, NULL, 'DAKAR', '2025-11-07'),
(7, 37, 3, 0.40, '12/8', 'Non', 'Non', NULL, NULL, 'DAKAR', '2025-11-07'),
(8, 38, 3, 0.30, '12/8', 'Non', 'Non', NULL, NULL, 'DAKAR', '2025-11-07'),
(9, 39, 3, 0.30, '12/8', 'Non', 'Non', NULL, NULL, 'DAKAR', '2025-11-07'),
(10, 40, 3, 0.40, '12/8', 'Non', 'Non', NULL, NULL, 'DAKAR', '2025-11-07'),
(11, 41, 2, 0.30, '12/8', 'Non', 'Non', NULL, NULL, 'DAKAR', '2025-11-07'),
(12, 42, 3, 0.10, '12/8', 'Non', 'Non', NULL, NULL, 'DAKAR', '2025-11-07'),
(13, 43, 3, 0.60, '12/8', 'Non', 'Non', NULL, NULL, 'DAKAR', '2025-11-07'),
(14, 71, 1, 0.20, '12/8', 'Non', 'Non', NULL, NULL, 'DAKAR', '2025-11-24'),
(15, 74, 5, 0.40, '12/8', 'Oui', 'Non', NULL, NULL, 'DAKAR', '2025-11-24'),
(16, 77, 3, 0.40, '12/8', 'Non', 'Non', NULL, NULL, 'DAKAR', '2025-11-25'),
(17, 78, 2, 0.20, '12/8', 'Non', 'Non', NULL, NULL, 'DAKAR', '2025-11-25'),
(18, 79, 2, 0.30, '12/8', 'Non', 'Non', NULL, NULL, 'DAKAR', '2025-11-25'),
(19, 80, 3, 0.20, '12/8', 'Non', 'Non', NULL, NULL, 'DAKAR', '2025-11-25'),
(20, 81, 4, 0.30, '12/8', 'Non', 'Non', NULL, NULL, 'DAKAR', '2025-11-25'),
(21, 82, 3, 0.30, '12/8', 'Non', 'Non', NULL, NULL, 'DAKAR', '2025-11-25'),
(22, 83, 1, 0.10, '12/8', 'Non', 'Non', NULL, NULL, 'DAKAR', '2025-11-25'),
(23, 84, 6, 0.20, '12/8', 'Non', 'Non', NULL, NULL, 'DAKAR', '2025-11-25'),
(24, 85, 1, 0.10, '12/8', 'Non', 'Non', NULL, NULL, 'DAKAR', '2025-11-25'),
(25, 86, 4, 0.40, '12/8', 'Non', 'Non', NULL, NULL, 'DAKAR', '2025-11-25'),
(26, 87, 4, 1.40, '12/8', 'Non', 'Non', NULL, NULL, 'DAKAR', '2025-11-25'),
(27, 88, 3, 0.40, '12/8', 'Non', 'Non', NULL, NULL, 'DAKAR', '2025-11-25'),
(28, 89, 3, 0.40, '12/8', 'Non', 'Non', NULL, NULL, 'DAKAR', '2025-11-25'),
(29, 90, 5, 0.60, '12/8', 'Non', 'Non', NULL, NULL, 'DAKAR', '2025-11-25'),
(30, 92, 2, 0.20, '12/8', 'Non', 'Non', NULL, NULL, 'DAKAR', '2025-11-26'),
(31, 104, NULL, NULL, NULL, NULL, NULL, NULL, NULL, NULL, NULL),
(32, 116, NULL, NULL, NULL, NULL, NULL, NULL, NULL, NULL, NULL),
(33, 117, NULL, NULL, NULL, NULL, NULL, NULL, NULL, NULL, NULL),
(34, 118, NULL, NULL, NULL, NULL, NULL, NULL, NULL, NULL, NULL),
(35, 119, NULL, NULL, NULL, NULL, NULL, NULL, NULL, NULL, NULL),
(36, 120, NULL, NULL, NULL, NULL, NULL, NULL, NULL, NULL, NULL),
(37, 121, NULL, NULL, NULL, NULL, NULL, NULL, NULL, NULL, NULL),
(38, 122, NULL, NULL, NULL, NULL, NULL, NULL, NULL, NULL, NULL),
(39, 123, NULL, NULL, NULL, NULL, NULL, NULL, NULL, NULL, NULL),
(40, 124, NULL, NULL, NULL, NULL, NULL, NULL, NULL, NULL, NULL),
(41, 125, NULL, NULL, NULL, NULL, NULL, NULL, NULL, NULL, NULL),
(42, 126, NULL, NULL, NULL, NULL, NULL, NULL, NULL, NULL, NULL),
(43, 131, 3, 0.30, '12/8', 'Non', 'Non', NULL, NULL, 'DAKAR', '2025-11-30'),
(44, 133, NULL, NULL, NULL, NULL, NULL, NULL, NULL, NULL, NULL),
(45, 134, NULL, NULL, NULL, NULL, NULL, NULL, NULL, NULL, NULL),
(46, 138, 2, 0.30, '12/8', 'Non', 'Non', NULL, NULL, 'DAKAR', '2025-12-01'),
(47, 140, NULL, NULL, NULL, NULL, NULL, NULL, NULL, NULL, NULL);

-- --------------------------------------------------------

--
-- Structure de la table `declaration_questions`
--

CREATE TABLE `declaration_questions` (
  `id` bigint UNSIGNED NOT NULL,
  `declaration_id` bigint UNSIGNED NOT NULL,
  `numero` smallint NOT NULL,
  `yn` enum('Oui','Non') DEFAULT NULL,
  `preciser` varchar(255) DEFAULT NULL,
  `date_periode` varchar(50) DEFAULT NULL,
  `lieu` varchar(120) DEFAULT NULL
) ENGINE=InnoDB DEFAULT CHARSET=utf8mb4 COLLATE=utf8mb4_0900_ai_ci;

--
-- Déchargement des données de la table `declaration_questions`
--

INSERT INTO `declaration_questions` (`id`, `declaration_id`, `numero`, `yn`, `preciser`, `date_periode`, `lieu`) VALUES
(1, 1, 6, 'Non', NULL, NULL, NULL),
(2, 1, 7, 'Non', NULL, NULL, NULL),
(3, 1, 8, 'Non', NULL, NULL, NULL),
(4, 1, 9, 'Non', NULL, NULL, NULL),
(5, 1, 10, 'Non', NULL, NULL, NULL),
(6, 1, 11, 'Non', NULL, NULL, NULL),
(7, 1, 12, 'Non', NULL, NULL, NULL),
(8, 1, 13, 'Non', NULL, NULL, NULL),
(9, 1, 14, 'Non', NULL, NULL, NULL),
(10, 1, 15, 'Non', NULL, NULL, NULL),
(11, 1, 16, 'Non', NULL, NULL, NULL),
(12, 1, 17, 'Non', NULL, NULL, NULL),
(13, 1, 18, 'Non', NULL, NULL, NULL),
(14, 1, 19, 'Non', NULL, NULL, NULL),
(15, 1, 20, 'Non', NULL, NULL, NULL),
(16, 2, 6, 'Non', NULL, NULL, NULL),
(17, 2, 7, 'Non', NULL, NULL, NULL),
(18, 2, 8, 'Non', NULL, NULL, NULL),
(19, 2, 9, 'Non', NULL, NULL, NULL),
(20, 2, 10, 'Non', NULL, NULL, NULL),
(21, 2, 11, 'Non', NULL, NULL, NULL),
(22, 2, 12, 'Non', NULL, NULL, NULL),
(23, 2, 13, 'Non', NULL, NULL, NULL),
(24, 2, 14, 'Non', NULL, NULL, NULL),
(25, 2, 15, 'Non', NULL, NULL, NULL),
(26, 2, 16, 'Non', NULL, NULL, NULL),
(27, 2, 17, 'Non', NULL, NULL, NULL),
(28, 2, 18, 'Non', NULL, NULL, NULL),
(29, 2, 19, 'Non', NULL, NULL, NULL),
(30, 2, 20, 'Non', NULL, NULL, NULL),
(31, 3, 6, 'Non', NULL, NULL, NULL),
(32, 3, 7, 'Non', NULL, NULL, NULL),
(33, 3, 8, 'Non', NULL, NULL, NULL),
(34, 3, 9, 'Non', NULL, NULL, NULL),
(35, 3, 10, 'Non', NULL, NULL, NULL),
(36, 3, 11, 'Non', NULL, NULL, NULL),
(37, 3, 12, 'Non', NULL, NULL, NULL),
(38, 3, 13, 'Non', NULL, NULL, NULL),
(39, 3, 14, 'Non', NULL, NULL, NULL),
(40, 3, 15, 'Non', NULL, NULL, NULL),
(41, 3, 16, 'Non', NULL, NULL, NULL),
(42, 3, 17, 'Non', NULL, NULL, NULL),
(43, 3, 18, 'Non', NULL, NULL, NULL),
(44, 3, 19, 'Non', NULL, NULL, NULL),
(45, 3, 20, 'Non', NULL, NULL, NULL),
(46, 4, 6, 'Non', NULL, NULL, NULL),
(47, 4, 7, 'Non', NULL, NULL, NULL),
(48, 4, 8, 'Non', NULL, NULL, NULL),
(49, 4, 9, 'Non', NULL, NULL, NULL),
(50, 4, 10, 'Non', NULL, NULL, NULL),
(51, 4, 11, 'Non', NULL, NULL, NULL),
(52, 4, 12, 'Non', NULL, NULL, NULL),
(53, 4, 13, 'Non', NULL, NULL, NULL),
(54, 4, 14, 'Non', NULL, NULL, NULL),
(55, 4, 15, 'Non', NULL, NULL, NULL),
(56, 4, 16, 'Non', NULL, NULL, NULL),
(57, 4, 17, 'Non', NULL, NULL, NULL),
(58, 4, 18, 'Non', NULL, NULL, NULL),
(59, 4, 19, 'Non', NULL, NULL, NULL),
(60, 4, 20, 'Non', NULL, NULL, NULL),
(61, 5, 6, 'Non', NULL, NULL, NULL),
(62, 5, 7, 'Non', NULL, NULL, NULL),
(63, 5, 8, 'Non', NULL, NULL, NULL),
(64, 5, 9, 'Non', NULL, NULL, NULL),
(65, 5, 10, 'Non', NULL, NULL, NULL),
(66, 5, 11, 'Non', NULL, NULL, NULL),
(67, 5, 12, 'Non', NULL, NULL, NULL),
(68, 5, 13, 'Non', NULL, NULL, NULL),
(69, 5, 14, 'Non', NULL, NULL, NULL),
(70, 5, 15, 'Non', NULL, NULL, NULL),
(71, 5, 16, 'Non', NULL, NULL, NULL),
(72, 5, 17, 'Non', NULL, NULL, NULL),
(73, 5, 18, 'Non', NULL, NULL, NULL),
(74, 5, 19, 'Non', NULL, NULL, NULL),
(75, 5, 20, 'Non', NULL, NULL, NULL),
(76, 6, 6, 'Non', NULL, NULL, NULL),
(77, 6, 7, 'Non', NULL, NULL, NULL),
(78, 6, 8, 'Non', NULL, NULL, NULL),
(79, 6, 9, 'Non', NULL, NULL, NULL),
(80, 6, 10, 'Non', NULL, NULL, NULL),
(81, 6, 11, 'Non', NULL, NULL, NULL),
(82, 6, 12, 'Non', NULL, NULL, NULL),
(83, 6, 13, 'Non', NULL, NULL, NULL),
(84, 6, 14, 'Non', NULL, NULL, NULL),
(85, 6, 15, 'Non', NULL, NULL, NULL),
(86, 6, 16, 'Non', NULL, NULL, NULL),
(87, 6, 17, 'Non', NULL, NULL, NULL),
(88, 6, 18, 'Non', NULL, NULL, NULL),
(89, 6, 19, 'Non', NULL, NULL, NULL),
(90, 6, 20, 'Non', NULL, NULL, NULL),
(91, 7, 6, 'Non', NULL, NULL, NULL),
(92, 7, 7, 'Non', NULL, NULL, NULL),
(93, 7, 8, 'Non', NULL, NULL, NULL),
(94, 7, 9, 'Non', NULL, NULL, NULL),
(95, 7, 10, 'Non', NULL, NULL, NULL),
(96, 7, 11, 'Non', NULL, NULL, NULL),
(97, 7, 12, 'Non', NULL, NULL, NULL),
(98, 7, 13, 'Non', NULL, NULL, NULL),
(99, 7, 14, 'Non', NULL, NULL, NULL),
(100, 7, 15, 'Non', NULL, NULL, NULL),
(101, 7, 16, 'Non', NULL, NULL, NULL),
(102, 7, 17, 'Non', NULL, NULL, NULL),
(103, 7, 18, 'Non', NULL, NULL, NULL),
(104, 7, 19, 'Non', NULL, NULL, NULL),
(105, 7, 20, 'Non', NULL, NULL, NULL),
(106, 8, 6, 'Non', NULL, NULL, NULL),
(107, 8, 7, 'Non', NULL, NULL, NULL),
(108, 8, 8, 'Non', NULL, NULL, NULL),
(109, 8, 9, 'Non', NULL, NULL, NULL),
(110, 8, 10, 'Non', NULL, NULL, NULL),
(111, 8, 11, 'Non', NULL, NULL, NULL),
(112, 8, 12, 'Non', NULL, NULL, NULL),
(113, 8, 13, 'Non', NULL, NULL, NULL),
(114, 8, 14, 'Non', NULL, NULL, NULL),
(115, 8, 15, 'Non', NULL, NULL, NULL),
(116, 8, 16, 'Non', NULL, NULL, NULL),
(117, 8, 17, 'Non', NULL, NULL, NULL),
(118, 8, 18, 'Non', NULL, NULL, NULL),
(119, 8, 19, 'Non', NULL, NULL, NULL),
(120, 8, 20, 'Non', NULL, NULL, NULL),
(121, 9, 6, 'Non', NULL, NULL, NULL),
(122, 9, 7, 'Non', NULL, NULL, NULL),
(123, 9, 8, 'Non', NULL, NULL, NULL),
(124, 9, 9, 'Non', NULL, NULL, NULL),
(125, 9, 10, 'Non', NULL, NULL, NULL),
(126, 9, 11, 'Non', NULL, NULL, NULL),
(127, 9, 12, 'Non', NULL, NULL, NULL),
(128, 9, 13, 'Non', NULL, NULL, NULL),
(129, 9, 14, 'Non', NULL, NULL, NULL),
(130, 9, 15, 'Non', NULL, NULL, NULL),
(131, 9, 16, 'Non', NULL, NULL, NULL),
(132, 9, 17, 'Non', NULL, NULL, NULL),
(133, 9, 18, 'Non', NULL, NULL, NULL),
(134, 9, 19, 'Non', NULL, NULL, NULL),
(135, 9, 20, 'Non', NULL, NULL, NULL),
(136, 10, 6, 'Non', NULL, NULL, NULL),
(137, 10, 7, 'Non', NULL, NULL, NULL),
(138, 10, 8, 'Non', NULL, NULL, NULL),
(139, 10, 9, 'Non', NULL, NULL, NULL),
(140, 10, 10, 'Non', NULL, NULL, NULL),
(141, 10, 11, 'Non', NULL, NULL, NULL),
(142, 10, 12, 'Non', NULL, NULL, NULL),
(143, 10, 13, 'Non', NULL, NULL, NULL),
(144, 10, 14, 'Non', NULL, NULL, NULL),
(145, 10, 15, 'Non', NULL, NULL, NULL),
(146, 10, 16, 'Non', NULL, NULL, NULL),
(147, 10, 17, 'Non', NULL, NULL, NULL),
(148, 10, 18, 'Non', NULL, NULL, NULL),
(149, 10, 19, 'Non', NULL, NULL, NULL),
(150, 10, 20, 'Non', NULL, NULL, NULL),
(151, 11, 6, 'Non', NULL, NULL, NULL),
(152, 11, 7, 'Non', NULL, NULL, NULL),
(153, 11, 8, 'Non', NULL, NULL, NULL),
(154, 11, 9, 'Non', NULL, NULL, NULL),
(155, 11, 10, 'Non', NULL, NULL, NULL),
(156, 11, 11, 'Non', NULL, NULL, NULL),
(157, 11, 12, 'Non', NULL, NULL, NULL),
(158, 11, 13, 'Non', NULL, NULL, NULL),
(159, 11, 14, 'Non', NULL, NULL, NULL),
(160, 11, 15, 'Non', NULL, NULL, NULL),
(161, 11, 16, 'Non', NULL, NULL, NULL),
(162, 11, 17, 'Non', NULL, NULL, NULL),
(163, 11, 18, 'Non', NULL, NULL, NULL),
(164, 11, 19, 'Non', NULL, NULL, NULL),
(165, 11, 20, 'Non', NULL, NULL, NULL),
(166, 12, 6, 'Non', NULL, NULL, NULL),
(167, 12, 7, 'Non', NULL, NULL, NULL),
(168, 12, 8, 'Non', NULL, NULL, NULL),
(169, 12, 9, 'Non', NULL, NULL, NULL),
(170, 12, 10, 'Non', NULL, NULL, NULL),
(171, 12, 11, 'Non', NULL, NULL, NULL),
(172, 12, 12, 'Non', NULL, NULL, NULL),
(173, 12, 13, 'Non', NULL, NULL, NULL),
(174, 12, 14, 'Non', NULL, NULL, NULL),
(175, 12, 15, 'Non', NULL, NULL, NULL),
(176, 12, 16, 'Non', NULL, NULL, NULL),
(177, 12, 17, 'Non', NULL, NULL, NULL),
(178, 12, 18, 'Non', NULL, NULL, NULL),
(179, 12, 19, 'Non', NULL, NULL, NULL),
(180, 12, 20, 'Non', NULL, NULL, NULL),
(181, 13, 6, 'Non', NULL, NULL, NULL),
(182, 13, 7, 'Non', NULL, NULL, NULL),
(183, 13, 8, 'Non', NULL, NULL, NULL),
(184, 13, 9, 'Non', NULL, NULL, NULL),
(185, 13, 10, 'Non', NULL, NULL, NULL),
(186, 13, 11, 'Non', NULL, NULL, NULL),
(187, 13, 12, 'Non', NULL, NULL, NULL),
(188, 13, 13, 'Non', NULL, NULL, NULL),
(189, 13, 14, 'Non', NULL, NULL, NULL),
(190, 13, 15, 'Non', NULL, NULL, NULL),
(191, 13, 16, 'Non', NULL, NULL, NULL),
(192, 13, 17, 'Non', NULL, NULL, NULL),
(193, 13, 18, 'Non', NULL, NULL, NULL),
(194, 13, 19, 'Non', NULL, NULL, NULL),
(195, 13, 20, 'Non', NULL, NULL, NULL),
(196, 14, 6, 'Non', NULL, NULL, NULL),
(197, 14, 7, 'Non', NULL, NULL, NULL),
(198, 14, 8, 'Non', NULL, NULL, NULL),
(199, 14, 9, 'Non', NULL, NULL, NULL),
(200, 14, 10, 'Non', NULL, NULL, NULL),
(201, 14, 11, 'Non', NULL, NULL, NULL),
(202, 14, 12, 'Non', NULL, NULL, NULL),
(203, 14, 13, 'Non', NULL, NULL, NULL),
(204, 14, 14, 'Non', NULL, NULL, NULL),
(205, 14, 15, 'Non', NULL, NULL, NULL),
(206, 14, 16, 'Non', NULL, NULL, NULL),
(207, 14, 17, 'Non', NULL, NULL, NULL),
(208, 14, 18, 'Non', NULL, NULL, NULL),
(209, 14, 19, 'Non', NULL, NULL, NULL),
(210, 14, 20, 'Non', NULL, NULL, NULL),
(211, 15, 6, 'Non', NULL, NULL, NULL),
(212, 15, 7, 'Non', NULL, NULL, NULL),
(213, 15, 8, 'Non', NULL, NULL, NULL),
(214, 15, 9, 'Non', NULL, NULL, NULL),
(215, 15, 10, 'Non', NULL, NULL, NULL),
(216, 15, 11, 'Non', NULL, NULL, NULL),
(217, 15, 12, 'Non', NULL, NULL, NULL),
(218, 15, 13, 'Non', NULL, NULL, NULL),
(219, 15, 14, 'Non', NULL, NULL, NULL),
(220, 15, 15, 'Non', NULL, NULL, NULL),
(221, 15, 16, 'Non', NULL, NULL, NULL),
(222, 15, 17, 'Non', NULL, NULL, NULL),
(223, 15, 18, 'Non', NULL, NULL, NULL),
(224, 15, 19, 'Non', NULL, NULL, NULL),
(225, 15, 20, 'Non', NULL, NULL, NULL),
(226, 16, 6, 'Non', NULL, NULL, NULL),
(227, 16, 7, 'Non', NULL, NULL, NULL),
(228, 16, 8, 'Non', NULL, NULL, NULL),
(229, 16, 9, 'Non', NULL, NULL, NULL),
(230, 16, 10, 'Non', NULL, NULL, NULL),
(231, 16, 11, 'Non', NULL, NULL, NULL),
(232, 16, 12, 'Non', NULL, NULL, NULL),
(233, 16, 13, 'Non', NULL, NULL, NULL),
(234, 16, 14, 'Non', NULL, NULL, NULL),
(235, 16, 15, 'Non', NULL, NULL, NULL),
(236, 16, 16, 'Non', NULL, NULL, NULL),
(237, 16, 17, 'Non', NULL, NULL, NULL),
(238, 16, 18, 'Non', NULL, NULL, NULL),
(239, 16, 19, 'Oui', 'd', 'd', 'd'),
(240, 16, 20, 'Non', NULL, NULL, NULL),
(241, 17, 6, 'Non', NULL, NULL, NULL),
(242, 17, 7, 'Non', NULL, NULL, NULL),
(243, 17, 8, 'Non', NULL, NULL, NULL),
(244, 17, 9, 'Non', NULL, NULL, NULL),
(245, 17, 10, 'Non', NULL, NULL, NULL),
(246, 17, 11, 'Non', NULL, NULL, NULL),
(247, 17, 12, 'Non', NULL, NULL, NULL),
(248, 17, 13, 'Non', NULL, NULL, NULL),
(249, 17, 14, 'Non', NULL, NULL, NULL),
(250, 17, 15, 'Non', NULL, NULL, NULL),
(251, 17, 16, 'Non', NULL, NULL, NULL),
(252, 17, 17, 'Non', NULL, NULL, NULL),
(253, 17, 18, 'Non', NULL, NULL, NULL),
(254, 17, 19, 'Non', NULL, NULL, NULL),
(255, 17, 20, 'Non', NULL, NULL, NULL),
(256, 18, 6, 'Non', NULL, NULL, NULL),
(257, 18, 7, 'Non', NULL, NULL, NULL),
(258, 18, 8, 'Non', NULL, NULL, NULL),
(259, 18, 9, 'Non', NULL, NULL, NULL),
(260, 18, 10, 'Non', NULL, NULL, NULL),
(261, 18, 11, 'Non', NULL, NULL, NULL),
(262, 18, 12, 'Non', NULL, NULL, NULL),
(263, 18, 13, 'Non', NULL, NULL, NULL),
(264, 18, 14, 'Non', NULL, NULL, NULL),
(265, 18, 15, 'Non', NULL, NULL, NULL),
(266, 18, 16, 'Non', NULL, NULL, NULL),
(267, 18, 17, 'Non', NULL, NULL, NULL),
(268, 18, 18, 'Non', NULL, NULL, NULL),
(269, 18, 19, 'Non', NULL, NULL, NULL),
(270, 18, 20, 'Non', NULL, NULL, NULL),
(271, 19, 6, 'Non', NULL, NULL, NULL),
(272, 19, 7, 'Non', NULL, NULL, NULL),
(273, 19, 8, 'Non', NULL, NULL, NULL),
(274, 19, 9, 'Non', NULL, NULL, NULL),
(275, 19, 10, 'Non', NULL, NULL, NULL),
(276, 19, 11, 'Non', NULL, NULL, NULL),
(277, 19, 12, 'Non', NULL, NULL, NULL),
(278, 19, 13, 'Non', NULL, NULL, NULL),
(279, 19, 14, 'Non', NULL, NULL, NULL),
(280, 19, 15, 'Non', NULL, NULL, NULL),
(281, 19, 16, 'Non', NULL, NULL, NULL),
(282, 19, 17, 'Non', NULL, NULL, NULL),
(283, 19, 18, 'Non', NULL, NULL, NULL),
(284, 19, 19, 'Non', NULL, NULL, NULL),
(285, 19, 20, 'Non', NULL, NULL, NULL),
(286, 20, 6, 'Non', NULL, NULL, NULL),
(287, 20, 7, 'Non', NULL, NULL, NULL),
(288, 20, 8, 'Non', NULL, NULL, NULL),
(289, 20, 9, 'Non', NULL, NULL, NULL),
(290, 20, 10, 'Non', NULL, NULL, NULL),
(291, 20, 11, 'Non', NULL, NULL, NULL),
(292, 20, 12, 'Non', NULL, NULL, NULL),
(293, 20, 13, 'Non', NULL, NULL, NULL),
(294, 20, 14, 'Non', NULL, NULL, NULL),
(295, 20, 15, 'Non', NULL, NULL, NULL),
(296, 20, 16, 'Non', NULL, NULL, NULL),
(297, 20, 17, 'Non', NULL, NULL, NULL),
(298, 20, 18, 'Non', NULL, NULL, NULL),
(299, 20, 19, 'Non', NULL, NULL, NULL),
(300, 20, 20, 'Non', NULL, NULL, NULL),
(301, 21, 6, 'Non', NULL, NULL, NULL),
(302, 21, 7, 'Non', NULL, NULL, NULL),
(303, 21, 8, 'Non', NULL, NULL, NULL),
(304, 21, 9, 'Non', NULL, NULL, NULL),
(305, 21, 10, 'Non', NULL, NULL, NULL),
(306, 21, 11, 'Non', NULL, NULL, NULL),
(307, 21, 12, 'Non', NULL, NULL, NULL),
(308, 21, 13, 'Non', NULL, NULL, NULL),
(309, 21, 14, 'Non', NULL, NULL, NULL),
(310, 21, 15, 'Non', NULL, NULL, NULL),
(311, 21, 16, 'Non', NULL, NULL, NULL),
(312, 21, 17, 'Non', NULL, NULL, NULL),
(313, 21, 18, 'Non', NULL, NULL, NULL),
(314, 21, 19, 'Non', NULL, NULL, NULL),
(315, 21, 20, 'Non', NULL, NULL, NULL),
(316, 22, 6, 'Non', NULL, NULL, NULL),
(317, 22, 7, 'Non', NULL, NULL, NULL),
(318, 22, 8, 'Non', NULL, NULL, NULL),
(319, 22, 9, 'Non', NULL, NULL, NULL),
(320, 22, 10, 'Non', NULL, NULL, NULL),
(321, 22, 11, 'Non', NULL, NULL, NULL),
(322, 22, 12, 'Non', NULL, NULL, NULL),
(323, 22, 13, 'Non', NULL, NULL, NULL),
(324, 22, 14, 'Non', NULL, NULL, NULL),
(325, 22, 15, 'Non', NULL, NULL, NULL),
(326, 22, 16, 'Non', NULL, NULL, NULL),
(327, 22, 17, 'Non', NULL, NULL, NULL),
(328, 22, 18, 'Non', NULL, NULL, NULL),
(329, 22, 19, 'Non', NULL, NULL, NULL),
(330, 22, 20, 'Non', NULL, NULL, NULL),
(331, 23, 6, 'Non', NULL, NULL, NULL),
(332, 23, 7, 'Non', NULL, NULL, NULL),
(333, 23, 8, 'Non', NULL, NULL, NULL),
(334, 23, 9, 'Non', NULL, NULL, NULL),
(335, 23, 10, 'Non', NULL, NULL, NULL),
(336, 23, 11, 'Non', NULL, NULL, NULL),
(337, 23, 12, 'Non', NULL, NULL, NULL),
(338, 23, 13, 'Non', NULL, NULL, NULL),
(339, 23, 14, 'Non', NULL, NULL, NULL),
(340, 23, 15, 'Non', NULL, NULL, NULL),
(341, 23, 16, 'Non', NULL, NULL, NULL),
(342, 23, 17, 'Non', NULL, NULL, NULL),
(343, 23, 18, 'Non', NULL, NULL, NULL),
(344, 23, 19, 'Non', NULL, NULL, NULL),
(345, 23, 20, 'Non', NULL, NULL, NULL),
(346, 24, 6, 'Non', NULL, NULL, NULL),
(347, 24, 7, 'Non', NULL, NULL, NULL),
(348, 24, 8, 'Non', NULL, NULL, NULL),
(349, 24, 9, 'Non', NULL, NULL, NULL),
(350, 24, 10, 'Non', NULL, NULL, NULL),
(351, 24, 11, 'Non', NULL, NULL, NULL),
(352, 24, 12, 'Non', NULL, NULL, NULL),
(353, 24, 13, 'Non', NULL, NULL, NULL),
(354, 24, 14, 'Non', NULL, NULL, NULL),
(355, 24, 15, 'Non', NULL, NULL, NULL),
(356, 24, 16, 'Non', NULL, NULL, NULL),
(357, 24, 17, 'Non', NULL, NULL, NULL),
(358, 24, 18, 'Non', NULL, NULL, NULL),
(359, 24, 19, 'Non', NULL, NULL, NULL),
(360, 24, 20, 'Non', NULL, NULL, NULL),
(361, 25, 6, 'Non', NULL, NULL, NULL),
(362, 25, 7, 'Non', NULL, NULL, NULL),
(363, 25, 8, 'Non', NULL, NULL, NULL),
(364, 25, 9, 'Non', NULL, NULL, NULL),
(365, 25, 10, 'Non', NULL, NULL, NULL),
(366, 25, 11, 'Non', NULL, NULL, NULL),
(367, 25, 12, 'Non', NULL, NULL, NULL),
(368, 25, 13, 'Non', NULL, NULL, NULL),
(369, 25, 14, 'Non', NULL, NULL, NULL),
(370, 25, 15, 'Non', NULL, NULL, NULL),
(371, 25, 16, 'Non', NULL, NULL, NULL),
(372, 25, 17, 'Non', NULL, NULL, NULL),
(373, 25, 18, 'Non', NULL, NULL, NULL),
(374, 25, 19, 'Non', NULL, NULL, NULL),
(375, 25, 20, 'Non', NULL, NULL, NULL),
(376, 26, 6, 'Non', NULL, NULL, NULL),
(377, 26, 7, 'Non', NULL, NULL, NULL),
(378, 26, 8, 'Non', NULL, NULL, NULL),
(379, 26, 9, 'Non', NULL, NULL, NULL),
(380, 26, 10, 'Non', NULL, NULL, NULL),
(381, 26, 11, 'Non', NULL, NULL, NULL),
(382, 26, 12, 'Non', NULL, NULL, NULL),
(383, 26, 13, 'Non', NULL, NULL, NULL),
(384, 26, 14, 'Non', NULL, NULL, NULL),
(385, 26, 15, 'Non', NULL, NULL, NULL),
(386, 26, 16, 'Non', NULL, NULL, NULL),
(387, 26, 17, 'Non', NULL, NULL, NULL),
(388, 26, 18, 'Non', NULL, NULL, NULL),
(389, 26, 19, 'Non', NULL, NULL, NULL),
(390, 26, 20, 'Non', NULL, NULL, NULL),
(391, 27, 6, 'Non', NULL, NULL, NULL),
(392, 27, 7, 'Non', NULL, NULL, NULL),
(393, 27, 8, 'Non', NULL, NULL, NULL),
(394, 27, 9, 'Non', NULL, NULL, NULL),
(395, 27, 10, 'Non', NULL, NULL, NULL),
(396, 27, 11, 'Non', NULL, NULL, NULL),
(397, 27, 12, 'Non', NULL, NULL, NULL),
(398, 27, 13, 'Non', NULL, NULL, NULL),
(399, 27, 14, 'Non', NULL, NULL, NULL),
(400, 27, 15, 'Non', NULL, NULL, NULL),
(401, 27, 16, 'Non', NULL, NULL, NULL),
(402, 27, 17, 'Non', NULL, NULL, NULL),
(403, 27, 18, 'Non', NULL, NULL, NULL),
(404, 27, 19, 'Non', NULL, NULL, NULL),
(405, 27, 20, 'Non', NULL, NULL, NULL),
(406, 28, 6, 'Non', NULL, NULL, NULL),
(407, 28, 7, 'Non', NULL, NULL, NULL),
(408, 28, 8, 'Non', NULL, NULL, NULL),
(409, 28, 9, 'Non', NULL, NULL, NULL),
(410, 28, 10, 'Non', NULL, NULL, NULL),
(411, 28, 11, 'Non', NULL, NULL, NULL),
(412, 28, 12, 'Non', NULL, NULL, NULL),
(413, 28, 13, 'Non', NULL, NULL, NULL),
(414, 28, 14, 'Non', NULL, NULL, NULL),
(415, 28, 15, 'Non', NULL, NULL, NULL),
(416, 28, 16, 'Non', NULL, NULL, NULL),
(417, 28, 17, 'Non', NULL, NULL, NULL),
(418, 28, 18, 'Non', NULL, NULL, NULL),
(419, 28, 19, 'Non', NULL, NULL, NULL),
(420, 28, 20, 'Non', NULL, NULL, NULL),
(421, 29, 6, 'Non', NULL, NULL, NULL),
(422, 29, 7, 'Non', NULL, NULL, NULL),
(423, 29, 8, 'Non', NULL, NULL, NULL),
(424, 29, 9, 'Non', NULL, NULL, NULL),
(425, 29, 10, 'Non', NULL, NULL, NULL),
(426, 29, 11, 'Non', NULL, NULL, NULL),
(427, 29, 12, 'Non', NULL, NULL, NULL),
(428, 29, 13, 'Non', NULL, NULL, NULL),
(429, 29, 14, 'Non', NULL, NULL, NULL),
(430, 29, 15, 'Non', NULL, NULL, NULL),
(431, 29, 16, 'Non', NULL, NULL, NULL),
(432, 29, 17, 'Non', NULL, NULL, NULL),
(433, 29, 18, 'Non', NULL, NULL, NULL),
(434, 29, 19, 'Non', NULL, NULL, NULL),
(435, 29, 20, 'Non', NULL, NULL, NULL),
(436, 30, 6, 'Non', NULL, NULL, NULL),
(437, 30, 7, 'Non', NULL, NULL, NULL),
(438, 30, 8, 'Non', NULL, NULL, NULL),
(439, 30, 9, 'Non', NULL, NULL, NULL),
(440, 30, 10, 'Non', NULL, NULL, NULL),
(441, 30, 11, 'Non', NULL, NULL, NULL),
(442, 30, 12, 'Non', NULL, NULL, NULL),
(443, 30, 13, 'Non', NULL, NULL, NULL),
(444, 30, 14, 'Non', NULL, NULL, NULL),
(445, 30, 15, 'Non', NULL, NULL, NULL),
(446, 30, 16, 'Non', NULL, NULL, NULL),
(447, 30, 17, 'Non', NULL, NULL, NULL),
(448, 30, 18, 'Non', NULL, NULL, NULL),
(449, 30, 19, 'Non', NULL, NULL, NULL),
(450, 30, 20, 'Non', NULL, NULL, NULL),
(451, 43, 6, 'Non', NULL, NULL, NULL),
(452, 43, 7, 'Non', NULL, NULL, NULL),
(453, 43, 8, 'Non', NULL, NULL, NULL),
(454, 43, 9, 'Non', NULL, NULL, NULL),
(455, 43, 10, 'Non', NULL, NULL, NULL),
(456, 43, 11, 'Non', NULL, NULL, NULL),
(457, 43, 12, 'Non', NULL, NULL, NULL),
(458, 43, 13, 'Non', NULL, NULL, NULL),
(459, 43, 14, 'Non', NULL, NULL, NULL),
(460, 43, 15, 'Non', NULL, NULL, NULL),
(461, 43, 16, 'Non', NULL, NULL, NULL),
(462, 43, 17, 'Non', NULL, NULL, NULL),
(463, 43, 18, 'Non', NULL, NULL, NULL),
(464, 43, 19, 'Non', NULL, NULL, NULL),
(465, 43, 20, 'Non', NULL, NULL, NULL),
(466, 46, 6, 'Non', NULL, NULL, NULL),
(467, 46, 7, 'Non', NULL, NULL, NULL),
(468, 46, 8, 'Non', NULL, NULL, NULL),
(469, 46, 9, 'Non', NULL, NULL, NULL),
(470, 46, 10, 'Non', NULL, NULL, NULL),
(471, 46, 11, 'Non', NULL, NULL, NULL),
(472, 46, 12, 'Non', NULL, NULL, NULL),
(473, 46, 13, 'Non', NULL, NULL, NULL),
(474, 46, 14, 'Non', NULL, NULL, NULL),
(475, 46, 15, 'Non', NULL, NULL, NULL),
(476, 46, 16, 'Non', NULL, NULL, NULL),
(477, 46, 17, 'Non', NULL, NULL, NULL),
(478, 46, 18, 'Non', NULL, NULL, NULL),
(479, 46, 19, 'Non', NULL, NULL, NULL),
(480, 46, 20, 'Non', NULL, NULL, NULL);

-- --------------------------------------------------------

--
-- Structure de la table `poles`
--

CREATE TABLE `poles` (
  `id` int NOT NULL,
  `nom_pole` varchar(100) COLLATE utf8mb4_unicode_ci NOT NULL,
  `est_actif` tinyint(1) DEFAULT '1'
) ENGINE=InnoDB DEFAULT CHARSET=utf8mb4 COLLATE=utf8mb4_unicode_ci;

--
-- Déchargement des données de la table `poles`
--

INSERT INTO `poles` (`id`, `nom_pole`, `est_actif`) VALUES
(1, 'Pôle Microfinance', 1),
(2, 'Pôle Bancassurance', 1),
(3, 'Pôle PME PM', 1),
(4, 'Pôle Réseau Individuel', 1),
(5, 'Pôle Partenariats', 1);

-- --------------------------------------------------------

--
-- Structure de la table `prelevements_bancaires`
--

CREATE TABLE `prelevements_bancaires` (
  `id` bigint UNSIGNED NOT NULL,
  `souscription_id` bigint UNSIGNED NOT NULL,
  `reference` varchar(255) CHARACTER SET utf8mb4 COLLATE utf8mb4_unicode_ci DEFAULT NULL,
  `nom` varchar(120) CHARACTER SET utf8mb4 COLLATE utf8mb4_unicode_ci NOT NULL,
  `prenom` varchar(120) CHARACTER SET utf8mb4 COLLATE utf8mb4_unicode_ci NOT NULL,
  `profession` varchar(120) CHARACTER SET utf8mb4 COLLATE utf8mb4_unicode_ci DEFAULT NULL,
  `adresse` varchar(255) CHARACTER SET utf8mb4 COLLATE utf8mb4_unicode_ci NOT NULL,
  `telephone` varchar(30) CHARACTER SET utf8mb4 COLLATE utf8mb4_unicode_ci NOT NULL,
  `email` varchar(120) CHARACTER SET utf8mb4 COLLATE utf8mb4_unicode_ci DEFAULT NULL,
  `banque` varchar(120) CHARACTER SET utf8mb4 COLLATE utf8mb4_unicode_ci NOT NULL,
  `agence` varchar(120) CHARACTER SET utf8mb4 COLLATE utf8mb4_unicode_ci NOT NULL,
  `etab_adresse` varchar(255) CHARACTER SET utf8mb4 COLLATE utf8mb4_unicode_ci DEFAULT NULL,
  `compte` varchar(60) CHARACTER SET utf8mb4 COLLATE utf8mb4_unicode_ci NOT NULL,
  `unique_montant` decimal(15,2) DEFAULT NULL,
  `unique_frequence` varchar(50) CHARACTER SET utf8mb4 COLLATE utf8mb4_unicode_ci DEFAULT NULL,
  `unique_date_debut` date DEFAULT NULL,
  `unique_date_fin` date DEFAULT NULL,
  `recur_montant` decimal(14,2) DEFAULT NULL,
  `recur_frequence` varchar(50) CHARACTER SET utf8mb4 COLLATE utf8mb4_unicode_ci DEFAULT NULL,
  `recur_date_debut` date DEFAULT NULL,
  `recur_date_fin` date DEFAULT NULL,
  `fait_a` varchar(100) CHARACTER SET utf8mb4 COLLATE utf8mb4_unicode_ci NOT NULL,
  `date_jour` varchar(20) CHARACTER SET utf8mb4 COLLATE utf8mb4_unicode_ci NOT NULL,
  `signature_draw_file` varchar(255) CHARACTER SET utf8mb4 COLLATE utf8mb4_unicode_ci DEFAULT NULL,
  `signature_upload_file` varchar(255) CHARACTER SET utf8mb4 COLLATE utf8mb4_unicode_ci DEFAULT NULL,
  `signature_upload_name` varchar(255) CHARACTER SET utf8mb4 COLLATE utf8mb4_unicode_ci DEFAULT NULL,
  `created_at` timestamp NULL DEFAULT CURRENT_TIMESTAMP
) ENGINE=MyISAM DEFAULT CHARSET=utf8mb4 COLLATE=utf8mb4_unicode_ci;

--
-- Déchargement des données de la table `prelevements_bancaires`
--

INSERT INTO `prelevements_bancaires` (`id`, `souscription_id`, `reference`, `nom`, `prenom`, `profession`, `adresse`, `telephone`, `email`, `banque`, `agence`, `etab_adresse`, `compte`, `unique_montant`, `unique_frequence`, `unique_date_debut`, `unique_date_fin`, `recur_montant`, `recur_frequence`, `recur_date_debut`, `recur_date_fin`, `fait_a`, `date_jour`, `signature_draw_file`, `signature_upload_file`, `signature_upload_name`, `created_at`) VALUES
(1, 46, 'PROPOSITION D\'ASSURANCE N°: RET-PRES-20251115-002245-d159', 'dwdw', 'sfsfs', NULL, 'Dakar, Sénégal', '+221 773700079', 'destromania8@gmail.com', 'SGBS', 'Dakar', NULL, 'SN 3333 3333 3333 3333 3333 33', 600000.00, 'Unique', '2025-11-15', '2025-11-15', 100000.00, 'Mensuelle', '2025-11-15', '2035-11-15', 'Dakar, Senegal', '15/11/2025', 'uploads/signatures/prelevement_bancaire_signature_20251115_002457_f574b608.png', NULL, NULL, '2025-11-15 00:24:57'),
(2, 47, 'PROPOSITION D\'ASSURANCE N°: RET-PRES-20251115-011202-e9b7', 'dwdw', 'sfsfs', NULL, 'Dakar, Sénégal', '+221 773700079', 'destromania8@gmail.com', 'SGBS', 'Dakar', NULL, 'SN 2222 2222 2222 2222 2221 11', 600000.00, 'Unique', '2025-11-15', '2025-11-15', 100000.00, 'Mensuelle', '2025-11-15', '2035-11-15', 'Dakar, Senegal', '15/11/2025', 'uploads/signatures/prelevement_bancaire_signature_20251115_011239_133a5875.png', NULL, NULL, '2025-11-15 01:12:39'),
(3, 48, 'PROPOSITION D\'ASSURANCE N°: RET-PRES-20251115-111515-f505', 'dwdw', 'sfsfs', NULL, 'Dakar, Sénégal', '+221 773700079', 'destromania8@gmail.com', 'SGBS', 'Dakar', NULL, 'SN 4325 3465 4754 7457 5754 54', 600000.00, 'Unique', '2025-11-15', '2025-11-15', 100000.00, 'Semestrielle', '2025-11-16', '2035-11-16', 'Dakar, Senegal', '15/11/2025', 'uploads/signatures/prelevement_bancaire_signature_20251115_111551_28a5a9a5.png', NULL, NULL, '2025-11-15 11:15:51'),
(4, 49, 'PROPOSITION D\'ASSURANCE N°: RET-PRES-20251115-113029-a998', 'dwdw', 'sfsfs', NULL, 'Dakar, Sénégal', '+221 773700079', 'destromania8@gmail.com', 'UBA', 'Dakar', NULL, 'SN 5464 7579 9843 5435 4354 35', 600000.00, 'Unique', '2025-11-15', '2025-11-15', 100000.00, 'Mensuelle', '2025-11-15', '2035-11-15', 'Dakar, Senegal', '15/11/2025', 'uploads/signatures/prelevement_bancaire_signature_20251115_113133_882ee4c7.png', NULL, NULL, '2025-11-15 11:31:33'),
(5, 50, 'PROPOSITION D\'ASSURANCE N°: RET-PRES-20251115-113726-2767', 'dwdw', 'sfsfs', NULL, 'Dakar, Sénégal', '+221 773700079', 'destromania8@gmail.com', 'UBA', 'Dakar', NULL, 'SN 4565 4745 7575 4435 3453 45', 600000.00, 'Unique', '2025-11-15', '2025-11-15', 100000.00, 'Semestrielle', '2025-11-14', '2035-11-14', 'Dakar, Senegal', '15/11/2025', 'uploads/signatures/prelevement_bancaire_signature_20251115_113817_58f241f6.png', NULL, NULL, '2025-11-15 11:38:17'),
(6, 51, 'PROPOSITION D\'ASSURANCE N°: RET-PRES-20251115-115148-5743', 'dwdw', 'sfsfs', NULL, 'Dakar, Sénégal', '+221 773700079', 'destromania8@gmail.com', 'SGBS', 'Dakar', NULL, 'SN 3555 5555 5555 5555 5555 55', 600000.00, 'Unique', '2025-11-15', '2025-11-15', 100000.00, 'Trimestrielle', '2025-11-15', '2035-11-15', 'Dakar, Senegal', '15/11/2025', 'uploads/signatures/prelevement_bancaire_signature_20251115_115232_ad8679a6.png', NULL, NULL, '2025-11-15 11:52:32'),
(7, 52, 'PROPOSITION D\'ASSURANCE N°: RET-PRES-20251115-120231-dfcd', 'dwdw', 'sfsfs', NULL, 'Dakar, Sénégal', '+221 773700079', 'destromania8@gmail.com', 'CBAO', 'Dakar', NULL, 'SN 5474 7457 4575 5423 5252 35', 600000.00, 'Unique', '2025-11-15', '2025-11-15', 100000.00, 'Semestrielle', '2025-11-15', '2035-11-15', 'Dakar, Senegal', '15/11/2025', 'uploads/signatures/prelevement_bancaire_signature_20251115_120303_da54a243.png', NULL, NULL, '2025-11-15 12:03:03'),
(8, 53, 'PROPOSITION D\'ASSURANCE N°: RET-PRES-20251117-082902-6946', 'dwdw', 'sfsfs', NULL, 'Dakar, Sénégal', '+221 773700079', 'destromania8@gmail.com', 'Ecobank', 'Dakar', NULL, 'SN 2222 2222 2222 2222 2222 22', 600000.00, 'Unique', '2025-11-15', '2025-11-15', 100000.00, 'Annuelle', '2025-12-17', '2035-12-17', 'Dakar, Senegal', '17/11/2025', 'uploads/signatures/prelevement_bancaire_signature_20251117_083024_f65a882b.png', NULL, NULL, '2025-11-17 08:30:24'),
(9, 54, 'PROPOSITION D\'ASSURANCE N°: RET-PRES-20251117-092937-a65c', 'dwdw', 'sfsfs', NULL, 'Dakar, Sénégal', '+221 773700079', 'destromania8@gmail.com', 'SGBS', 'Dakar', NULL, 'SN 2222 2222 2222 2222 2222 22', 600000.00, 'Unique', '2025-11-15', '2025-11-15', 100000.00, 'Semestrielle', '2025-11-15', '2036-11-15', 'Dakar, Senegal', '17/11/2025', 'uploads/signatures/prelevement_bancaire_signature_20251117_093250_12bed066.png', NULL, NULL, '2025-11-17 09:32:51'),
(10, 61, 'PROPOSITION D\'ASSURANCE N°: RET-PRES-20251119-121742-3fe7', 'dwdw', 'sfsfs', NULL, 'Dakar, Sénégal', '+221 773700079', 'destromania8@gmail.com', 'UBA', 'Dakar', NULL, 'SN 6666 6666 6666 6476 7747 46', 600000.00, 'Unique', '2025-11-15', '2025-11-15', 100000.00, 'Semestrielle', '2025-11-17', '2035-11-17', 'Dakar, Senegal', '19/11/2025', 'uploads/signatures/prelevement_bancaire_signature_20251119_121827_1d245c07.png', NULL, NULL, '2025-11-19 12:18:27'),
(11, 62, 'PROPOSITION D\'ASSURANCE N°: RET-PRES-20251119-122956-4407', 'dwdw', 'sfsfs', NULL, 'Dakar, Sénégal', '+221 773700079', 'destromania8@gmail.com', 'CBAO', 'Dakar', NULL, 'SN 6666 6666 6666 6476 7747 46', 600000.01, 'Unique', '2025-11-15', '2025-11-15', 100000.00, 'Semestrielle', '2025-11-17', '2035-11-17', 'Dakar, Senegal', '19/11/2025', 'uploads/signatures/prelevement_bancaire_signature_20251119_123038_4e0f48fe.png', NULL, NULL, '2025-11-19 12:30:38'),
(12, 63, 'PROPOSITION D\'ASSURANCE N°: RET-PRES-20251119-123719-5709', 'dwdw', 'sfsfs', NULL, 'Dakar, Sénégal', '+221 773700079', 'destromania8@gmail.com', 'ddzd', 'Dakar', NULL, 'SN 4636 3465 7547 4574 5754 75', 600000.01, 'Unique', '2025-11-15', '2025-11-15', 100000.00, 'Semestrielle', '2025-11-17', '2035-11-17', 'Dakar, Senegal', '19/11/2025', 'uploads/signatures/prelevement_bancaire_signature_20251119_123809_47ca90b8.png', NULL, NULL, '2025-11-19 12:38:09'),
(13, 64, 'PROPOSITION D\'ASSURANCE N°: RET-PRES-20251119-124803-758c', 'dwdw', 'sfsfs', NULL, 'Dakar, Sénégal', '+221 773700079', 'destromania8@gmail.com', 'destro', 'Dakar', 'Thiaroye Azur/Cite Ousmane Fall villa numéro 70', 'SN 6789 7987 8789 7987 8968 68', 600000.00, 'Unique', '2025-11-15', '2025-11-15', 100000.00, 'Semestrielle', '2025-11-17', '2035-11-17', 'Dakar, Senegal', '19/11/2025', 'uploads/signatures/prelevement_bancaire_signature_20251119_124858_71b50c98.png', NULL, NULL, '2025-11-19 12:48:58'),
(14, 69, 'PROPOSITION D\'ASSURANCE N°: RET-LIB-20251119-143106-5077', 'dwdw', 'sfsfs', NULL, 'Dakar, Sénégal', '+221 773700079', 'destromania8@gmail.com', 'Ecobank', 'Dakar', NULL, 'SN 5474 7457 4575 5423 5252 35', 150000.00, 'Unique', '2025-11-19', '2025-11-19', 50000.00, 'Semestrielle', '2025-12-19', '2035-12-19', 'Dakar, Senegal', '19/11/2025', 'uploads/signatures/prelevement_bancaire_signature_20251119_143147_c4068c17.png', NULL, NULL, '2025-11-19 14:31:47'),
(15, 74, 'PROPOSITION D\'ASSURANCE N°: RET-20251124-115702-9939', 'vx', 'vxvx', NULL, 'GREAES', '776543321', NULL, 'SGBS', 'Dakar', NULL, 'SN 4665 4654 7476 5865 8658 58', NULL, NULL, NULL, NULL, 10000.00, 'Trimestrielle', '2025-11-24', '2035-11-24', 'DAKAR', '24/11/2025', 'uploads/signatures/prelevement_bancaire_signature_20251124_120640_dffad9e7.png', NULL, NULL, '2025-11-24 12:06:40'),
(16, 78, 'PROPOSITION D\'ASSURANCE N°: ETU-20251125-144932-04a5', 's', 'nsdn', NULL, 'zfzfz', '776543456', NULL, 'CBAO', 'Dakar', NULL, '66767564465467565757686', NULL, NULL, NULL, NULL, 16936.17, 'Mensuelle', '2025-11-25', '2035-11-25', 'DZFZF', '25/11/2025', 'uploads/signatures/prelevement_bancaire_signature_20251125_145050_584f924e.png', NULL, NULL, '2025-11-25 14:50:50'),
(17, 87, 'PROPOSITION D\'ASSURANCE N°: ETU-20251125-214834-6f4a', 'ouleymatou', 'SENE', 'test', 'dakar', '784436809', 'ssdzf', 'BICIS', 'Dakar', NULL, 'SN 7722 2222 2222 2222 2222 99', NULL, NULL, NULL, NULL, 15353.16, 'Mensuelle', '2025-11-25', '2038-11-25', 'Dkar', '25/11/2025', 'uploads/signatures/prelevement_bancaire_signature_20251125_214945_6b965617.png', NULL, NULL, '2025-11-25 21:49:45'),
(18, 88, 'PROPOSITION D\'ASSURANCE N°: ETU-20251125-221732-00e7', 'jbk', 'nbyy', NULL, 'NQCLQ', '776567677', NULL, 'SGBS', 'CSQCSQ', NULL, 'SN 9888 8888 8888 8888 8888 88', NULL, NULL, NULL, NULL, 13009.91, 'Mensuelle', '2025-11-25', '2035-11-25', 'SSQDS', '25/11/2025', 'uploads/signatures/prelevement_bancaire_signature_20251125_221841_ccffb8a7.png', NULL, NULL, '2025-11-25 22:18:41'),
(19, 89, 'PROPOSITION D\'ASSURANCE N°: ETU-20251125-233514-e51f', 'Sene', 'tese', NULL, 'DSGSD', '776543333', NULL, 'SGBS', 'Dakar', NULL, 'SN 4666 6666 6666 6666 6666 66', NULL, NULL, NULL, NULL, 13009.91, 'Mensuelle', '2025-11-25', '2035-11-25', 'DQQ', '25/11/2025', 'uploads/signatures/prelevement_bancaire_signature_20251125_233622_279ff49d.png', NULL, NULL, '2025-11-25 23:36:22'),
(20, 110, 'PROPOSITION D\'ASSURANCE N°: RET-20251128-115419-db4d', 's', 'ggsdgs', NULL, 'JHOUIHOU', '773700079', NULL, 'SGBS', 'OUOU', NULL, 'SN 9888 8888 8888 8888 8888 88', NULL, NULL, NULL, NULL, 10.00, 'Trimestrielle', '2025-11-28', '2035-11-28', 'HOHIOUIO', '28/11/2025', 'uploads/signatures/prelevement_bancaire_signature_20251128_115452_77db78ea.png', NULL, NULL, '2025-11-28 11:54:52'),
(21, 132, 'PROPOSITION D\'ASSURANCE N°: RET-PRES-20251130-193800-f530', 'dwdw', 'ggsdgs', NULL, 'dsd', '773700079', 'destromania8@gmail.com', 'CBAO', 'Dakar', NULL, 'SN 7585 5555 5555 5555 5555 55', 3.00, 'Unique', '2025-11-30', '2025-11-30', NULL, NULL, NULL, NULL, 'Dakar', '30/11/2025', 'uploads/signatures/prelevement_bancaire_signature_20251130_203938_268fda24.png', NULL, NULL, '2025-11-30 19:39:38'),
(22, 135, 'PROPOSITION D\'ASSURANCE N°: RET-20251201-092336-0760', 's', 'CSQC', NULL, 'CSDQSFQ', '776543222', NULL, 'BOA', 'Dakar', NULL, 'SN 5474 5754 7547 5475 4754 75', NULL, NULL, NULL, NULL, 1.00, 'Trimestrielle', '2025-12-01', '2035-12-01', 'DAKAR', '01/12/2025', 'uploads/signatures/prelevement_bancaire_signature_20251201_102432_7b7027a9.png', NULL, NULL, '2025-12-01 09:24:32'),
(23, 136, 'PROPOSITION D\'ASSURANCE N°: RET-LIB-20251201-093725-7520', 'dwdw', 'ggsdgs', NULL, 'dsd', '773700079', 'destromania8@gmail.com', 'UBA', 'Dakar', NULL, 'SN 6464 7547 8486 5897 6976 06', 3.00, 'Unique', '2025-12-01', '2025-12-01', 2.00, 'Trimestrielle', '2026-01-01', '2036-01-01', 'Dakar', '01/12/2025', 'uploads/signatures/prelevement_bancaire_signature_20251201_103812_77e2bd24.png', NULL, NULL, '2025-12-01 09:38:12');

-- --------------------------------------------------------

--
-- Structure de la table `prelevements_salaire`
--

CREATE TABLE `prelevements_salaire` (
  `id` bigint UNSIGNED NOT NULL,
  `souscription_id` bigint UNSIGNED NOT NULL,
  `nom` varchar(120) CHARACTER SET utf8mb4 COLLATE utf8mb4_unicode_ci NOT NULL,
  `matricule` varchar(60) CHARACTER SET utf8mb4 COLLATE utf8mb4_unicode_ci DEFAULT NULL,
  `poste` varchar(120) CHARACTER SET utf8mb4 COLLATE utf8mb4_unicode_ci DEFAULT NULL,
  `employeur` varchar(120) CHARACTER SET utf8mb4 COLLATE utf8mb4_unicode_ci DEFAULT NULL,
  `montant` decimal(14,2) DEFAULT NULL,
  `frequence` varchar(50) CHARACTER SET utf8mb4 COLLATE utf8mb4_unicode_ci DEFAULT NULL,
  `date_debut` date DEFAULT NULL,
  `duree` varchar(60) CHARACTER SET utf8mb4 COLLATE utf8mb4_unicode_ci DEFAULT NULL,
  `beneficiaire` varchar(120) CHARACTER SET utf8mb4 COLLATE utf8mb4_unicode_ci NOT NULL DEFAULT 'NSIA VIE ASSURANCES',
  `adresse_benef` varchar(255) CHARACTER SET utf8mb4 COLLATE utf8mb4_unicode_ci DEFAULT NULL,
  `motif` varchar(255) CHARACTER SET utf8mb4 COLLATE utf8mb4_unicode_ci DEFAULT NULL,
  `compte_benef` varchar(60) CHARACTER SET utf8mb4 COLLATE utf8mb4_unicode_ci DEFAULT NULL,
  `banque_benef` varchar(120) CHARACTER SET utf8mb4 COLLATE utf8mb4_unicode_ci DEFAULT NULL,
  `unique_montant` decimal(15,2) DEFAULT NULL,
  `unique_frequence` varchar(50) CHARACTER SET utf8mb4 COLLATE utf8mb4_unicode_ci DEFAULT NULL,
  `unique_date_debut` date DEFAULT NULL,
  `unique_date_fin` date DEFAULT NULL,
  `recur_montant` decimal(14,2) DEFAULT NULL,
  `recur_frequence` varchar(50) CHARACTER SET utf8mb4 COLLATE utf8mb4_unicode_ci DEFAULT NULL,
  `recur_date_debut` date DEFAULT NULL,
  `recur_date_fin` date DEFAULT NULL,
  `fait_a` varchar(100) CHARACTER SET utf8mb4 COLLATE utf8mb4_unicode_ci DEFAULT NULL,
  `date_jour` varchar(20) CHARACTER SET utf8mb4 COLLATE utf8mb4_unicode_ci DEFAULT NULL,
  `signature_draw_file` varchar(255) CHARACTER SET utf8mb4 COLLATE utf8mb4_unicode_ci DEFAULT NULL,
  `created_at` timestamp NULL DEFAULT CURRENT_TIMESTAMP,
  `signature_upload_file` varchar(255) CHARACTER SET utf8mb4 COLLATE utf8mb4_unicode_ci DEFAULT NULL,
  `signature_upload_name` varchar(255) CHARACTER SET utf8mb4 COLLATE utf8mb4_unicode_ci DEFAULT NULL
) ENGINE=MyISAM DEFAULT CHARSET=utf8mb4 COLLATE=utf8mb4_unicode_ci;

--
-- Déchargement des données de la table `prelevements_salaire`
--

INSERT INTO `prelevements_salaire` (`id`, `souscription_id`, `nom`, `matricule`, `poste`, `employeur`, `montant`, `frequence`, `date_debut`, `duree`, `beneficiaire`, `adresse_benef`, `motif`, `compte_benef`, `banque_benef`, `unique_montant`, `unique_frequence`, `unique_date_debut`, `unique_date_fin`, `recur_montant`, `recur_frequence`, `recur_date_debut`, `recur_date_fin`, `fait_a`, `date_jour`, `signature_draw_file`, `created_at`, `signature_upload_file`, `signature_upload_name`) VALUES
(1, 56, 'sfsfs dwdw', 'EMP123', 'COMPTABLE', 'Banque', NULL, NULL, NULL, NULL, 'NSIA ASSURANCES VIE', 'MERMOZ PYROTECHNIE N°75 A\r\nB.P.: 50 225 DAKAR', 'Cotisation assurance retraite NSIA RETRAITE PRESTIGE', NULL, NULL, 600000.00, 'Unique', '2025-11-17', '2025-11-17', 100000.00, 'Semestrielle', '2025-12-17', '2035-12-17', 'Dakar, Senegal', '17/11/2025', 'uploads/signatures/prelevement_salaire_signature_20251117_114408_c51032bb.png', '2025-11-17 11:44:08', NULL, NULL),
(2, 57, 'sfsfs dwdw', 'EMP123', 'COMPTABLE', 'Banque', NULL, NULL, NULL, NULL, 'NSIA ASSURANCES VIE', 'MERMOZ PYROTECHNIE N°75 A\r\nB.P.: 50 225 DAKAR', 'Cotisation assurance retraite NSIA RETRAITE PRESTIGE', NULL, NULL, 600000.00, 'Unique', '2025-11-17', '2025-11-17', 100000.00, 'Trimestrielle', '2025-12-17', '2035-12-17', 'Dakar, Senegal', '17/11/2025', 'uploads/signatures/prelevement_salaire_signature_20251117_115909_dbb7b8f7.png', '2025-11-17 11:59:09', NULL, NULL),
(3, 58, 'sfsfs dwdw', 'EMP123', 'COMPTABLE', 'Banque', NULL, NULL, NULL, NULL, 'NSIA ASSURANCES VIE', 'MERMOZ PYROTECHNIE N°75 A\r\nB.P.: 50 225 DAKAR', 'Cotisation assurance retraite NSIA RETRAITE PRESTIGE', NULL, NULL, 600000.00, 'Unique', '2025-11-19', '2025-11-19', 100000.00, 'Semestrielle', '2025-12-19', '2035-12-19', 'Dakar, Senegal', '19/11/2025', 'uploads/signatures/prelevement_salaire_signature_20251119_104051_8ce258bd.png', '2025-11-19 10:40:51', NULL, NULL),
(4, 59, 'sfsfs dwdw', 'EMP123', 'COMPTABLE', 'Banque', NULL, NULL, NULL, NULL, 'NSIA ASSURANCES VIE', 'MERMOZ PYROTECHNIE N°75 A\r\nB.P.: 50 225 DAKAR', 'Cotisation assurance retraite NSIA RETRAITE PRESTIGE', NULL, NULL, 600000.00, 'Unique', '2025-11-17', '2025-11-17', 100000.00, 'Annuelle', '2025-12-17', '2035-12-17', 'Dakar, Senegal', '19/11/2025', 'uploads/signatures/prelevement_salaire_signature_20251119_111926_1fdf4419.png', '2025-11-19 11:19:26', NULL, NULL),
(5, 60, 'sfsfs dwdw', 'EMP123', 'COMPTABLE', 'Banque', NULL, NULL, NULL, NULL, 'NSIA ASSURANCES VIE', 'MERMOZ PYROTECHNIE N°75 A\r\nB.P.: 50 225 DAKAR', 'Cotisation assurance retraite NSIA RETRAITE PRESTIGE', NULL, NULL, 600000.01, 'Unique', '2025-11-17', '2025-11-17', 100000.00, 'Semestrielle', '2025-12-17', '2035-12-17', 'Dakar, Senegal', '19/11/2025', 'uploads/signatures/prelevement_salaire_signature_20251119_121555_b3b3ce1e.png', '2025-11-19 12:15:55', NULL, NULL),
(6, 65, 'sfsfs dwdw', 'EMP123', 'COMPTABLE', 'Banque', NULL, NULL, NULL, NULL, 'NSIA ASSURANCES VIE', 'MERMOZ PYROTECHNIE N°75 A\r\nB.P.: 50 225 DAKAR', 'Cotisation assurance retraite NSIA RETRAITE PRESTIGE', NULL, NULL, 600000.00, 'Unique', '2025-11-17', '2025-11-17', NULL, NULL, '2025-12-17', '2035-12-17', 'Dakar, Senegal', '19/11/2025', 'uploads/signatures/prelevement_salaire_signature_20251119_125244_80897037.png', '2025-11-19 12:52:44', NULL, NULL),
(7, 67, 'sfsfs dwdw', 'EMP123', NULL, NULL, NULL, NULL, NULL, NULL, 'NSIA ASSURANCES VIE', 'MERMOZ PYROTECHNIE N°75 A\r\nB.P.: 50 225 DAKAR', 'Cotisation assurance retraite NSIA RETRAITE PRESTIGE', NULL, NULL, 150000.00, 'Unique', '2025-11-19', '2025-11-19', 50000.00, 'Semestrielle', '2025-12-19', '2035-12-19', 'Dakar, Senegal', '19/11/2025', 'uploads/signatures/prelevement_salaire_signature_20251119_142230_26b79166.png', '2025-11-19 14:22:30', NULL, NULL),
(8, 68, 'sfsfs dwdw', 'EMP123', 'COMPTABLE', 'Banque', NULL, NULL, NULL, NULL, 'NSIA ASSURANCES VIE', 'MERMOZ PYROTECHNIE N°75 A\r\nB.P.: 50 225 DAKAR', 'Cotisation assurance retraite NSIA LIBRE RETRAITE', NULL, NULL, 150000.00, 'Unique', '2025-11-19', '2025-11-19', 50000.00, 'Semestrielle', '2025-12-19', '2035-12-19', 'Dakar, Senegal', '19/11/2025', 'uploads/signatures/prelevement_salaire_signature_20251119_142955_c409e9ae.png', '2025-11-19 14:29:55', NULL, NULL),
(9, 75, 'destro s', 'EMP123', 'COMPTABLE', 'Banque', NULL, NULL, NULL, NULL, 'NSIA ASSURANCES VIE', 'MERMOZ PYROTECHNIE N°75 A\r\nB.P.: 50 225 DAKAR', 'Cotisation assurance retraite NSIA RETRAITE', NULL, NULL, NULL, NULL, NULL, NULL, 10000.00, 'Mensuelle', '2025-11-24', '2035-11-24', 'DAKAR', '24/11/2025', 'uploads/signatures/prelevement_salaire_signature_20251124_122732_1c73c898.png', '2025-11-24 12:27:33', NULL, NULL),
(10, 76, 'vxvx vx', 'EMP123', 'COMPTABLE', 'Banque', NULL, NULL, NULL, NULL, 'NSIA ASSURANCES VIE', 'MERMOZ PYROTECHNIE N°75 A\r\nB.P.: 50 225 DAKAR', 'Cotisation assurance retraite NSIA RETRAITE', NULL, NULL, NULL, NULL, NULL, NULL, 10000.00, 'Trimestrielle', '2025-11-25', '2035-11-25', 's', '24/11/2025', 'uploads/signatures/prelevement_salaire_signature_20251124_123405_317b8b1b.png', '2025-11-24 12:34:05', NULL, NULL),
(11, 92, 's VWVD', 'EMP123', 'COMPTABLE', 'Banque', NULL, NULL, NULL, NULL, 'NSIA ASSURANCES VIE', 'MERMOZ PYROTECHNIE N°75 A\r\nB.P.: 50 225 DAKAR', 'Cotisation assurance études NSIA ETUDES', NULL, NULL, NULL, NULL, NULL, NULL, 13009.91, 'Mensuelle', '2025-11-26', '2035-11-26', 'Dakzr', '26/11/2025', 'uploads/signatures/prelevement_salaire_signature_20251126_090148_dec5d641.png', '2025-11-26 09:01:48', NULL, NULL),
(12, 112, 'ggsdgs dwdw', 'EMP123', NULL, 'Banque', NULL, NULL, NULL, NULL, 'NSIA ASSURANCES VIE', 'MERMOZ PYROTECHNIE N°75 A\r\nB.P.: 50 225 DAKAR', 'Cotisation assurance retraite NSIA RETRAITE PRESTIGE', NULL, NULL, 600000.02, 'Unique', '2025-11-28', '2025-11-28', 100000.02, 'Semestrielle', '2025-12-28', '2035-12-28', 'Dakar', '28/11/2025', 'uploads/signatures/prelevement_salaire_signature_20251128_142956_608c81e3.png', '2025-11-28 14:29:56', NULL, NULL),
(13, 131, 'RTE Mamadou', 'EMP123', 'COMPTABLE', 'Banque', NULL, NULL, NULL, NULL, 'NSIA ASSURANCES VIE', 'MERMOZ PYROTECHNIE N°75 A\r\nB.P.: 50 225 DAKAR', 'Cotisation assurance études NSIA ETUDES', NULL, NULL, NULL, NULL, NULL, NULL, 13009.91, 'Mensuelle', '2025-11-30', '2035-11-30', 'Dakar', '30/11/2025', 'uploads/signatures/prelevement_salaire_signature_20251130_194026_1d3d7152.png', '2025-11-30 18:40:26', NULL, NULL),
(14, 137, 'ggsdgs dwdw', 'EMP123', 'COMPTABLE', 'Banque', NULL, NULL, NULL, NULL, 'NSIA ASSURANCES VIE', 'MERMOZ PYROTECHNIE N°75 A\r\nB.P.: 50 225 DAKAR', 'Cotisation assurance retraite NSIA RETRAITE PRESTIGE', NULL, NULL, 3.00, 'Unique', '2025-12-01', '2025-12-01', 2.00, 'Trimestrielle', '2026-01-01', '2037-01-01', 'Dakar', '01/12/2025', 'uploads/signatures/prelevement_salaire_signature_20251201_104126_0ba98c82.png', '2025-12-01 09:41:26', NULL, NULL),
(15, 138, 's SQFS', 'EMP123', 'COMPTABLE', 'Banque', NULL, NULL, NULL, NULL, 'NSIA ASSURANCES VIE', 'MERMOZ PYROTECHNIE N°75 A\r\nB.P.: 50 225 DAKAR', 'Cotisation assurance études NSIA ETUDES', NULL, NULL, NULL, NULL, NULL, NULL, 13009.91, 'Mensuelle', '2025-12-01', '2035-12-01', 'FSQFS', '01/12/2025', 'uploads/signatures/prelevement_salaire_signature_20251201_104429_81790a58.png', '2025-12-01 09:44:29', NULL, NULL),
(16, 139, 'FDFDQ s', 'EMP123', 'COMPTABLE', 'Banque', NULL, NULL, NULL, NULL, 'NSIA ASSURANCES VIE', 'MERMOZ PYROTECHNIE N°75 A\r\nB.P.: 50 225 DAKAR', 'Cotisation assurance retraite NSIA RETRAITE', NULL, NULL, NULL, NULL, NULL, NULL, 1.00, 'Trimestrielle', '2025-12-01', '2035-12-01', 'DSDSDS', '01/12/2025', 'uploads/signatures/prelevement_salaire_signature_20251201_105022_63f58ccb.png', '2025-12-01 09:50:22', NULL, NULL);

-- --------------------------------------------------------

--
-- Structure de la table `produits`
--

CREATE TABLE `produits` (
  `id` bigint UNSIGNED NOT NULL,
  `categorie_id` bigint UNSIGNED NOT NULL,
  `code` varchar(50) NOT NULL,
  `nom` varchar(120) NOT NULL,
  `actif` tinyint(1) NOT NULL DEFAULT '1',
  `created_at` timestamp NULL DEFAULT CURRENT_TIMESTAMP
) ENGINE=InnoDB DEFAULT CHARSET=utf8mb4 COLLATE=utf8mb4_0900_ai_ci;

--
-- Déchargement des données de la table `produits`
--

INSERT INTO `produits` (`id`, `categorie_id`, `code`, `nom`, `actif`, `created_at`) VALUES
(1, 1, 'RET_SIMPLE', 'Retraite simple', 1, '2025-10-31 11:19:30'),
(2, 1, 'RET_PRESTIGE', 'Retraite prestige', 1, '2025-10-31 11:19:30'),
(3, 1, 'RET_LIBRE', 'Libre retraite', 1, '2025-10-31 11:19:30'),
(4, 2, 'NSIA_ETUDES', 'NSIA Etudes', 1, '2025-11-05 20:13:17'),
(5, 3, 'PREV_DECES', 'NSIA PREVOYANCE DECES', 1, '2025-11-11 12:44:13');

-- --------------------------------------------------------

--
-- Structure de la table `produit_categories`
--

CREATE TABLE `produit_categories` (
  `id` bigint UNSIGNED NOT NULL,
  `code` varchar(50) NOT NULL,
  `nom` varchar(120) NOT NULL,
  `created_at` timestamp NULL DEFAULT CURRENT_TIMESTAMP
) ENGINE=InnoDB DEFAULT CHARSET=utf8mb4 COLLATE=utf8mb4_0900_ai_ci;

--
-- Déchargement des données de la table `produit_categories`
--

INSERT INTO `produit_categories` (`id`, `code`, `nom`, `created_at`) VALUES
(1, 'RET', 'Retraite', '2025-10-31 11:19:30'),
(2, 'ETUDES', 'Produits Éducation', '2025-11-05 20:12:52'),
(3, 'PREV', 'Prévoyance', '2025-11-11 12:44:13');

-- --------------------------------------------------------

--
-- Structure de la table `roles`
--

CREATE TABLE `roles` (
  `id` bigint UNSIGNED NOT NULL,
  `code` varchar(30) NOT NULL,
  `nom` varchar(120) NOT NULL,
  `created_at` timestamp NULL DEFAULT CURRENT_TIMESTAMP
) ENGINE=InnoDB DEFAULT CHARSET=utf8mb4 COLLATE=utf8mb4_0900_ai_ci;

--
-- Déchargement des données de la table `roles`
--

INSERT INTO `roles` (`id`, `code`, `nom`, `created_at`) VALUES
(1, 'ADMIN', 'Administrateur', '2025-10-31 11:19:30'),
(2, 'DIRECTEUR_TECH', 'Directeur technique', '2025-10-31 11:19:30'),
(3, 'DIRECTEUR_COMM', 'Directeur commercial', '2025-10-31 11:19:30'),
(4, 'COMMERCIAL', 'Commercial', '2025-10-31 11:19:30'),
(5, 'CAISSIER', 'Caissier', '2025-11-07 00:21:31'),
(6, 'CHEF_EQUIPE', 'Chef d\'équipe', '2025-11-07 00:21:31'),
(7, 'INSPECTEUR', 'Inspecteur', '2025-11-07 00:21:31');

-- --------------------------------------------------------

--
-- Structure de la table `signatures`
--

CREATE TABLE `signatures` (
  `id` bigint UNSIGNED NOT NULL,
  `souscription_id` bigint UNSIGNED NOT NULL,
  `contexte` enum('CONTRAT','DECLARATION') NOT NULL,
  `personne` enum('PROPOSANT','ASSURE') NOT NULL,
  `type` enum('UPLOAD','DRAW') NOT NULL,
  `path` varchar(255) NOT NULL,
  `original_name` varchar(255) DEFAULT NULL,
  `created_at` timestamp NULL DEFAULT CURRENT_TIMESTAMP
) ENGINE=InnoDB DEFAULT CHARSET=utf8mb4 COLLATE=utf8mb4_0900_ai_ci;

--
-- Déchargement des données de la table `signatures`
--

INSERT INTO `signatures` (`id`, `souscription_id`, `contexte`, `personne`, `type`, `path`, `original_name`, `created_at`) VALUES
(1, 1, 'CONTRAT', 'PROPOSANT', 'DRAW', 'uploads/signatures/signature_proposant_draw_20251031_122518_48ff7c84.png', NULL, '2025-10-31 12:25:18'),
(2, 1, 'CONTRAT', 'ASSURE', 'DRAW', 'uploads/signatures/signature_assure_draw_20251031_122518_e246bd1e.png', NULL, '2025-10-31 12:25:18'),
(3, 2, 'CONTRAT', 'PROPOSANT', 'DRAW', 'uploads/signatures/signature_proposant_draw_20251031_122937_342556d1.png', NULL, '2025-10-31 12:29:37'),
(4, 2, 'CONTRAT', 'ASSURE', 'DRAW', 'uploads/signatures/signature_assure_draw_20251031_122937_d378b0c0.png', NULL, '2025-10-31 12:29:37'),
(5, 3, 'CONTRAT', 'PROPOSANT', 'DRAW', 'uploads/signatures/signature_proposant_draw_20251031_122941_9f36880f.png', NULL, '2025-10-31 12:29:41'),
(6, 3, 'CONTRAT', 'ASSURE', 'DRAW', 'uploads/signatures/signature_assure_draw_20251031_122941_2adf0814.png', NULL, '2025-10-31 12:29:41'),
(7, 4, 'CONTRAT', 'PROPOSANT', 'DRAW', 'uploads/signatures/signature_proposant_draw_20251031_122948_16afda47.png', NULL, '2025-10-31 12:29:48'),
(8, 4, 'CONTRAT', 'ASSURE', 'DRAW', 'uploads/signatures/signature_assure_draw_20251031_122948_620680f0.png', NULL, '2025-10-31 12:29:48'),
(9, 5, 'CONTRAT', 'PROPOSANT', 'DRAW', 'uploads/signatures/signature_proposant_draw_20251031_123142_0befcb82.png', NULL, '2025-10-31 12:31:42'),
(10, 5, 'CONTRAT', 'ASSURE', 'DRAW', 'uploads/signatures/signature_assure_draw_20251031_123142_bb7bcc32.png', NULL, '2025-10-31 12:31:42'),
(11, 6, 'CONTRAT', 'PROPOSANT', 'DRAW', 'uploads/signatures/signature_proposant_draw_20251031_124238_27c31e46.png', NULL, '2025-10-31 12:42:38'),
(12, 6, 'CONTRAT', 'ASSURE', 'DRAW', 'uploads/signatures/signature_assure_draw_20251031_124238_0e30e4c3.png', NULL, '2025-10-31 12:42:38'),
(13, 7, 'CONTRAT', 'PROPOSANT', 'DRAW', 'uploads/signatures/signature_proposant_draw_20251031_153929_a6a27ea4.png', NULL, '2025-10-31 15:39:29'),
(14, 7, 'CONTRAT', 'ASSURE', 'DRAW', 'uploads/signatures/signature_assure_draw_20251031_153929_947b3238.png', NULL, '2025-10-31 15:39:29'),
(15, 7, 'DECLARATION', 'ASSURE', 'DRAW', 'uploads/signatures/decl_signature_assure_draw_20251031_153929_01687518.png', NULL, '2025-10-31 15:39:29'),
(16, 8, 'CONTRAT', 'PROPOSANT', 'DRAW', 'uploads/signatures/signature_proposant_draw_20251031_155600_47271e96.png', NULL, '2025-10-31 15:56:00'),
(17, 8, 'CONTRAT', 'ASSURE', 'DRAW', 'uploads/signatures/signature_assure_draw_20251031_155600_71f53b90.png', NULL, '2025-10-31 15:56:00'),
(18, 9, 'CONTRAT', 'PROPOSANT', 'DRAW', 'uploads/signatures/signature_proposant_draw_20251103_083155_4606d173.png', NULL, '2025-11-03 08:31:55'),
(19, 9, 'CONTRAT', 'ASSURE', 'DRAW', 'uploads/signatures/signature_assure_draw_20251103_083155_b1261eb6.png', NULL, '2025-11-03 08:31:55'),
(20, 10, 'CONTRAT', 'PROPOSANT', 'DRAW', 'uploads/signatures/signature_proposant_draw_20251103_090929_006c9ce7.png', NULL, '2025-11-03 09:09:29'),
(21, 10, 'CONTRAT', 'ASSURE', 'DRAW', 'uploads/signatures/signature_assure_draw_20251103_090929_2052b961.png', NULL, '2025-11-03 09:09:29'),
(22, 11, 'CONTRAT', 'PROPOSANT', 'DRAW', 'uploads/signatures/signature_proposant_draw_20251103_094330_b38abb53.png', NULL, '2025-11-03 09:43:30'),
(23, 11, 'CONTRAT', 'ASSURE', 'DRAW', 'uploads/signatures/signature_assure_draw_20251103_094330_5efe3d7f.png', NULL, '2025-11-03 09:43:30'),
(24, 12, 'CONTRAT', 'PROPOSANT', 'DRAW', 'uploads/signatures/signature_proposant_draw_20251103_101244_2c391cec.png', NULL, '2025-11-03 10:12:44'),
(25, 12, 'CONTRAT', 'ASSURE', 'DRAW', 'uploads/signatures/signature_assure_draw_20251103_101244_1214c497.png', NULL, '2025-11-03 10:12:44'),
(26, 13, 'CONTRAT', 'PROPOSANT', 'DRAW', 'uploads/signatures/signature_proposant_draw_20251104_121831_23268d52.png', NULL, '2025-11-04 12:18:31'),
(27, 13, 'CONTRAT', 'ASSURE', 'DRAW', 'uploads/signatures/signature_assure_draw_20251104_121831_9606bcc8.png', NULL, '2025-11-04 12:18:31'),
(28, 14, 'CONTRAT', 'PROPOSANT', 'DRAW', 'uploads/signatures/signature_proposant_draw_20251104_122812_d4973e48.png', NULL, '2025-11-04 12:28:12'),
(29, 14, 'CONTRAT', 'ASSURE', 'DRAW', 'uploads/signatures/signature_assure_draw_20251104_122812_7f83cbcd.png', NULL, '2025-11-04 12:28:12'),
(30, 15, 'CONTRAT', 'PROPOSANT', 'DRAW', 'uploads/signatures/signature_proposant_draw_20251104_123423_2dc2cfd7.png', NULL, '2025-11-04 12:34:23'),
(31, 15, 'CONTRAT', 'ASSURE', 'DRAW', 'uploads/signatures/signature_assure_draw_20251104_123423_2c8e6bca.png', NULL, '2025-11-04 12:34:23'),
(32, 16, 'CONTRAT', 'PROPOSANT', 'DRAW', 'uploads/signatures/signature_proposant_draw_20251104_153833_c00114dc.png', NULL, '2025-11-04 15:38:33'),
(33, 16, 'CONTRAT', 'ASSURE', 'DRAW', 'uploads/signatures/signature_assure_draw_20251104_153833_4e6d4476.png', NULL, '2025-11-04 15:38:33'),
(34, 17, 'CONTRAT', 'PROPOSANT', 'DRAW', 'uploads/signatures/signature_proposant_draw_20251104_170120_3e2a69f4.png', NULL, '2025-11-04 17:01:20'),
(35, 17, 'CONTRAT', 'ASSURE', 'DRAW', 'uploads/signatures/signature_assure_draw_20251104_170120_879dd47c.png', NULL, '2025-11-04 17:01:20'),
(36, 18, 'CONTRAT', 'PROPOSANT', 'DRAW', 'uploads/signatures/signature_proposant_draw_20251105_090223_c59d84b4.png', NULL, '2025-11-05 09:02:23'),
(37, 18, 'CONTRAT', 'ASSURE', 'DRAW', 'uploads/signatures/signature_assure_draw_20251105_090223_80f52c4b.png', NULL, '2025-11-05 09:02:23'),
(38, 19, 'CONTRAT', 'PROPOSANT', 'DRAW', 'uploads/signatures/signature_proposant_draw_20251105_091850_ab13d3f2.png', NULL, '2025-11-05 09:18:50'),
(39, 19, 'CONTRAT', 'ASSURE', 'DRAW', 'uploads/signatures/signature_assure_draw_20251105_091850_321f8e1b.png', NULL, '2025-11-05 09:18:50'),
(40, 20, 'CONTRAT', 'PROPOSANT', 'DRAW', 'uploads/signatures/signature_proposant_draw_20251105_092846_417da670.png', NULL, '2025-11-05 09:28:46'),
(41, 20, 'CONTRAT', 'ASSURE', 'DRAW', 'uploads/signatures/signature_assure_draw_20251105_092846_20e9a0fd.png', NULL, '2025-11-05 09:28:46'),
(42, 21, 'CONTRAT', 'PROPOSANT', 'DRAW', 'uploads/signatures/signature_proposant_draw_20251105_100955_1e2cbcb4.png', NULL, '2025-11-05 10:09:55'),
(43, 21, 'CONTRAT', 'ASSURE', 'DRAW', 'uploads/signatures/signature_assure_draw_20251105_100955_c58ac31f.png', NULL, '2025-11-05 10:09:55'),
(44, 22, 'CONTRAT', 'PROPOSANT', 'DRAW', 'uploads/signatures/signature_proposant_draw_20251105_101703_024c8c1b.png', NULL, '2025-11-05 10:17:03'),
(45, 22, 'CONTRAT', 'ASSURE', 'DRAW', 'uploads/signatures/signature_assure_draw_20251105_101703_bc1edcc1.png', NULL, '2025-11-05 10:17:03'),
(46, 23, 'CONTRAT', 'PROPOSANT', 'DRAW', 'uploads/signatures/signature_proposant_draw_20251105_102856_a68c5508.png', NULL, '2025-11-05 10:28:56'),
(47, 23, 'CONTRAT', 'ASSURE', 'DRAW', 'uploads/signatures/signature_assure_draw_20251105_102856_aca63a2f.png', NULL, '2025-11-05 10:28:56'),
(48, 24, 'CONTRAT', 'PROPOSANT', 'DRAW', 'uploads/signatures/signature_proposant_draw_20251105_103354_218e1f8f.png', NULL, '2025-11-05 10:33:54'),
(49, 25, 'CONTRAT', 'PROPOSANT', 'DRAW', 'uploads/signatures/signature_proposant_draw_20251105_103531_3d4f06c3.png', NULL, '2025-11-05 10:35:31'),
(50, 25, 'CONTRAT', 'ASSURE', 'DRAW', 'uploads/signatures/signature_assure_draw_20251105_103531_18cbee46.png', NULL, '2025-11-05 10:35:31'),
(51, 26, 'CONTRAT', 'PROPOSANT', 'DRAW', 'uploads/signatures/signature_proposant_draw_20251105_104016_acfdd429.png', NULL, '2025-11-05 10:40:16'),
(52, 26, 'CONTRAT', 'ASSURE', 'DRAW', 'uploads/signatures/signature_assure_draw_20251105_104016_66f8430d.png', NULL, '2025-11-05 10:40:16'),
(53, 27, 'CONTRAT', 'PROPOSANT', 'DRAW', 'uploads/signatures/signature_proposant_draw_20251105_104349_6e0d1d0d.png', NULL, '2025-11-05 10:43:49'),
(54, 27, 'CONTRAT', 'ASSURE', 'DRAW', 'uploads/signatures/signature_assure_draw_20251105_104349_4a7771c6.png', NULL, '2025-11-05 10:43:49'),
(55, 28, 'CONTRAT', 'PROPOSANT', 'DRAW', 'uploads/signatures/signature_proposant_draw_20251105_105142_7f0184a0.png', NULL, '2025-11-05 10:51:42'),
(56, 28, 'CONTRAT', 'ASSURE', 'DRAW', 'uploads/signatures/signature_assure_draw_20251105_105142_759600b1.png', NULL, '2025-11-05 10:51:42'),
(57, 29, 'CONTRAT', 'PROPOSANT', 'DRAW', 'uploads/signatures/signature_proposant_draw_20251105_110054_c9c215fd.png', NULL, '2025-11-05 11:00:54'),
(58, 29, 'CONTRAT', 'ASSURE', 'DRAW', 'uploads/signatures/signature_assure_draw_20251105_110054_135534df.png', NULL, '2025-11-05 11:00:54'),
(59, 30, 'CONTRAT', 'PROPOSANT', 'DRAW', 'uploads/signatures/signature_proposant_draw_20251105_110617_e6188399.png', NULL, '2025-11-05 11:06:17'),
(60, 30, 'CONTRAT', 'ASSURE', 'DRAW', 'uploads/signatures/signature_assure_draw_20251105_110617_f0a0850e.png', NULL, '2025-11-05 11:06:17'),
(61, 31, 'CONTRAT', 'PROPOSANT', 'DRAW', 'uploads/signatures/signature_proposant_draw_20251105_112141_1cdbeeef.png', NULL, '2025-11-05 11:21:41'),
(62, 31, 'CONTRAT', 'ASSURE', 'DRAW', 'uploads/signatures/signature_assure_draw_20251105_112141_3150072a.png', NULL, '2025-11-05 11:21:41'),
(63, 33, 'CONTRAT', 'PROPOSANT', 'DRAW', 'uploads/signatures/signature_proposant_draw_20251106_153936_4a629312.png', NULL, '2025-11-06 15:39:36'),
(64, 33, 'CONTRAT', 'ASSURE', 'DRAW', 'uploads/signatures/signature_assure_draw_20251106_153936_5778084f.png', NULL, '2025-11-06 15:39:36'),
(65, 33, 'DECLARATION', 'ASSURE', 'DRAW', 'uploads/signatures/decl_signature_assure_draw_20251106_153936_60fc541c.png', NULL, '2025-11-06 15:39:36'),
(66, 34, 'CONTRAT', 'PROPOSANT', 'DRAW', 'uploads/signatures/signature_proposant_draw_20251107_154516_5f34e9e1.png', NULL, '2025-11-07 15:45:16'),
(67, 34, 'CONTRAT', 'ASSURE', 'DRAW', 'uploads/signatures/signature_assure_draw_20251107_154516_a7906f00.png', NULL, '2025-11-07 15:45:16'),
(68, 34, 'DECLARATION', 'ASSURE', 'DRAW', 'uploads/signatures/decl_signature_assure_draw_20251107_154516_dde7784f.png', NULL, '2025-11-07 15:45:16'),
(69, 35, 'CONTRAT', 'PROPOSANT', 'DRAW', 'uploads/signatures/signature_proposant_draw_20251107_155841_3600ebf1.png', NULL, '2025-11-07 15:58:42'),
(70, 35, 'CONTRAT', 'ASSURE', 'DRAW', 'uploads/signatures/signature_assure_draw_20251107_155841_dc85e2ba.png', NULL, '2025-11-07 15:58:42'),
(71, 35, 'DECLARATION', 'ASSURE', 'DRAW', 'uploads/signatures/decl_signature_assure_draw_20251107_155841_976b8fa8.png', NULL, '2025-11-07 15:58:42'),
(72, 36, 'CONTRAT', 'PROPOSANT', 'DRAW', 'uploads/signatures/signature_proposant_draw_20251107_160957_eb9c98e9.png', NULL, '2025-11-07 16:09:57'),
(73, 36, 'CONTRAT', 'ASSURE', 'DRAW', 'uploads/signatures/signature_assure_draw_20251107_160957_e394367c.png', NULL, '2025-11-07 16:09:57'),
(74, 36, 'DECLARATION', 'ASSURE', 'DRAW', 'uploads/signatures/decl_signature_assure_draw_20251107_160957_1693d11f.png', NULL, '2025-11-07 16:09:57'),
(75, 37, 'CONTRAT', 'PROPOSANT', 'DRAW', 'uploads/signatures/signature_proposant_draw_20251107_162102_2e4601e3.png', NULL, '2025-11-07 16:21:02'),
(76, 37, 'CONTRAT', 'ASSURE', 'DRAW', 'uploads/signatures/signature_assure_draw_20251107_162102_e2d66c20.png', NULL, '2025-11-07 16:21:02'),
(77, 37, 'DECLARATION', 'ASSURE', 'DRAW', 'uploads/signatures/decl_signature_assure_draw_20251107_162102_d3188607.png', NULL, '2025-11-07 16:21:02'),
(78, 38, 'CONTRAT', 'PROPOSANT', 'DRAW', 'uploads/signatures/signature_proposant_draw_20251107_170950_e5cb4851.png', NULL, '2025-11-07 17:09:50'),
(79, 38, 'CONTRAT', 'ASSURE', 'DRAW', 'uploads/signatures/signature_assure_draw_20251107_170950_26e59f9b.png', NULL, '2025-11-07 17:09:50'),
(80, 38, 'DECLARATION', 'ASSURE', 'DRAW', 'uploads/signatures/decl_signature_assure_draw_20251107_170950_bdc97368.png', NULL, '2025-11-07 17:09:50'),
(81, 39, 'CONTRAT', 'PROPOSANT', 'DRAW', 'uploads/signatures/signature_proposant_draw_20251107_172014_04d7bfd7.png', NULL, '2025-11-07 17:20:14'),
(82, 39, 'CONTRAT', 'ASSURE', 'DRAW', 'uploads/signatures/signature_assure_draw_20251107_172014_837fa8be.png', NULL, '2025-11-07 17:20:14'),
(83, 39, 'DECLARATION', 'ASSURE', 'DRAW', 'uploads/signatures/decl_signature_assure_draw_20251107_172014_b27c66b2.png', NULL, '2025-11-07 17:20:14'),
(84, 40, 'CONTRAT', 'PROPOSANT', 'DRAW', 'uploads/signatures/signature_proposant_draw_20251107_174012_93d65dbc.png', NULL, '2025-11-07 17:40:12'),
(85, 40, 'CONTRAT', 'ASSURE', 'DRAW', 'uploads/signatures/signature_assure_draw_20251107_174012_6b2372e6.png', NULL, '2025-11-07 17:40:12'),
(86, 40, 'DECLARATION', 'ASSURE', 'DRAW', 'uploads/signatures/decl_signature_assure_draw_20251107_174012_0a8edd93.png', NULL, '2025-11-07 17:40:12'),
(87, 41, 'CONTRAT', 'PROPOSANT', 'DRAW', 'uploads/signatures/signature_proposant_draw_20251107_174257_b1e6f160.png', NULL, '2025-11-07 17:42:57'),
(88, 41, 'CONTRAT', 'ASSURE', 'DRAW', 'uploads/signatures/signature_assure_draw_20251107_174257_58d06f71.png', NULL, '2025-11-07 17:42:57'),
(89, 41, 'DECLARATION', 'ASSURE', 'DRAW', 'uploads/signatures/decl_signature_assure_draw_20251107_174257_35a434f8.png', NULL, '2025-11-07 17:42:57'),
(90, 42, 'CONTRAT', 'PROPOSANT', 'DRAW', 'uploads/signatures/signature_proposant_draw_20251107_182537_d5ba3a59.png', NULL, '2025-11-07 18:25:37'),
(91, 42, 'CONTRAT', 'ASSURE', 'DRAW', 'uploads/signatures/signature_assure_draw_20251107_182537_fe1f69bd.png', NULL, '2025-11-07 18:25:37'),
(92, 42, 'DECLARATION', 'ASSURE', 'DRAW', 'uploads/signatures/decl_signature_assure_draw_20251107_182537_05725ad4.png', NULL, '2025-11-07 18:25:37'),
(93, 43, 'CONTRAT', 'PROPOSANT', 'DRAW', 'uploads/signatures/signature_proposant_draw_20251107_185252_d3fdefc2.png', NULL, '2025-11-07 18:52:52'),
(94, 43, 'CONTRAT', 'ASSURE', 'DRAW', 'uploads/signatures/signature_assure_draw_20251107_185252_b8b73195.png', NULL, '2025-11-07 18:52:52'),
(95, 43, 'DECLARATION', 'ASSURE', 'DRAW', 'uploads/signatures/decl_signature_assure_draw_20251107_185252_2c7a613e.png', NULL, '2025-11-07 18:52:52'),
(96, 44, 'CONTRAT', 'PROPOSANT', 'DRAW', 'uploads/signatures/signature_proposant_draw_20251108_110032_dcae33e6.png', NULL, '2025-11-08 11:00:32'),
(97, 44, 'CONTRAT', 'ASSURE', 'DRAW', 'uploads/signatures/signature_assure_draw_20251108_110032_1b535f69.png', NULL, '2025-11-08 11:00:32'),
(98, 45, 'CONTRAT', 'PROPOSANT', 'DRAW', 'uploads/signatures/signature_proposant_draw_20251110_125256_6da53251.png', NULL, '2025-11-10 12:52:56'),
(99, 45, 'CONTRAT', 'ASSURE', 'DRAW', 'uploads/signatures/signature_assure_draw_20251110_125256_49ccc28b.png', NULL, '2025-11-10 12:52:56'),
(100, 46, 'CONTRAT', 'PROPOSANT', 'DRAW', 'uploads/signatures/signature_proposant_draw_20251115_002457_fb223ce9.png', NULL, '2025-11-15 00:24:57'),
(101, 46, 'CONTRAT', 'ASSURE', 'DRAW', 'uploads/signatures/signature_assure_draw_20251115_002457_f512b329.png', NULL, '2025-11-15 00:24:57'),
(102, 47, 'CONTRAT', 'PROPOSANT', 'DRAW', 'uploads/signatures/signature_proposant_draw_20251115_011239_c767a1c2.png', NULL, '2025-11-15 01:12:39'),
(103, 47, 'CONTRAT', 'ASSURE', 'DRAW', 'uploads/signatures/signature_assure_draw_20251115_011239_773323b3.png', NULL, '2025-11-15 01:12:39'),
(104, 48, 'CONTRAT', 'PROPOSANT', 'DRAW', 'uploads/signatures/signature_proposant_draw_20251115_111551_f6da297f.png', NULL, '2025-11-15 11:15:51'),
(105, 48, 'CONTRAT', 'ASSURE', 'DRAW', 'uploads/signatures/signature_assure_draw_20251115_111551_c6b1ce22.png', NULL, '2025-11-15 11:15:51'),
(106, 49, 'CONTRAT', 'PROPOSANT', 'DRAW', 'uploads/signatures/signature_proposant_draw_20251115_113133_e376719a.png', NULL, '2025-11-15 11:31:33'),
(107, 49, 'CONTRAT', 'ASSURE', 'DRAW', 'uploads/signatures/signature_assure_draw_20251115_113133_60bd1dbe.png', NULL, '2025-11-15 11:31:33'),
(108, 50, 'CONTRAT', 'PROPOSANT', 'DRAW', 'uploads/signatures/signature_proposant_draw_20251115_113817_9283610e.png', NULL, '2025-11-15 11:38:17'),
(109, 50, 'CONTRAT', 'ASSURE', 'DRAW', 'uploads/signatures/signature_assure_draw_20251115_113817_77401d7e.png', NULL, '2025-11-15 11:38:17'),
(110, 51, 'CONTRAT', 'PROPOSANT', 'DRAW', 'uploads/signatures/signature_proposant_draw_20251115_115232_f97990ee.png', NULL, '2025-11-15 11:52:32'),
(111, 51, 'CONTRAT', 'ASSURE', 'DRAW', 'uploads/signatures/signature_assure_draw_20251115_115232_da321c1b.png', NULL, '2025-11-15 11:52:32'),
(112, 52, 'CONTRAT', 'PROPOSANT', 'DRAW', 'uploads/signatures/signature_proposant_draw_20251115_120303_92ff7bc3.png', NULL, '2025-11-15 12:03:03'),
(113, 52, 'CONTRAT', 'ASSURE', 'DRAW', 'uploads/signatures/signature_assure_draw_20251115_120303_e901b20e.png', NULL, '2025-11-15 12:03:03'),
(114, 53, 'CONTRAT', 'PROPOSANT', 'DRAW', 'uploads/signatures/signature_proposant_draw_20251117_083024_6ee08c3f.png', NULL, '2025-11-17 08:30:24'),
(115, 53, 'CONTRAT', 'ASSURE', 'DRAW', 'uploads/signatures/signature_assure_draw_20251117_083024_b3fe2d89.png', NULL, '2025-11-17 08:30:24'),
(116, 54, 'CONTRAT', 'PROPOSANT', 'DRAW', 'uploads/signatures/signature_proposant_draw_20251117_093250_ba21c10c.png', NULL, '2025-11-17 09:32:51'),
(117, 54, 'CONTRAT', 'ASSURE', 'DRAW', 'uploads/signatures/signature_assure_draw_20251117_093250_571cd1f2.png', NULL, '2025-11-17 09:32:51'),
(118, 56, 'CONTRAT', 'PROPOSANT', 'DRAW', 'uploads/signatures/signature_proposant_draw_20251117_114408_8136722f.png', NULL, '2025-11-17 11:44:08'),
(119, 56, 'CONTRAT', 'ASSURE', 'DRAW', 'uploads/signatures/signature_assure_draw_20251117_114408_eca6fbc2.png', NULL, '2025-11-17 11:44:08'),
(120, 57, 'CONTRAT', 'PROPOSANT', 'DRAW', 'uploads/signatures/signature_proposant_draw_20251117_115909_49156049.png', NULL, '2025-11-17 11:59:10'),
(121, 57, 'CONTRAT', 'ASSURE', 'DRAW', 'uploads/signatures/signature_assure_draw_20251117_115909_a2efcb6c.png', NULL, '2025-11-17 11:59:10'),
(122, 58, 'CONTRAT', 'PROPOSANT', 'DRAW', 'uploads/signatures/signature_proposant_draw_20251119_104051_0c0af09b.png', NULL, '2025-11-19 10:40:51'),
(123, 58, 'CONTRAT', 'ASSURE', 'DRAW', 'uploads/signatures/signature_assure_draw_20251119_104051_323fb7f5.png', NULL, '2025-11-19 10:40:51'),
(124, 59, 'CONTRAT', 'PROPOSANT', 'DRAW', 'uploads/signatures/signature_souscripteur_draw_20251119_111926_279c2089.png', NULL, '2025-11-19 11:19:26'),
(125, 59, 'CONTRAT', 'ASSURE', 'DRAW', 'uploads/signatures/signature_assure_draw_20251119_111926_6c715e2f.png', NULL, '2025-11-19 11:19:26'),
(126, 60, 'CONTRAT', 'PROPOSANT', 'DRAW', 'uploads/signatures/signature_souscripteur_draw_20251119_121555_b434ab88.png', NULL, '2025-11-19 12:15:55'),
(127, 60, 'CONTRAT', 'ASSURE', 'DRAW', 'uploads/signatures/signature_assure_draw_20251119_121555_dae48676.png', NULL, '2025-11-19 12:15:55'),
(128, 61, 'CONTRAT', 'PROPOSANT', 'DRAW', 'uploads/signatures/signature_souscripteur_draw_20251119_121827_0eaa56ac.png', NULL, '2025-11-19 12:18:27'),
(129, 61, 'CONTRAT', 'ASSURE', 'DRAW', 'uploads/signatures/signature_assure_draw_20251119_121827_b62961c1.png', NULL, '2025-11-19 12:18:27'),
(130, 62, 'CONTRAT', 'PROPOSANT', 'DRAW', 'uploads/signatures/signature_souscripteur_draw_20251119_123038_7ecee40f.png', NULL, '2025-11-19 12:30:38'),
(131, 62, 'CONTRAT', 'ASSURE', 'DRAW', 'uploads/signatures/signature_assure_draw_20251119_123038_ac467487.png', NULL, '2025-11-19 12:30:38'),
(132, 63, 'CONTRAT', 'PROPOSANT', 'DRAW', 'uploads/signatures/signature_souscripteur_draw_20251119_123809_7c5d2789.png', NULL, '2025-11-19 12:38:09'),
(133, 63, 'CONTRAT', 'ASSURE', 'DRAW', 'uploads/signatures/signature_assure_draw_20251119_123809_5f14ec9e.png', NULL, '2025-11-19 12:38:09'),
(134, 64, 'CONTRAT', 'PROPOSANT', 'DRAW', 'uploads/signatures/signature_souscripteur_draw_20251119_124858_8c321b4d.png', NULL, '2025-11-19 12:48:58'),
(135, 64, 'CONTRAT', 'ASSURE', 'DRAW', 'uploads/signatures/signature_assure_draw_20251119_124858_cfae54ed.png', NULL, '2025-11-19 12:48:58'),
(136, 65, 'CONTRAT', 'PROPOSANT', 'DRAW', 'uploads/signatures/signature_souscripteur_draw_20251119_125244_02abce61.png', NULL, '2025-11-19 12:52:44'),
(137, 65, 'CONTRAT', 'ASSURE', 'DRAW', 'uploads/signatures/signature_assure_draw_20251119_125244_15ac5b1b.png', NULL, '2025-11-19 12:52:44'),
(138, 66, 'CONTRAT', 'PROPOSANT', 'DRAW', 'uploads/signatures/signature_souscripteur_draw_20251119_141311_e0f7f5c0.png', NULL, '2025-11-19 14:13:11'),
(139, 66, 'CONTRAT', 'ASSURE', 'DRAW', 'uploads/signatures/signature_assure_draw_20251119_141311_8760787f.png', NULL, '2025-11-19 14:13:11'),
(140, 67, 'CONTRAT', 'PROPOSANT', 'DRAW', 'uploads/signatures/signature_souscripteur_draw_20251119_142230_94cbc1d5.png', NULL, '2025-11-19 14:22:30'),
(141, 67, 'CONTRAT', 'ASSURE', 'DRAW', 'uploads/signatures/signature_assure_draw_20251119_142230_692a2339.png', NULL, '2025-11-19 14:22:30'),
(142, 68, 'CONTRAT', 'PROPOSANT', 'DRAW', 'uploads/signatures/signature_souscripteur_draw_20251119_142955_001e8a29.png', NULL, '2025-11-19 14:29:55'),
(143, 68, 'CONTRAT', 'ASSURE', 'DRAW', 'uploads/signatures/signature_assure_draw_20251119_142955_bc0f23fe.png', NULL, '2025-11-19 14:29:55'),
(144, 69, 'CONTRAT', 'PROPOSANT', 'DRAW', 'uploads/signatures/signature_souscripteur_draw_20251119_143147_8c5d30cd.png', NULL, '2025-11-19 14:31:47'),
(145, 69, 'CONTRAT', 'ASSURE', 'DRAW', 'uploads/signatures/signature_assure_draw_20251119_143147_9904f0e3.png', NULL, '2025-11-19 14:31:47'),
(146, 70, 'CONTRAT', 'PROPOSANT', 'DRAW', 'uploads/signatures/signature_souscripteur_draw_20251124_111610_233fe3e5.png', NULL, '2025-11-24 11:16:11'),
(147, 70, 'CONTRAT', 'ASSURE', 'DRAW', 'uploads/signatures/signature_assure_draw_20251124_111610_1990cad3.png', NULL, '2025-11-24 11:16:11'),
(148, 70, 'DECLARATION', 'ASSURE', 'DRAW', 'uploads/signatures/decl_signature_assure_draw_20251124_111610_4014aeb9.png', NULL, '2025-11-24 11:16:11'),
(149, 71, 'CONTRAT', 'PROPOSANT', 'DRAW', 'uploads/signatures/signature_souscripteur_draw_20251124_112516_720a07c7.png', NULL, '2025-11-24 11:25:16'),
(150, 71, 'CONTRAT', 'ASSURE', 'DRAW', 'uploads/signatures/signature_assure_draw_20251124_112516_28651863.png', NULL, '2025-11-24 11:25:16'),
(151, 71, 'DECLARATION', 'ASSURE', 'DRAW', 'uploads/signatures/decl_signature_assure_draw_20251124_112516_90b96b8f.png', NULL, '2025-11-24 11:25:16'),
(152, 74, 'CONTRAT', 'PROPOSANT', 'DRAW', 'uploads/signatures/signature_souscripteur_draw_20251124_120640_fbda8bfe.png', NULL, '2025-11-24 12:06:40'),
(153, 74, 'CONTRAT', 'ASSURE', 'DRAW', 'uploads/signatures/signature_assure_draw_20251124_120640_a07fede0.png', NULL, '2025-11-24 12:06:40'),
(154, 74, 'DECLARATION', 'ASSURE', 'DRAW', 'uploads/signatures/decl_signature_assure_draw_20251124_120640_8f9010a4.png', NULL, '2025-11-24 12:06:40'),
(155, 75, 'CONTRAT', 'PROPOSANT', 'DRAW', 'uploads/signatures/signature_souscripteur_draw_20251124_122732_825f4a02.png', NULL, '2025-11-24 12:27:33'),
(156, 75, 'CONTRAT', 'ASSURE', 'DRAW', 'uploads/signatures/signature_assure_draw_20251124_122732_67a443a0.png', NULL, '2025-11-24 12:27:33'),
(157, 75, 'DECLARATION', 'ASSURE', 'DRAW', 'uploads/signatures/decl_signature_assure_draw_20251124_122732_4cbe3eb7.png', NULL, '2025-11-24 12:27:33'),
(158, 76, 'CONTRAT', 'PROPOSANT', 'DRAW', 'uploads/signatures/signature_souscripteur_draw_20251124_123405_fdca7cf1.png', NULL, '2025-11-24 12:34:05'),
(159, 76, 'CONTRAT', 'ASSURE', 'DRAW', 'uploads/signatures/signature_assure_draw_20251124_123405_f6a27c87.png', NULL, '2025-11-24 12:34:05'),
(160, 76, 'DECLARATION', 'ASSURE', 'DRAW', 'uploads/signatures/decl_signature_assure_draw_20251124_123405_9730343f.png', NULL, '2025-11-24 12:34:05'),
(161, 77, 'CONTRAT', 'PROPOSANT', 'DRAW', 'uploads/signatures/signature_proposant_draw_20251125_142646_3ecd11bc.png', NULL, '2025-11-25 14:26:46'),
(162, 77, 'CONTRAT', 'ASSURE', 'DRAW', 'uploads/signatures/signature_assure_draw_20251125_142646_b0fc5272.png', NULL, '2025-11-25 14:26:46'),
(163, 77, 'DECLARATION', 'ASSURE', 'DRAW', 'uploads/signatures/decl_signature_assure_draw_20251125_142646_1cfa1053.png', NULL, '2025-11-25 14:26:46'),
(164, 78, 'CONTRAT', 'PROPOSANT', 'DRAW', 'uploads/signatures/signature_proposant_draw_20251125_145050_71bf3c14.png', NULL, '2025-11-25 14:50:50'),
(165, 78, 'CONTRAT', 'ASSURE', 'DRAW', 'uploads/signatures/signature_assure_draw_20251125_145050_b4f20f57.png', NULL, '2025-11-25 14:50:50'),
(166, 78, 'DECLARATION', 'ASSURE', 'DRAW', 'uploads/signatures/decl_signature_assure_draw_20251125_145050_bf0426c9.png', NULL, '2025-11-25 14:50:50'),
(167, 79, 'CONTRAT', 'PROPOSANT', 'DRAW', 'uploads/signatures/signature_proposant_draw_20251125_150100_2950b0cf.png', NULL, '2025-11-25 15:01:00'),
(168, 79, 'CONTRAT', 'ASSURE', 'DRAW', 'uploads/signatures/signature_assure_draw_20251125_150100_db41f81a.png', NULL, '2025-11-25 15:01:00'),
(169, 79, 'DECLARATION', 'ASSURE', 'DRAW', 'uploads/signatures/decl_signature_assure_draw_20251125_150100_9a5de3e1.png', NULL, '2025-11-25 15:01:00'),
(170, 80, 'CONTRAT', 'PROPOSANT', 'DRAW', 'uploads/signatures/signature_proposant_draw_20251125_153305_fd01b9cc.png', NULL, '2025-11-25 15:33:05'),
(171, 80, 'CONTRAT', 'ASSURE', 'DRAW', 'uploads/signatures/signature_assure_draw_20251125_153305_2672a059.png', NULL, '2025-11-25 15:33:05'),
(172, 80, 'DECLARATION', 'ASSURE', 'DRAW', 'uploads/signatures/decl_signature_assure_draw_20251125_153305_5da15bd1.png', NULL, '2025-11-25 15:33:05'),
(173, 81, 'CONTRAT', 'PROPOSANT', 'DRAW', 'uploads/signatures/signature_proposant_draw_20251125_154058_d7a2a545.png', NULL, '2025-11-25 15:40:58'),
(174, 81, 'CONTRAT', 'ASSURE', 'DRAW', 'uploads/signatures/signature_assure_draw_20251125_154058_87899c4c.png', NULL, '2025-11-25 15:40:58'),
(175, 81, 'DECLARATION', 'ASSURE', 'DRAW', 'uploads/signatures/decl_signature_assure_draw_20251125_154058_e6a62c3e.png', NULL, '2025-11-25 15:40:58'),
(176, 82, 'CONTRAT', 'PROPOSANT', 'DRAW', 'uploads/signatures/signature_proposant_draw_20251125_180943_887b5eca.png', NULL, '2025-11-25 18:09:43'),
(177, 82, 'CONTRAT', 'ASSURE', 'DRAW', 'uploads/signatures/signature_assure_draw_20251125_180943_6dc46bba.png', NULL, '2025-11-25 18:09:43'),
(178, 82, 'DECLARATION', 'ASSURE', 'DRAW', 'uploads/signatures/decl_signature_assure_draw_20251125_180943_5005bf02.png', NULL, '2025-11-25 18:09:43'),
(179, 83, 'CONTRAT', 'PROPOSANT', 'DRAW', 'uploads/signatures/signature_proposant_draw_20251125_185948_19812d40.png', NULL, '2025-11-25 18:59:48'),
(180, 83, 'CONTRAT', 'ASSURE', 'DRAW', 'uploads/signatures/signature_assure_draw_20251125_185948_07fabc22.png', NULL, '2025-11-25 18:59:48'),
(181, 83, 'DECLARATION', 'ASSURE', 'DRAW', 'uploads/signatures/decl_signature_assure_draw_20251125_185948_77ae18fc.png', NULL, '2025-11-25 18:59:48'),
(182, 84, 'CONTRAT', 'PROPOSANT', 'DRAW', 'uploads/signatures/signature_proposant_draw_20251125_191213_00c7b409.png', NULL, '2025-11-25 19:12:14'),
(183, 84, 'CONTRAT', 'ASSURE', 'DRAW', 'uploads/signatures/signature_assure_draw_20251125_191213_6f30ffce.png', NULL, '2025-11-25 19:12:14'),
(184, 84, 'DECLARATION', 'ASSURE', 'DRAW', 'uploads/signatures/decl_signature_assure_draw_20251125_191213_4b3d7df6.png', NULL, '2025-11-25 19:12:14'),
(185, 85, 'CONTRAT', 'PROPOSANT', 'DRAW', 'uploads/signatures/signature_proposant_draw_20251125_210637_e8ffe864.png', NULL, '2025-11-25 21:06:37'),
(186, 85, 'CONTRAT', 'ASSURE', 'DRAW', 'uploads/signatures/signature_assure_draw_20251125_210637_a7bc104e.png', NULL, '2025-11-25 21:06:37'),
(187, 85, 'DECLARATION', 'ASSURE', 'DRAW', 'uploads/signatures/decl_signature_assure_draw_20251125_210637_4221e0c1.png', NULL, '2025-11-25 21:06:37'),
(188, 86, 'CONTRAT', 'PROPOSANT', 'DRAW', 'uploads/signatures/signature_proposant_draw_20251125_212510_7159d64d.png', NULL, '2025-11-25 21:25:10'),
(189, 86, 'CONTRAT', 'ASSURE', 'DRAW', 'uploads/signatures/signature_assure_draw_20251125_212510_68506284.png', NULL, '2025-11-25 21:25:10'),
(190, 86, 'DECLARATION', 'ASSURE', 'DRAW', 'uploads/signatures/decl_signature_assure_draw_20251125_212510_e17ceab5.png', NULL, '2025-11-25 21:25:10'),
(191, 87, 'CONTRAT', 'PROPOSANT', 'DRAW', 'uploads/signatures/signature_proposant_draw_20251125_214945_3d5a005d.png', NULL, '2025-11-25 21:49:45'),
(192, 87, 'CONTRAT', 'ASSURE', 'DRAW', 'uploads/signatures/signature_assure_draw_20251125_214945_480b2a2e.png', NULL, '2025-11-25 21:49:45'),
(193, 87, 'DECLARATION', 'ASSURE', 'DRAW', 'uploads/signatures/decl_signature_assure_draw_20251125_214945_7eb15dbe.png', NULL, '2025-11-25 21:49:45'),
(194, 88, 'CONTRAT', 'PROPOSANT', 'DRAW', 'uploads/signatures/signature_proposant_draw_20251125_221841_21123d7f.png', NULL, '2025-11-25 22:18:41'),
(195, 88, 'CONTRAT', 'ASSURE', 'DRAW', 'uploads/signatures/signature_assure_draw_20251125_221841_e8ee4215.png', NULL, '2025-11-25 22:18:41'),
(196, 88, 'DECLARATION', 'ASSURE', 'DRAW', 'uploads/signatures/decl_signature_assure_draw_20251125_221841_5d76b6a1.png', NULL, '2025-11-25 22:18:41'),
(197, 89, 'CONTRAT', 'PROPOSANT', 'DRAW', 'uploads/signatures/signature_proposant_draw_20251125_233622_193087d4.png', NULL, '2025-11-25 23:36:23'),
(198, 89, 'CONTRAT', 'ASSURE', 'DRAW', 'uploads/signatures/signature_assure_draw_20251125_233622_03cb41e7.png', NULL, '2025-11-25 23:36:23'),
(199, 89, 'DECLARATION', 'ASSURE', 'DRAW', 'uploads/signatures/decl_signature_assure_draw_20251125_233622_ffb4f0bd.png', NULL, '2025-11-25 23:36:23'),
(200, 90, 'CONTRAT', 'PROPOSANT', 'DRAW', 'uploads/signatures/signature_proposant_draw_20251125_235531_ff7a9a04.png', NULL, '2025-11-25 23:55:31'),
(201, 90, 'CONTRAT', 'ASSURE', 'DRAW', 'uploads/signatures/signature_assure_draw_20251125_235531_9bb50d04.png', NULL, '2025-11-25 23:55:31'),
(202, 90, 'DECLARATION', 'ASSURE', 'DRAW', 'uploads/signatures/decl_signature_assure_draw_20251125_235531_c70aa103.png', NULL, '2025-11-25 23:55:31'),
(203, 92, 'CONTRAT', 'PROPOSANT', 'DRAW', 'uploads/signatures/signature_proposant_draw_20251126_090148_68472bc7.png', NULL, '2025-11-26 09:01:48'),
(204, 92, 'CONTRAT', 'ASSURE', 'DRAW', 'uploads/signatures/signature_assure_draw_20251126_090148_0f7c6bbd.png', NULL, '2025-11-26 09:01:48'),
(205, 92, 'DECLARATION', 'ASSURE', 'DRAW', 'uploads/signatures/decl_signature_assure_draw_20251126_090148_f06c92d7.png', NULL, '2025-11-26 09:01:48'),
(206, 100, 'CONTRAT', 'PROPOSANT', 'DRAW', 'uploads/signatures/signature_souscripteur_draw_20251127_092205_0fe4e9aa.png', NULL, '2025-11-27 09:22:06'),
(207, 100, 'CONTRAT', 'ASSURE', 'DRAW', 'uploads/signatures/signature_assure_draw_20251127_092205_69604ec6.png', NULL, '2025-11-27 09:22:06'),
(208, 101, 'CONTRAT', 'PROPOSANT', 'UPLOAD', 'uploads/signatures/signature_adherent_20251127_092303_cd2f2b0c.jpeg', 'WhatsApp Image 2025-10-10 at 10.03.46 (1).jpeg', '2025-11-27 09:23:03'),
(209, 101, 'CONTRAT', 'ASSURE', 'UPLOAD', 'uploads/signatures/signature_adherent_20251127_092303_cd2f2b0c.jpeg', NULL, '2025-11-27 09:23:03'),
(210, 102, 'CONTRAT', 'PROPOSANT', 'UPLOAD', 'uploads/signatures/signature_adherent_20251127_092623_442fc218.jpeg', 'WhatsApp Image 2025-10-10 at 10.03.46 (1).jpeg', '2025-11-27 09:26:23'),
(211, 102, 'CONTRAT', 'ASSURE', 'UPLOAD', 'uploads/signatures/signature_adherent_20251127_092623_442fc218.jpeg', NULL, '2025-11-27 09:26:23'),
(212, 103, 'CONTRAT', 'PROPOSANT', 'DRAW', 'uploads/signatures/signature_souscripteur_draw_20251127_092841_407d41a8.png', NULL, '2025-11-27 09:28:41'),
(213, 103, 'CONTRAT', 'ASSURE', 'DRAW', 'uploads/signatures/signature_assure_draw_20251127_092841_27ab504e.png', NULL, '2025-11-27 09:28:41'),
(214, 104, 'CONTRAT', 'PROPOSANT', 'DRAW', 'uploads/signatures/signature_souscripteur_draw_20251127_102410_e2008f03.png', NULL, '2025-11-27 10:24:10'),
(215, 104, 'CONTRAT', 'ASSURE', 'DRAW', 'uploads/signatures/signature_assure_draw_20251127_102410_eca48c8c.png', NULL, '2025-11-27 10:24:10'),
(216, 105, 'CONTRAT', 'PROPOSANT', 'DRAW', 'uploads/signatures/signature_souscripteur_draw_20251127_105500_b8062f3c.png', NULL, '2025-11-27 10:55:00'),
(217, 105, 'CONTRAT', 'ASSURE', 'DRAW', 'uploads/signatures/signature_assure_draw_20251127_105500_45f2ea7d.png', NULL, '2025-11-27 10:55:00'),
(218, 106, 'CONTRAT', 'PROPOSANT', 'DRAW', 'uploads/signatures/signature_souscripteur_draw_20251127_142929_291ebd82.png', NULL, '2025-11-27 14:29:29'),
(219, 106, 'CONTRAT', 'ASSURE', 'DRAW', 'uploads/signatures/signature_assure_draw_20251127_142929_25625209.png', NULL, '2025-11-27 14:29:29'),
(220, 106, 'DECLARATION', 'ASSURE', 'DRAW', 'uploads/signatures/decl_signature_assure_draw_20251127_142929_2e818f12.png', NULL, '2025-11-27 14:29:29'),
(221, 107, 'CONTRAT', 'PROPOSANT', 'DRAW', 'uploads/signatures/signature_souscripteur_draw_20251127_162525_8f8bac05.png', NULL, '2025-11-27 16:25:25'),
(222, 107, 'CONTRAT', 'ASSURE', 'DRAW', 'uploads/signatures/signature_assure_draw_20251127_162525_515bdbcb.png', NULL, '2025-11-27 16:25:25'),
(223, 108, 'CONTRAT', 'PROPOSANT', 'DRAW', 'uploads/signatures/signature_souscripteur_draw_20251128_114533_95b37c22.png', NULL, '2025-11-28 11:45:33'),
(224, 108, 'CONTRAT', 'ASSURE', 'DRAW', 'uploads/signatures/signature_assure_draw_20251128_114533_dac18bf5.png', NULL, '2025-11-28 11:45:33'),
(225, 108, 'DECLARATION', 'ASSURE', 'DRAW', 'uploads/signatures/decl_signature_assure_draw_20251128_114533_42f504de.png', NULL, '2025-11-28 11:45:33'),
(226, 109, 'CONTRAT', 'PROPOSANT', 'DRAW', 'uploads/signatures/signature_souscripteur_draw_20251128_115153_8e3a0d1e.png', NULL, '2025-11-28 11:51:53'),
(227, 109, 'CONTRAT', 'ASSURE', 'DRAW', 'uploads/signatures/signature_assure_draw_20251128_115153_80b68b70.png', NULL, '2025-11-28 11:51:53'),
(228, 109, 'DECLARATION', 'ASSURE', 'DRAW', 'uploads/signatures/decl_signature_assure_draw_20251128_115153_04f3ea3f.png', NULL, '2025-11-28 11:51:53'),
(229, 110, 'CONTRAT', 'PROPOSANT', 'DRAW', 'uploads/signatures/signature_souscripteur_draw_20251128_115452_1f946638.png', NULL, '2025-11-28 11:54:52'),
(230, 110, 'CONTRAT', 'ASSURE', 'DRAW', 'uploads/signatures/signature_assure_draw_20251128_115452_65f68b97.png', NULL, '2025-11-28 11:54:52'),
(231, 110, 'DECLARATION', 'ASSURE', 'DRAW', 'uploads/signatures/decl_signature_assure_draw_20251128_115452_d7bae2af.png', NULL, '2025-11-28 11:54:52'),
(232, 111, 'CONTRAT', 'PROPOSANT', 'DRAW', 'uploads/signatures/signature_souscripteur_draw_20251128_142704_2c72856d.png', NULL, '2025-11-28 14:27:04'),
(233, 111, 'CONTRAT', 'ASSURE', 'DRAW', 'uploads/signatures/signature_assure_draw_20251128_142704_bc1f9e8b.png', NULL, '2025-11-28 14:27:04'),
(234, 112, 'CONTRAT', 'PROPOSANT', 'DRAW', 'uploads/signatures/signature_souscripteur_draw_20251128_142956_d4d16926.png', NULL, '2025-11-28 14:29:56'),
(235, 112, 'CONTRAT', 'ASSURE', 'DRAW', 'uploads/signatures/signature_assure_draw_20251128_142956_0fb95d8d.png', NULL, '2025-11-28 14:29:56'),
(236, 113, 'CONTRAT', 'PROPOSANT', 'DRAW', 'uploads/signatures/signature_souscripteur_draw_20251128_144942_013b6b09.png', NULL, '2025-11-28 14:49:42'),
(237, 113, 'CONTRAT', 'ASSURE', 'DRAW', 'uploads/signatures/signature_assure_draw_20251128_144942_605961e2.png', NULL, '2025-11-28 14:49:42'),
(238, 114, 'CONTRAT', 'PROPOSANT', 'DRAW', 'uploads/signatures/signature_souscripteur_draw_20251128_145509_56a972ef.png', NULL, '2025-11-28 14:55:09'),
(239, 114, 'CONTRAT', 'ASSURE', 'DRAW', 'uploads/signatures/signature_assure_draw_20251128_145509_d16820c8.png', NULL, '2025-11-28 14:55:09'),
(240, 115, 'CONTRAT', 'PROPOSANT', 'DRAW', 'uploads/signatures/signature_souscripteur_draw_20251128_160504_7fa19ab2.png', NULL, '2025-11-28 16:05:04'),
(241, 115, 'CONTRAT', 'ASSURE', 'DRAW', 'uploads/signatures/signature_assure_draw_20251128_160504_c4c7c59a.png', NULL, '2025-11-28 16:05:04'),
(242, 116, 'CONTRAT', 'PROPOSANT', 'DRAW', 'uploads/signatures/signature_souscripteur_draw_20251128_161146_18f1400e.png', NULL, '2025-11-28 16:11:46'),
(243, 116, 'CONTRAT', 'ASSURE', 'DRAW', 'uploads/signatures/signature_assure_draw_20251128_161146_9c096891.png', NULL, '2025-11-28 16:11:46'),
(244, 117, 'CONTRAT', 'PROPOSANT', 'DRAW', 'uploads/signatures/signature_souscripteur_draw_20251128_161230_48d5cad9.png', NULL, '2025-11-28 16:12:30'),
(245, 117, 'CONTRAT', 'ASSURE', 'DRAW', 'uploads/signatures/signature_assure_draw_20251128_161230_d3dbf4d3.png', NULL, '2025-11-28 16:12:30'),
(246, 118, 'CONTRAT', 'PROPOSANT', 'DRAW', 'uploads/signatures/signature_souscripteur_draw_20251128_161428_65ab421b.png', NULL, '2025-11-28 16:14:28'),
(247, 118, 'CONTRAT', 'ASSURE', 'DRAW', 'uploads/signatures/signature_assure_draw_20251128_161428_ca0f797e.png', NULL, '2025-11-28 16:14:28'),
(248, 119, 'CONTRAT', 'PROPOSANT', 'DRAW', 'uploads/signatures/signature_souscripteur_draw_20251128_162721_2b815f56.png', NULL, '2025-11-28 16:27:21'),
(249, 119, 'CONTRAT', 'ASSURE', 'DRAW', 'uploads/signatures/signature_assure_draw_20251128_162721_a4f80518.png', NULL, '2025-11-28 16:27:21'),
(250, 120, 'CONTRAT', 'PROPOSANT', 'DRAW', 'uploads/signatures/signature_souscripteur_draw_20251129_091626_959137a8.png', NULL, '2025-11-29 09:16:26'),
(251, 120, 'CONTRAT', 'ASSURE', 'DRAW', 'uploads/signatures/signature_assure_draw_20251129_091626_4c465fd0.png', NULL, '2025-11-29 09:16:26'),
(252, 121, 'CONTRAT', 'PROPOSANT', 'DRAW', 'uploads/signatures/signature_souscripteur_draw_20251130_144313_3278d28b.png', NULL, '2025-11-30 13:43:13'),
(253, 121, 'CONTRAT', 'ASSURE', 'DRAW', 'uploads/signatures/signature_assure_draw_20251130_144313_e6bcbef5.png', NULL, '2025-11-30 13:43:13'),
(254, 122, 'CONTRAT', 'PROPOSANT', 'DRAW', 'uploads/signatures/signature_souscripteur_draw_20251130_154211_373b89b2.png', NULL, '2025-11-30 14:42:11'),
(255, 122, 'CONTRAT', 'ASSURE', 'DRAW', 'uploads/signatures/signature_assure_draw_20251130_154211_83406d6e.png', NULL, '2025-11-30 14:42:11'),
(256, 123, 'CONTRAT', 'PROPOSANT', 'DRAW', 'uploads/signatures/signature_souscripteur_draw_20251130_154748_26e6a451.png', NULL, '2025-11-30 14:47:48'),
(257, 123, 'CONTRAT', 'ASSURE', 'DRAW', 'uploads/signatures/signature_assure_draw_20251130_154748_43a189db.png', NULL, '2025-11-30 14:47:48'),
(258, 124, 'CONTRAT', 'PROPOSANT', 'DRAW', 'uploads/signatures/signature_souscripteur_draw_20251130_155058_bd6e59b8.png', NULL, '2025-11-30 14:50:58'),
(259, 124, 'CONTRAT', 'ASSURE', 'DRAW', 'uploads/signatures/signature_assure_draw_20251130_155058_9e50ddfd.png', NULL, '2025-11-30 14:50:58'),
(260, 125, 'CONTRAT', 'PROPOSANT', 'DRAW', 'uploads/signatures/signature_souscripteur_draw_20251130_155453_b2d2f516.png', NULL, '2025-11-30 14:54:53'),
(261, 125, 'CONTRAT', 'ASSURE', 'DRAW', 'uploads/signatures/signature_assure_draw_20251130_155453_49177fdd.png', NULL, '2025-11-30 14:54:53'),
(262, 126, 'CONTRAT', 'PROPOSANT', 'DRAW', 'uploads/signatures/signature_souscripteur_draw_20251130_155918_12cb8a67.png', NULL, '2025-11-30 14:59:18'),
(263, 126, 'CONTRAT', 'ASSURE', 'DRAW', 'uploads/signatures/signature_assure_draw_20251130_155918_52234e0f.png', NULL, '2025-11-30 14:59:18'),
(264, 127, 'CONTRAT', 'PROPOSANT', 'DRAW', 'uploads/signatures/signature_souscripteur_draw_20251130_170641_3771d6d4.png', NULL, '2025-11-30 16:06:41'),
(265, 127, 'CONTRAT', 'ASSURE', 'DRAW', 'uploads/signatures/signature_assure_draw_20251130_170641_429b7de9.png', NULL, '2025-11-30 16:06:41'),
(266, 128, 'CONTRAT', 'PROPOSANT', 'DRAW', 'uploads/signatures/signature_souscripteur_draw_20251130_182947_ef746e3c.png', NULL, '2025-11-30 17:29:47'),
(267, 128, 'CONTRAT', 'ASSURE', 'DRAW', 'uploads/signatures/signature_assure_draw_20251130_182947_a9bb70ed.png', NULL, '2025-11-30 17:29:47'),
(268, 129, 'CONTRAT', 'PROPOSANT', 'DRAW', 'uploads/signatures/signature_souscripteur_draw_20251130_185723_b6b3ee6e.png', NULL, '2025-11-30 17:57:23'),
(269, 129, 'CONTRAT', 'ASSURE', 'DRAW', 'uploads/signatures/signature_assure_draw_20251130_185723_c3ec8cad.png', NULL, '2025-11-30 17:57:23'),
(270, 130, 'CONTRAT', 'PROPOSANT', 'DRAW', 'uploads/signatures/signature_souscripteur_draw_20251130_192325_e4783c5b.png', NULL, '2025-11-30 18:23:25'),
(271, 130, 'CONTRAT', 'ASSURE', 'DRAW', 'uploads/signatures/signature_assure_draw_20251130_192325_4f8ff9cf.png', NULL, '2025-11-30 18:23:25'),
(272, 131, 'CONTRAT', 'PROPOSANT', 'DRAW', 'uploads/signatures/signature_proposant_draw_20251130_194026_b099dd31.png', NULL, '2025-11-30 18:40:26'),
(273, 131, 'CONTRAT', 'ASSURE', 'DRAW', 'uploads/signatures/signature_assure_draw_20251130_194026_4f5adeab.png', NULL, '2025-11-30 18:40:26'),
(274, 131, 'DECLARATION', 'ASSURE', 'DRAW', 'uploads/signatures/decl_signature_assure_draw_20251130_194026_f0323acb.png', NULL, '2025-11-30 18:40:26'),
(275, 132, 'CONTRAT', 'PROPOSANT', 'DRAW', 'uploads/signatures/signature_souscripteur_draw_20251130_203938_512f1e20.png', NULL, '2025-11-30 19:39:38'),
(276, 132, 'CONTRAT', 'ASSURE', 'DRAW', 'uploads/signatures/signature_assure_draw_20251130_203938_336b1912.png', NULL, '2025-11-30 19:39:38'),
(277, 133, 'CONTRAT', 'PROPOSANT', 'DRAW', 'uploads/signatures/signature_souscripteur_draw_20251201_100141_d5f08971.png', NULL, '2025-12-01 09:01:41'),
(278, 133, 'CONTRAT', 'ASSURE', 'DRAW', 'uploads/signatures/signature_assure_draw_20251201_100141_126e9961.png', NULL, '2025-12-01 09:01:41'),
(279, 134, 'CONTRAT', 'PROPOSANT', 'DRAW', 'uploads/signatures/signature_souscripteur_draw_20251201_101836_353405e9.png', NULL, '2025-12-01 09:18:36'),
(280, 134, 'CONTRAT', 'ASSURE', 'DRAW', 'uploads/signatures/signature_assure_draw_20251201_101836_ecb2f0ee.png', NULL, '2025-12-01 09:18:36'),
(281, 135, 'CONTRAT', 'PROPOSANT', 'DRAW', 'uploads/signatures/signature_souscripteur_draw_20251201_102432_5189d3a6.png', NULL, '2025-12-01 09:24:32'),
(282, 135, 'CONTRAT', 'ASSURE', 'DRAW', 'uploads/signatures/signature_assure_draw_20251201_102432_cdb22acd.png', NULL, '2025-12-01 09:24:32'),
(283, 135, 'DECLARATION', 'ASSURE', 'DRAW', 'uploads/signatures/decl_signature_assure_draw_20251201_102432_17c65340.png', NULL, '2025-12-01 09:24:32'),
(284, 136, 'CONTRAT', 'PROPOSANT', 'DRAW', 'uploads/signatures/signature_souscripteur_draw_20251201_103812_98f4950c.png', NULL, '2025-12-01 09:38:12'),
(285, 136, 'CONTRAT', 'ASSURE', 'DRAW', 'uploads/signatures/signature_assure_draw_20251201_103812_e239a50a.png', NULL, '2025-12-01 09:38:12'),
(286, 137, 'CONTRAT', 'PROPOSANT', 'DRAW', 'uploads/signatures/signature_souscripteur_draw_20251201_104126_b6c2310a.png', NULL, '2025-12-01 09:41:26'),
(287, 137, 'CONTRAT', 'ASSURE', 'DRAW', 'uploads/signatures/signature_assure_draw_20251201_104126_eedbe69c.png', NULL, '2025-12-01 09:41:26'),
(288, 138, 'CONTRAT', 'PROPOSANT', 'DRAW', 'uploads/signatures/signature_proposant_draw_20251201_104429_d3612789.png', NULL, '2025-12-01 09:44:29'),
(289, 138, 'CONTRAT', 'ASSURE', 'DRAW', 'uploads/signatures/signature_assure_draw_20251201_104429_98d95dba.png', NULL, '2025-12-01 09:44:29'),
(290, 138, 'DECLARATION', 'ASSURE', 'DRAW', 'uploads/signatures/decl_signature_assure_draw_20251201_104429_1537628c.png', NULL, '2025-12-01 09:44:29'),
(291, 139, 'CONTRAT', 'PROPOSANT', 'DRAW', 'uploads/signatures/signature_souscripteur_draw_20251201_105022_215c59f4.png', NULL, '2025-12-01 09:50:22'),
(292, 139, 'CONTRAT', 'ASSURE', 'DRAW', 'uploads/signatures/signature_assure_draw_20251201_105022_54e685e8.png', NULL, '2025-12-01 09:50:22'),
(293, 139, 'DECLARATION', 'ASSURE', 'DRAW', 'uploads/signatures/decl_signature_assure_draw_20251201_105022_8b61b3cf.png', NULL, '2025-12-01 09:50:22'),
(294, 140, 'CONTRAT', 'PROPOSANT', 'DRAW', 'uploads/signatures/signature_souscripteur_draw_20251201_120656_1ecdc43c.png', NULL, '2025-12-01 11:06:56'),
(295, 140, 'CONTRAT', 'ASSURE', 'DRAW', 'uploads/signatures/signature_assure_draw_20251201_120656_be7be975.png', NULL, '2025-12-01 11:06:56');

-- --------------------------------------------------------

--
-- Structure de la table `souscripteurs`
--

CREATE TABLE `souscripteurs` (
  `id` bigint UNSIGNED NOT NULL,
  `civilite` enum('Mme','Mlle','M') CHARACTER SET utf8mb4 COLLATE utf8mb4_unicode_ci NOT NULL,
  `nom` varchar(80) CHARACTER SET utf8mb4 COLLATE utf8mb4_unicode_ci NOT NULL,
  `prenoms` varchar(120) CHARACTER SET utf8mb4 COLLATE utf8mb4_unicode_ci NOT NULL,
  `date_naissance` date NOT NULL,
  `lieu_naissance` varchar(100) CHARACTER SET utf8mb4 COLLATE utf8mb4_unicode_ci NOT NULL,
  `nationalite` varchar(60) CHARACTER SET utf8mb4 COLLATE utf8mb4_unicode_ci NOT NULL,
  `situation_matrimoniale` varchar(20) CHARACTER SET utf8mb4 COLLATE utf8mb4_unicode_ci NOT NULL,
  `piece_type` varchar(20) CHARACTER SET utf8mb4 COLLATE utf8mb4_unicode_ci DEFAULT NULL,
  `piece_numero` varchar(30) CHARACTER SET utf8mb4 COLLATE utf8mb4_unicode_ci NOT NULL,
  `piece_image_file` varchar(255) CHARACTER SET utf8mb4 COLLATE utf8mb4_unicode_ci DEFAULT NULL,
  `piece_image_name` varchar(255) CHARACTER SET utf8mb4 COLLATE utf8mb4_unicode_ci DEFAULT NULL,
  `adresse` varchar(120) CHARACTER SET utf8mb4 COLLATE utf8mb4_unicode_ci NOT NULL,
  `boite_postale` varchar(40) CHARACTER SET utf8mb4 COLLATE utf8mb4_unicode_ci DEFAULT NULL,
  `ville` varchar(60) CHARACTER SET utf8mb4 COLLATE utf8mb4_unicode_ci DEFAULT NULL,
  `tel_dom` varchar(30) CHARACTER SET utf8mb4 COLLATE utf8mb4_unicode_ci DEFAULT NULL,
  `telephone` varchar(30) CHARACTER SET utf8mb4 COLLATE utf8mb4_unicode_ci NOT NULL,
  `email` varchar(120) CHARACTER SET utf8mb4 COLLATE utf8mb4_unicode_ci NOT NULL,
  `statut_professionnel` enum('salarie','non_salarie','sans_activite','retraite') CHARACTER SET utf8mb4 COLLATE utf8mb4_unicode_ci NOT NULL,
  `profession` varchar(60) CHARACTER SET utf8mb4 COLLATE utf8mb4_unicode_ci DEFAULT NULL,
  `employeur` varchar(80) CHARACTER SET utf8mb4 COLLATE utf8mb4_unicode_ci DEFAULT NULL,
  `telephone_bureau` varchar(30) CHARACTER SET utf8mb4 COLLATE utf8mb4_unicode_ci DEFAULT NULL,
  `adresse_employeur` varchar(120) CHARACTER SET utf8mb4 COLLATE utf8mb4_unicode_ci DEFAULT NULL,
  `email_professionnel` varchar(120) CHARACTER SET utf8mb4 COLLATE utf8mb4_unicode_ci DEFAULT NULL,
  `secteur_activite` varchar(60) CHARACTER SET utf8mb4 COLLATE utf8mb4_unicode_ci DEFAULT NULL,
  `revenu_annuel` enum('<10M','10-30M','>30M') CHARACTER SET utf8mb4 COLLATE utf8mb4_unicode_ci NOT NULL,
  `patrimoine` enum('<50M','50-150M','>150M') CHARACTER SET utf8mb4 COLLATE utf8mb4_unicode_ci NOT NULL,
  `fatca_is_us_citizen` enum('Oui','Non') CHARACTER SET utf8mb4 COLLATE utf8mb4_unicode_ci DEFAULT NULL,
  `fatca_is_us_tax_resident` enum('Oui','Non') CHARACTER SET utf8mb4 COLLATE utf8mb4_unicode_ci DEFAULT NULL,
  `fatca_id_number` varchar(50) CHARACTER SET utf8mb4 COLLATE utf8mb4_unicode_ci DEFAULT NULL,
  `created_at` timestamp NULL DEFAULT CURRENT_TIMESTAMP
) ENGINE=InnoDB DEFAULT CHARSET=utf8mb4 COLLATE=utf8mb4_unicode_ci;

--
-- Déchargement des données de la table `souscripteurs`
--

INSERT INTO `souscripteurs` (`id`, `civilite`, `nom`, `prenoms`, `date_naissance`, `lieu_naissance`, `nationalite`, `situation_matrimoniale`, `piece_type`, `piece_numero`, `piece_image_file`, `piece_image_name`, `adresse`, `boite_postale`, `ville`, `tel_dom`, `telephone`, `email`, `statut_professionnel`, `profession`, `employeur`, `telephone_bureau`, `adresse_employeur`, `email_professionnel`, `secteur_activite`, `revenu_annuel`, `patrimoine`, `fatca_is_us_citizen`, `fatca_is_us_tax_resident`, `fatca_id_number`, `created_at`) VALUES
(1, 'M', 'Sene', 'Mamadou Bamba', '2000-10-09', 'Dakar', 'Sénégal', '', NULL, '1972200200593', NULL, NULL, 'dsd DAKAR', NULL, NULL, NULL, '77656467', 'ibrahimasene4@esp.sn', 'salarie', 'Informaticien', 'NSIA VIE SENEGAL', '337583908', 'Dakar', 'destromania8@gmail.com', 'Banque', '<10M', '50-150M', NULL, NULL, NULL, '2025-10-31 12:25:18'),
(2, 'M', 'sENNEE', 'DWIGHT', '2001-10-17', 'Dakar', 'Sénégal', '', NULL, '1972200200593', NULL, NULL, 'dsd DAKAR', NULL, NULL, NULL, '774567829', 'magatte@news.com', 'salarie', 'Informaticien', 'NSIA VIE SENEGAL', '776546798', 'Dakar', 'seneibrahima@gmail.com', 'BANQUE', '<10M', '50-150M', NULL, NULL, NULL, '2025-10-31 12:29:37'),
(3, 'M', 'sENNEE', 'DWIGHT', '2001-10-17', 'Dakar', 'Sénégal', '', NULL, '1972200200593', NULL, NULL, 'dsd DAKAR', NULL, NULL, NULL, '774567829', 'magatte@news.com', 'salarie', 'Informaticien', 'NSIA VIE SENEGAL', '776546798', 'Dakar', 'seneibrahima@gmail.com', 'BANQUE', '<10M', '50-150M', NULL, NULL, NULL, '2025-10-31 12:29:41'),
(4, 'M', 'sENNEE', 'DWIGHT', '2001-10-17', 'Dakar', 'Sénégal', '', NULL, '1972200200593', NULL, NULL, 'dsd DAKAR', NULL, NULL, NULL, '774567829', 'magatte@news.com', 'salarie', 'Informaticien', 'NSIA VIE SENEGAL', '776546798', 'Dakar', 'seneibrahima@gmail.com', 'BANQUE', '<10M', '50-150M', NULL, NULL, NULL, '2025-10-31 12:29:48'),
(5, 'M', 'sENNEE', 'DWIGHT', '2001-10-17', 'Dakar', 'Sénégal', '', NULL, '1972200200593', NULL, NULL, 'dsd DAKAR', NULL, NULL, NULL, '774567829', 'magatte@news.com', 'salarie', 'Informaticien', 'NSIA VIE SENEGAL', '776546798', 'Dakar', 'seneibrahima@gmail.com', 'BANQUE', '<10M', '50-150M', NULL, NULL, NULL, '2025-10-31 12:31:42'),
(6, 'M', 'sENNEE', 'DWIGHT', '2001-10-17', 'Dakar', 'Sénégal', '', NULL, '1972200200593', NULL, NULL, 'dsd DAKAR', NULL, NULL, NULL, '774567829', 'magatte@news.com', 'salarie', 'Informaticien', 'NSIA VIE SENEGAL', '776546798', 'Dakar', 'seneibrahima@gmail.com', 'BANQUE', '<10M', '50-150M', NULL, NULL, NULL, '2025-10-31 12:42:38'),
(7, 'M', 'Sene', 'Dwight', '2000-10-02', 'Dakar', 'Allemagne', 'Veuf(ve)', NULL, '1972200200593', NULL, NULL, 'dsd DAKAR', NULL, NULL, NULL, '774323456', 'destromania8@gmail.com', 'salarie', 'Informaticien', 'NSIA VIE SENEGAL', '334532345', 'Dakar', 'sene88ibrahima@gmail.com', 'Banque', '<10M', '>150M', NULL, NULL, NULL, '2025-10-31 15:39:29'),
(8, 'M', 'sene', 'khalil', '2000-10-16', 'Dakar', 'Algérie', '', NULL, '1972200200593', NULL, NULL, 'dsd DAKAR', NULL, NULL, NULL, '776786578', 'seneibrahima@gmail.com', 'salarie', 'Informaticien', 'NSIA VIE SENEGAL', '745646464', 'Dakar', 'sene88ibrahima@gmail.co', 'BANQUE', '10-30M', '>150M', NULL, NULL, NULL, '2025-10-31 15:56:00'),
(9, 'M', 'sene', 'Ibrahima', '2002-11-15', 'Dakar', 'Albanie', '', NULL, '1972200200593', NULL, NULL, 'dsd DAKAR', NULL, NULL, NULL, '7746772673', 'admin@gmail.com', 'salarie', 'Informaticien', 'NSIA VIE SENEGAL', '334324567', 'Dakar', 'seneibrahima@gmail.com', 'Banque', '<10M', '50-150M', NULL, NULL, NULL, '2025-11-03 08:31:55'),
(10, 'M', 's', 'Ibrahima', '2000-11-05', 'Dakar', 'Afghanistan', '', NULL, '1972200200593', NULL, NULL, 'dsd DAKAR', NULL, NULL, NULL, '775432345', 'destromania8@gmail.com', 'salarie', 'Informaticien', 'NSIA VIE SENEGAL', '334567864', 'Dakar', 'sene88ibrahima@gmail.com', 'ASSURANCE', '>30M', '50-150M', NULL, NULL, NULL, '2025-11-03 09:09:29'),
(11, 'M', 'Sene', 'Mmadou', '2000-11-05', 'Dakar', 'Afghanistan', '', NULL, '1972200200593', NULL, NULL, 'dsd DAKAR', NULL, NULL, NULL, '77435677', 'sene88ibrahima@gmail.co', 'salarie', 'Informaticien', 'NSIA VIE SENEGAL', '335268900', 'Dakar', 'sene88ibrahima@gmail.co', 'ASSURANE', '<10M', '50-150M', NULL, NULL, NULL, '2025-11-03 09:43:30'),
(12, 'M', 'sene', 'Mamadou', '2003-11-04', 'Dakar', 'Algérie', '', NULL, '1972200200593', NULL, NULL, 'dsd DAKAR', NULL, NULL, NULL, '773562819', 'sene88ibrahima@gmail.co', 'salarie', 'Informaticien', 'NSIA VIE SENEGAL', '337889383', 'Dakar', 'sene88ibrahima@gmail.co', 'ASSURANCE', '<10M', '50-150M', NULL, NULL, NULL, '2025-11-03 10:12:44'),
(13, 'M', 'dwdw', 'Ibrahima', '2000-11-04', 'Dakar', 'Sénégal', '', NULL, '1972200200593', NULL, NULL, 'dsd', NULL, NULL, NULL, '773700079', 'destromania8@gmail.com', 'retraite', NULL, NULL, NULL, NULL, NULL, NULL, '<10M', '50-150M', NULL, NULL, NULL, '2025-11-04 12:18:31'),
(14, 'M', 'dwdw', 'Ibrahima', '2000-11-04', 'Dakar', 'Sénégal', '', NULL, '1972200200593', NULL, NULL, 'dsd', NULL, NULL, NULL, '773700079', 'destromania8@gmail.com', 'retraite', NULL, NULL, NULL, NULL, NULL, NULL, '<10M', '50-150M', NULL, NULL, NULL, '2025-11-04 12:28:12'),
(15, 'Mme', 'dwdw', 'Ibrahima', '2000-11-04', 'Dakar', 'Sénégal', 'Veuf(ve)', NULL, '1972200200593', NULL, NULL, 'dsd', '17000', 'Dakar', NULL, '773700079', 'destromania8@gmail.com', 'sans_activite', NULL, NULL, NULL, NULL, NULL, NULL, '>30M', '50-150M', NULL, NULL, NULL, '2025-11-04 12:34:23'),
(16, 'Mlle', 'dwdw', 'Ibrahima', '2000-11-04', 'Dakar', 'Sénégal', '', NULL, '1972200200593', NULL, NULL, 'dsd', '17000', 'Dakar', NULL, '773700079', 'destromania8@gmail.com', 'non_salarie', NULL, NULL, NULL, NULL, NULL, NULL, '>30M', '>150M', NULL, NULL, NULL, '2025-11-04 15:38:33'),
(17, 'M', 'dwdw', 'Ibrahima', '2000-11-04', 'Dakar', 'Sénégal', 'Veuf(ve)', NULL, '1972200200593', NULL, NULL, 'dsd', '17000', 'Dakar', NULL, '773700079', 'destromania8@gmail.com', 'non_salarie', NULL, NULL, NULL, NULL, NULL, NULL, '>30M', '>150M', NULL, NULL, NULL, '2025-11-04 17:01:20'),
(18, 'M', 'dwdw', 'Ibrahima', '2000-11-04', 'Dakar', 'Sénégal', '', NULL, '1972200200593', NULL, NULL, 'dsd', '17000', 'Dakar', NULL, '773700079', 'destromania8@gmail.com', 'retraite', NULL, NULL, NULL, NULL, NULL, NULL, '>30M', '50-150M', NULL, NULL, NULL, '2025-11-05 09:02:23'),
(19, 'M', 'dwdw', 'Ibrahima', '2000-11-04', 'Dakar', 'Sénégal', 'Veuf(ve)', NULL, '1972200200593', NULL, NULL, 'dsd', '17000', 'Dakar', NULL, '773700079', 'destromania8@gmail.com', 'retraite', NULL, NULL, NULL, NULL, NULL, NULL, '10-30M', '>150M', NULL, NULL, NULL, '2025-11-05 09:18:50'),
(20, 'M', 'dwdw', 'Ibrahima', '2000-11-04', 'Dakar', 'Sénégal', '', NULL, '1972200200593', NULL, NULL, 'dsd', '17000', 'Dakar', NULL, '773700079', 'destromania8@gmail.com', 'sans_activite', NULL, NULL, NULL, NULL, NULL, NULL, '>30M', '>150M', NULL, NULL, NULL, '2025-11-05 09:28:46'),
(21, 'M', 'dwdw', 'Ibrahima', '2000-11-04', 'Dakar', 'Sénégal', '', NULL, '1972200200593', NULL, NULL, 'dsd', '17000', 'Dakar', NULL, '773700079', 'destromania8@gmail.com', 'sans_activite', NULL, NULL, NULL, NULL, NULL, NULL, '>30M', '50-150M', NULL, NULL, NULL, '2025-11-05 10:09:55'),
(22, 'M', 'dwdw', 'Ibrahima', '2000-11-04', 'Dakar', 'Sénégal', '', NULL, '1972200200593', NULL, NULL, 'dsd', '17000', 'Dakar', NULL, '773700079', 'destromania8@gmail.com', 'retraite', NULL, NULL, NULL, NULL, NULL, NULL, '>30M', '>150M', NULL, NULL, NULL, '2025-11-05 10:17:03'),
(23, 'M', 'dwdw', 'Ibrahima', '2000-11-04', 'Dakar', 'Sénégal', '', NULL, '1972200200593', NULL, NULL, 'dsd', '17000', 'Dakar', NULL, '773700079', 'destromania8@gmail.com', 'sans_activite', NULL, NULL, NULL, NULL, NULL, NULL, '>30M', '>150M', NULL, NULL, NULL, '2025-11-05 10:28:56'),
(24, 'M', 'dwdw', 'Ibrahima', '2000-11-04', 'Dakar', 'Sénégal', '', NULL, '1972200200593', NULL, NULL, 'dsd', '17000', 'Dakar', NULL, '773700079', 'destromania8@gmail.com', 'sans_activite', NULL, NULL, NULL, NULL, NULL, NULL, '>30M', '>150M', NULL, NULL, NULL, '2025-11-05 10:33:54'),
(25, 'M', 'dwdw', 'Ibrahima', '2000-11-04', 'Dakar', 'Sénégal', '', NULL, '1972200200593', NULL, NULL, 'dsd', '17000', 'Dakar', NULL, '773700079', 'destromania8@gmail.com', 'retraite', NULL, NULL, NULL, NULL, NULL, NULL, '>30M', '50-150M', NULL, NULL, NULL, '2025-11-05 10:35:31'),
(26, 'M', 'dwdw', 'Ibrahima', '2000-11-04', 'Dakar', 'Sénégal', '', NULL, '1972200200593', NULL, NULL, 'dsd', '17000', 'Dakar', NULL, '773700079', 'destromania8@gmail.com', 'retraite', NULL, NULL, NULL, NULL, NULL, NULL, '>30M', '50-150M', NULL, NULL, NULL, '2025-11-05 10:40:16'),
(27, 'M', 'dwdw', 'Ibrahima', '2000-11-04', 'Dakar', 'Sénégal', '', NULL, '1972200200593', NULL, NULL, 'dsd', '17000', 'Dakar', NULL, '773700079', 'destromania8@gmail.com', 'sans_activite', NULL, NULL, NULL, NULL, NULL, NULL, '>30M', '>150M', NULL, NULL, NULL, '2025-11-05 10:43:49'),
(28, 'M', 'dwdw', 'Ibrahima', '2000-11-04', 'Dakar', 'Sénégal', '', NULL, '1972200200593', NULL, NULL, 'dsd', '17000', 'Dakar', NULL, '773700079', 'destromania8@gmail.com', 'retraite', NULL, NULL, NULL, NULL, NULL, NULL, '>30M', '>150M', NULL, NULL, NULL, '2025-11-05 10:51:42'),
(29, 'M', 'dwdw', 'Ibrahima', '2000-11-04', 'Dakar', 'Sénégal', 'Veuf(ve)', NULL, '1972200200593', NULL, NULL, 'dsd', '17000', 'Dakar', NULL, '773700079', 'destromania8@gmail.com', 'non_salarie', NULL, NULL, NULL, NULL, NULL, NULL, '10-30M', '>150M', NULL, NULL, NULL, '2025-11-05 11:00:54'),
(30, 'M', 's', 'dzdz', '2000-11-06', 'Dakar', 'Albanie', '', NULL, '1972200200593', NULL, NULL, 'dsd DAKAR', NULL, NULL, NULL, '66766575', 'ibrahimasene4@esp.sn', 'retraite', NULL, NULL, NULL, NULL, NULL, NULL, '10-30M', '>150M', NULL, NULL, NULL, '2025-11-05 11:06:17'),
(31, 'M', 'dwdw', 'Ibrahima', '2000-11-04', 'Dakar', 'Sénégal', '', NULL, '1972200200593', NULL, NULL, 'dsd', '17000', 'Dakar', NULL, '773700079', 'destromania8@gmail.com', 'retraite', NULL, NULL, NULL, NULL, NULL, NULL, '>30M', '>150M', NULL, NULL, NULL, '2025-11-05 11:21:41'),
(34, 'M', 's', 'jdjdj', '2000-11-07', 'Dakar', 'Algérie', '', NULL, '1972200200593', NULL, NULL, 'dsd DAKAR', NULL, NULL, NULL, '776543456', 'sene88ibrahima@gmail.co', 'sans_activite', NULL, NULL, NULL, NULL, NULL, NULL, '>30M', '50-150M', NULL, NULL, NULL, '2025-11-06 14:48:02'),
(35, 'M', 's', 'Bamba', '2000-11-06', 'Dakar', 'Afghanistan', 'Veuf(ve)', NULL, '1972200200593', NULL, NULL, 'dsd DAKAR', NULL, NULL, NULL, '773567282', 'seneibrahima@gmail.com', 'sans_activite', NULL, NULL, NULL, NULL, NULL, NULL, '>30M', '50-150M', NULL, NULL, NULL, '2025-11-06 15:39:36'),
(36, 'M', 'gfszgz', 'gdsgsdg', '2000-11-05', 'Dakar', 'Afghanistan', 'Veuf(ve)', NULL, '1972200200593', NULL, NULL, 'dsd DAKAR', NULL, NULL, NULL, '776543245', 'seneibrahima@gmail.com', 'non_salarie', NULL, NULL, NULL, NULL, NULL, NULL, '>30M', '50-150M', NULL, NULL, NULL, '2025-11-07 15:45:16'),
(37, 'M', 's', 'sqfsfsq', '2001-11-07', 'Dakar', 'Afghanistan', 'Veuf(ve)', NULL, '1972200200593', NULL, NULL, 'dsd DAKAR', NULL, NULL, NULL, '776567898', 'destromania8@gmail.com', 'non_salarie', NULL, NULL, NULL, NULL, NULL, NULL, '10-30M', '>150M', NULL, NULL, NULL, '2025-11-07 15:58:42'),
(38, 'M', 'sqfqs', 'fsqfsqfsq', '2000-10-31', 'Dakar', 'Afghanistan', 'Veuf(ve)', NULL, '1972200200593', NULL, NULL, 'dsd DAKAR', NULL, NULL, NULL, '765674343', 'seneibrahima@gmail.com', 'non_salarie', NULL, NULL, NULL, NULL, NULL, NULL, '10-30M', '50-150M', NULL, NULL, NULL, '2025-11-07 16:09:57'),
(39, 'M', 'zfz', 'fzfdzf', '2001-11-07', 'Dakar', 'Afrique du Sud', 'Veuf(ve)', NULL, '1972200200593', NULL, NULL, 'dsd DAKAR', NULL, NULL, NULL, '775419823', 'destromania8@gmail.com', 'retraite', NULL, NULL, NULL, NULL, NULL, NULL, '>30M', '50-150M', NULL, NULL, NULL, '2025-11-07 16:21:02'),
(40, 'M', 's', 'fsqfs', '1998-10-31', 'Dakar', 'Afghanistan', '', NULL, '1972200200593', NULL, NULL, 'dsd DAKAR', NULL, NULL, NULL, '776567898', 'destromania8@gmail.com', 'retraite', NULL, NULL, NULL, NULL, NULL, NULL, '10-30M', '>150M', NULL, NULL, NULL, '2025-11-07 17:09:50'),
(41, 'M', 'vdsv', 'vsdvds', '2000-10-31', 'Dakar', 'Allemagne', 'Veuf(ve)', NULL, '1972200200593', NULL, NULL, 'dsd DAKAR', NULL, NULL, NULL, '786543456', 'destromania8@gmail.com', 'sans_activite', NULL, NULL, NULL, NULL, NULL, NULL, '10-30M', '>150M', NULL, NULL, NULL, '2025-11-07 17:20:14'),
(42, 'M', 'vsdvds', 'vdsvsdvds', '2000-11-07', 'Dakar', 'Afrique du Sud', 'Veuf(ve)', NULL, '1972200200593', NULL, NULL, 'dsd DAKAR', NULL, NULL, NULL, '776567890', 'seneibrahima@gmail.com', 'retraite', NULL, NULL, NULL, NULL, NULL, NULL, '10-30M', '>150M', NULL, NULL, NULL, '2025-11-07 17:40:12'),
(43, 'M', 'FSQFSQ', 'FSQFSQF', '2003-11-06', 'Dakar', 'Afghanistan', '', NULL, '1972200200593', NULL, NULL, 'FDQFQF', NULL, NULL, NULL, '776545678', 'ibrahimasene4@esp.sn', 'retraite', NULL, NULL, NULL, NULL, NULL, NULL, '>30M', '50-150M', NULL, NULL, NULL, '2025-11-07 17:42:57'),
(44, 'M', 'sgsg', 'gsgsgs', '2000-11-07', 'Dakar', 'Afghanistan', 'Veuf(ve)', NULL, '1972200200593', NULL, NULL, 'dsd DAKAR', NULL, NULL, NULL, '776567898', 'sene88ibrahima@gmail.co', 'retraite', NULL, NULL, NULL, NULL, NULL, NULL, '>30M', '50-150M', NULL, NULL, NULL, '2025-11-07 18:25:37'),
(45, 'Mme', 'FZFZ', 'FZSFZFZ', '2000-11-06', 'Dakar', 'Afghanistan', 'Veuf(ve)', NULL, '1972200200593', NULL, NULL, 'dsd DAKAR', NULL, NULL, NULL, '765893245', 'sene88ibrahima@gmail.co', 'non_salarie', NULL, NULL, NULL, NULL, NULL, NULL, '10-30M', '>150M', NULL, NULL, NULL, '2025-11-07 18:52:52'),
(46, 'M', 's', 'QSFSQFSQ', '2000-11-07', 'Dakar', 'Afghanistan', '', NULL, '1972200200593', NULL, NULL, 'dsd DAKAR', NULL, NULL, NULL, '775456532', 'sene88ibrahima@gmail.com', 'retraite', NULL, NULL, NULL, NULL, NULL, NULL, '>30M', '50-150M', NULL, NULL, NULL, '2025-11-08 11:00:32'),
(47, 'M', 'dwdw', 'scss', '1990-11-13', 'DAKAR', 'Sénégal', 'Veuf(ve)', NULL, '19722002005931', NULL, NULL, 'dsd', '17000', 'Dakar, Senegal', NULL, '7737000791', 'destromania8@gmail.com', 'retraite', NULL, NULL, NULL, NULL, NULL, NULL, '>30M', '50-150M', NULL, NULL, NULL, '2025-11-10 12:52:56'),
(48, 'M', 'dwdw', 'sfsfs', '2000-11-05', 'Dakar', 'Sénégal', 'Veuf(ve)', NULL, '', NULL, NULL, 'Dakar, Sénégal', '17000', 'Dakar, Senegal', NULL, '+221 773700079', 'destromania8@gmail.com', 'retraite', NULL, NULL, NULL, NULL, NULL, NULL, '>30M', '50-150M', NULL, NULL, NULL, '2025-11-15 00:24:57'),
(49, 'M', 'dwdw', 'sfsfs', '2000-11-05', 'Dakar', 'Sénégal', 'Veuf(ve)', NULL, '', NULL, NULL, 'Dakar, Sénégal', '17000', 'Dakar, Senegal', NULL, '+221 773700079', 'destromania8@gmail.com', 'retraite', NULL, NULL, NULL, NULL, NULL, NULL, '>30M', '50-150M', NULL, NULL, NULL, '2025-11-15 01:12:39'),
(50, 'M', 'dwdw', 'sfsfs', '2000-11-05', 'Dakar', 'Sénégal', 'Veuf(ve)', NULL, '', NULL, NULL, 'Dakar, Sénégal', '17000', 'Dakar, Senegal', NULL, '+221 773700079', 'destromania8@gmail.com', 'retraite', NULL, NULL, NULL, NULL, NULL, NULL, '10-30M', '50-150M', NULL, NULL, NULL, '2025-11-15 11:15:51'),
(51, 'M', 'dwdw', 'sfsfs', '2000-11-05', 'Dakar', 'Sénégal', 'Veuf(ve)', NULL, '', NULL, NULL, 'Dakar, Sénégal', '17000', 'Dakar, Senegal', NULL, '+221 773700079', 'destromania8@gmail.com', 'retraite', NULL, NULL, NULL, NULL, NULL, NULL, '10-30M', '>150M', NULL, NULL, NULL, '2025-11-15 11:31:33'),
(52, 'M', 'dwdw', 'sfsfs', '2000-11-05', 'Dakar', 'Sénégal', 'Veuf(ve)', NULL, '', NULL, NULL, 'Dakar, Sénégal', '17000', 'Dakar, Senegal', NULL, '+221 773700079', 'destromania8@gmail.com', 'sans_activite', NULL, NULL, NULL, NULL, NULL, NULL, '10-30M', '>150M', NULL, NULL, NULL, '2025-11-15 11:38:17'),
(53, 'M', 'dwdw', 'sfsfs', '2000-11-05', 'Dakar', 'Sénégal', '', NULL, '', NULL, NULL, 'Dakar, Sénégal', '17000', 'Dakar, Senegal', NULL, '+221 773700079', 'destromania8@gmail.com', 'sans_activite', NULL, NULL, NULL, NULL, NULL, NULL, '>30M', '>150M', NULL, NULL, NULL, '2025-11-15 11:52:32'),
(54, 'M', 'dwdw', 'sfsfs', '2000-11-05', 'Dakar', 'Sénégal', 'Veuf(ve)', NULL, '', NULL, NULL, 'Dakar, Sénégal', '17000', 'Dakar, Senegal', NULL, '+221 773700079', 'destromania8@gmail.com', 'retraite', NULL, NULL, NULL, NULL, NULL, NULL, '>30M', '50-150M', NULL, NULL, NULL, '2025-11-15 12:03:03'),
(55, 'M', 'dwdw', 'sfsfs', '2000-11-05', 'Dakar', 'Sénégal', 'Veuf(ve)', NULL, '', NULL, NULL, 'Dakar, Sénégal', '17000', 'Dakar, Senegal', NULL, '+221 773700079', 'destromania8@gmail.com', 'retraite', NULL, NULL, NULL, NULL, NULL, NULL, '<10M', '50-150M', NULL, NULL, NULL, '2025-11-17 08:30:24'),
(56, 'M', 'dwdw', 'sfsfs', '2000-11-05', 'Dakar', 'Sénégal', 'Veuf(ve)', NULL, '', NULL, NULL, 'Dakar, Sénégal', '17000', 'Dakar, Senegal', NULL, '+221 773700079', 'destromania8@gmail.com', 'retraite', NULL, NULL, NULL, NULL, NULL, NULL, '>30M', '50-150M', NULL, NULL, NULL, '2025-11-17 09:32:50'),
(58, 'M', 'dwdw', 'sfsfs', '2000-11-05', 'Dakar', 'Sénégal', 'Veuf(ve)', NULL, '', NULL, NULL, 'Dakar, Sénégal', '17000', 'Dakar, Senegal', NULL, '+221 773700079', 'destromania8@gmail.com', 'non_salarie', NULL, NULL, NULL, NULL, NULL, NULL, '>30M', '50-150M', NULL, NULL, NULL, '2025-11-17 11:44:08'),
(59, 'M', 'dwdw', 'sfsfs', '2000-11-05', 'Dakar', 'Sénégal', 'Veuf(ve)', NULL, '', NULL, NULL, 'Dakar, Sénégal', '17000', 'Dakar, Senegal', NULL, '+221 773700079', 'destromania8@gmail.com', 'retraite', NULL, NULL, NULL, NULL, NULL, NULL, '10-30M', '>150M', NULL, NULL, NULL, '2025-11-17 11:59:09'),
(60, 'M', 'dwdw', 'sfsfs', '2000-11-05', 'Dakar', 'Sénégal', 'Veuf(ve)', NULL, '', NULL, NULL, 'Dakar, Sénégal', '17000', 'Dakar, Senegal', NULL, '+221 773700079', 'destromania8@gmail.com', 'retraite', NULL, NULL, NULL, NULL, NULL, NULL, '10-30M', '>150M', NULL, NULL, NULL, '2025-11-19 10:40:51'),
(61, 'M', 'dwdw', 'sfsfs', '2000-11-05', 'Dakar', 'Sénégal', 'Veuf(ve)', NULL, '', NULL, NULL, 'Dakar, Sénégal', '17000', 'Dakar, Senegal', NULL, '+221 773700079', 'destromania8@gmail.com', 'retraite', NULL, NULL, NULL, NULL, NULL, NULL, '>30M', '50-150M', NULL, NULL, NULL, '2025-11-19 11:19:26'),
(62, 'M', 'dwdw', 'sfsfs', '2000-11-05', 'Dakar', 'Sénégal', 'Veuf(ve)', NULL, '', NULL, NULL, 'Dakar, Sénégal', '17000', 'Dakar, Senegal', NULL, '+221 773700079', 'destromania8@gmail.com', 'retraite', NULL, NULL, NULL, NULL, NULL, NULL, '10-30M', '>150M', NULL, NULL, NULL, '2025-11-19 12:15:55'),
(63, 'M', 'dwdw', 'sfsfs', '2000-11-05', 'Dakar', 'Sénégal', 'Veuf(ve)', NULL, '', NULL, NULL, 'Dakar, Sénégal', '17000', 'Dakar, Senegal', NULL, '+221 773700079', 'destromania8@gmail.com', 'retraite', NULL, NULL, NULL, NULL, NULL, NULL, '>30M', '50-150M', NULL, NULL, NULL, '2025-11-19 12:18:27'),
(64, 'M', 'dwdw', 'sfsfs', '2000-11-05', 'Dakar', 'Sénégal', 'Veuf(ve)', NULL, '', NULL, NULL, 'Dakar, Sénégal', '17000', 'Dakar, Senegal', NULL, '+221 773700079', 'destromania8@gmail.com', 'retraite', NULL, NULL, NULL, NULL, NULL, NULL, '>30M', '>150M', NULL, NULL, NULL, '2025-11-19 12:30:38'),
(65, 'M', 'dwdw', 'sfsfs', '2000-11-05', 'Dakar', 'Sénégal', 'Veuf(ve)', NULL, '', NULL, NULL, 'Dakar, Sénégal', '17000', 'Dakar, Senegal', NULL, '+221 773700079', 'destromania8@gmail.com', 'retraite', NULL, NULL, NULL, NULL, NULL, NULL, '>30M', '50-150M', NULL, NULL, NULL, '2025-11-19 12:38:09'),
(66, 'M', 'dwdw', 'sfsfs', '2000-11-05', 'Dakar', 'Sénégal', 'Veuf(ve)', NULL, '', NULL, NULL, 'Dakar, Sénégal', '17000', 'Dakar, Senegal', NULL, '+221 773700079', 'destromania8@gmail.com', 'retraite', NULL, NULL, NULL, NULL, NULL, NULL, '>30M', '50-150M', NULL, NULL, NULL, '2025-11-19 12:48:58'),
(67, 'M', 'dwdw', 'sfsfs', '2000-11-05', 'Dakar', 'Sénégal', 'Veuf(ve)', NULL, '', NULL, NULL, 'Dakar, Sénégal', '17000', 'Dakar, Senegal', NULL, '+221 773700079', 'destromania8@gmail.com', 'retraite', NULL, NULL, NULL, NULL, NULL, NULL, '>30M', '50-150M', NULL, NULL, NULL, '2025-11-19 12:52:44'),
(68, 'M', 'dwdw', 'sfsfs', '2000-11-05', 'Dakar', 'Sénégal', 'Veuf(ve)', NULL, '', NULL, NULL, 'Dakar, Sénégal', '17000', 'Dakar, Senegal', NULL, '+221 773700079', 'destromania8@gmail.com', 'sans_activite', NULL, NULL, NULL, NULL, NULL, NULL, '>30M', '50-150M', NULL, NULL, NULL, '2025-11-19 14:13:11'),
(69, 'M', 'dwdw', 'sfsfs', '2000-11-05', 'Dakar', 'Sénégal', 'Veuf(ve)', NULL, '', NULL, NULL, 'Dakar, Sénégal', '17000', 'Dakar, Senegal', NULL, '+221 773700079', 'destromania8@gmail.com', 'retraite', NULL, NULL, NULL, NULL, NULL, NULL, '>30M', '50-150M', NULL, NULL, NULL, '2025-11-19 14:22:30'),
(70, 'M', 'dwdw', 'sfsfs', '2000-11-05', 'Dakar', 'Sénégal', 'Veuf(ve)', NULL, '', NULL, NULL, 'Dakar, Sénégal', '17000', 'Dakar, Senegal', NULL, '+221 773700079', 'destromania8@gmail.com', 'retraite', NULL, NULL, NULL, NULL, NULL, NULL, '>30M', '>150M', NULL, NULL, NULL, '2025-11-19 14:29:55'),
(71, 'M', 'dwdw', 'sfsfs', '2000-11-05', 'Dakar', 'Sénégal', 'Veuf(ve)', NULL, '', NULL, NULL, 'Dakar, Sénégal', '17000', 'Dakar, Senegal', NULL, '+221 773700079', 'destromania8@gmail.com', 'retraite', NULL, NULL, NULL, NULL, NULL, NULL, '>30M', '50-150M', NULL, NULL, NULL, '2025-11-19 14:31:47'),
(72, 'M', 's', 'sfqsfsq', '2000-11-17', '', '', 'Veuf(ve)', NULL, '', NULL, NULL, '', NULL, NULL, NULL, '776567876', '', 'retraite', NULL, NULL, NULL, NULL, NULL, NULL, '>30M', '50-150M', NULL, NULL, NULL, '2025-11-24 11:16:11'),
(73, 'M', 'xc cx', 'vxvcxv', '2000-11-17', '', '', 'Veuf(ve)', NULL, '', NULL, NULL, '', NULL, NULL, NULL, '775433344', '', 'retraite', NULL, NULL, NULL, NULL, NULL, NULL, '>30M', '50-150M', NULL, NULL, NULL, '2025-11-24 11:25:16'),
(76, 'M', 'vx', 'vxvx', '2000-11-24', '', '', '', NULL, '', NULL, NULL, '', NULL, NULL, NULL, '776543321', '', 'retraite', NULL, NULL, NULL, NULL, NULL, NULL, '10-30M', '50-150M', NULL, NULL, NULL, '2025-11-24 12:06:40'),
(77, 'M', 's', 'destro', '2000-11-24', '', '', '', NULL, '', NULL, NULL, '', NULL, NULL, NULL, '778767899', '', 'retraite', NULL, NULL, NULL, NULL, NULL, NULL, '>30M', '>150M', NULL, NULL, NULL, '2025-11-24 12:27:32'),
(78, 'M', 'vx', 'vxvx', '2000-11-24', '', '', '', NULL, '', NULL, NULL, '', NULL, NULL, NULL, '776543321', '', 'retraite', NULL, NULL, NULL, NULL, NULL, NULL, '10-30M', '50-150M', NULL, NULL, NULL, '2025-11-24 12:34:05'),
(79, 'M', 's', 'n,jbkjb', '2007-11-25', '', '', '', NULL, '', NULL, NULL, '', NULL, NULL, NULL, '776567876', '', 'retraite', NULL, NULL, NULL, NULL, NULL, NULL, '>30M', '50-150M', NULL, NULL, NULL, '2025-11-25 14:26:46'),
(80, 'M', 's', 'nsdn', '2007-11-25', '', '', '', NULL, '', NULL, NULL, '', NULL, NULL, NULL, '776543456', '', 'retraite', NULL, NULL, NULL, NULL, NULL, NULL, '<10M', '50-150M', NULL, NULL, NULL, '2025-11-25 14:50:50'),
(81, 'M', 's', 'mamadou', '2007-11-25', '', '', '', NULL, '', NULL, NULL, '', NULL, NULL, NULL, '774673838', '', 'retraite', NULL, NULL, NULL, NULL, NULL, NULL, '>30M', '>150M', NULL, NULL, NULL, '2025-11-25 15:01:00'),
(82, 'M', 's', 'dzdz', '2007-11-25', '', '', '', NULL, '', NULL, NULL, '', NULL, NULL, NULL, '776567876', '', 'retraite', NULL, NULL, NULL, NULL, NULL, NULL, '>30M', '50-150M', NULL, NULL, NULL, '2025-11-25 15:33:05'),
(83, 'M', 's', 'DGSDG', '2007-11-25', '', '', 'Veuf(ve)', NULL, '', NULL, NULL, '', NULL, NULL, NULL, '774627225', '', 'retraite', NULL, NULL, NULL, NULL, NULL, NULL, '>30M', '>150M', NULL, NULL, NULL, '2025-11-25 15:40:58'),
(84, 'M', 's', 'QSNCQS', '2007-11-25', '', '', '', NULL, '', NULL, NULL, '', NULL, NULL, NULL, '774673787', '', 'retraite', NULL, NULL, NULL, NULL, NULL, NULL, '>30M', '50-150M', NULL, NULL, NULL, '2025-11-25 18:09:43'),
(85, 'M', 's', 'fjezo', '2007-11-25', '', '', '', NULL, '', NULL, NULL, '', NULL, NULL, NULL, '776477382', '', 'retraite', NULL, NULL, NULL, NULL, NULL, NULL, '10-30M', '50-150M', NULL, NULL, NULL, '2025-11-25 18:59:48'),
(86, 'M', 'd', 'mania', '2007-11-25', '', '', 'Veuf(ve)', NULL, '', NULL, NULL, '', NULL, NULL, NULL, '776765457', '', 'retraite', NULL, NULL, NULL, NULL, NULL, NULL, '<10M', '>150M', NULL, NULL, NULL, '2025-11-25 19:12:13'),
(87, 'M', 'H', 'HH', '2007-11-25', '', '', '', NULL, '', NULL, NULL, '', NULL, NULL, NULL, '776542134', '', 'retraite', NULL, NULL, NULL, NULL, NULL, NULL, '10-30M', '>150M', NULL, NULL, NULL, '2025-11-25 21:06:37'),
(88, 'M', 's', 'D', '2007-11-25', '', '', '', NULL, '', NULL, NULL, '', NULL, NULL, NULL, '773526617', '', 'retraite', NULL, NULL, NULL, NULL, NULL, NULL, '>30M', '50-150M', NULL, NULL, NULL, '2025-11-25 21:25:10'),
(89, 'M', 'ouleymatou', 'SENE', '2007-11-25', '', '', '', NULL, '', NULL, NULL, '', NULL, NULL, NULL, '784436809', '', 'non_salarie', NULL, NULL, NULL, NULL, NULL, NULL, '<10M', '50-150M', NULL, NULL, NULL, '2025-11-25 21:49:45'),
(90, 'M', 'jbk', 'nbyy', '2007-11-25', '', '', '', NULL, '', NULL, NULL, '', NULL, NULL, NULL, '776567677', '', 'sans_activite', NULL, NULL, NULL, NULL, NULL, NULL, '>30M', '>150M', NULL, NULL, NULL, '2025-11-25 22:18:41'),
(91, 'M', 'Sene', 'tese', '2007-11-25', '', '', '', NULL, '', NULL, NULL, '', NULL, NULL, NULL, '776543333', '', 'retraite', NULL, NULL, NULL, NULL, NULL, NULL, '10-30M', '>150M', NULL, NULL, NULL, '2025-11-25 23:36:22'),
(92, 'M', 'fqfq', 'bamba', '2007-11-25', '', '', 'Marié(e)', NULL, '', NULL, NULL, '', NULL, NULL, NULL, '775674839', '', 'non_salarie', NULL, NULL, NULL, NULL, NULL, NULL, '>30M', '>150M', NULL, NULL, NULL, '2025-11-25 23:55:31'),
(94, 'M', 's', 'VWVD', '2007-11-26', '', '', 'Divorcé(e)', NULL, '', NULL, NULL, '', NULL, NULL, NULL, '776545668', '', 'retraite', NULL, NULL, NULL, NULL, NULL, NULL, '>30M', '>150M', NULL, NULL, NULL, '2025-11-26 09:01:48'),
(95, 'M', 'dwdw', '', '1960-11-26', 'DAKAR', 'Sénégal', 'Célibataire', NULL, '', NULL, NULL, 'dsd', NULL, NULL, NULL, '773700079', 'destromania8@gmail.com', 'non_salarie', 'SA', NULL, NULL, NULL, NULL, NULL, '<10M', '<50M', NULL, NULL, NULL, '2025-11-26 15:24:14'),
(96, 'M', 'dwdw', '', '1960-11-26', 'DAKAR', 'Sénégal', 'Célibataire', NULL, '', NULL, NULL, 'dsd', NULL, NULL, NULL, '773700079', 'destromania8@gmail.com', 'non_salarie', 'SA', NULL, NULL, NULL, NULL, NULL, '<10M', '<50M', NULL, NULL, NULL, '2025-11-26 16:06:44'),
(97, 'Mlle', 'dwdw', '', '1960-11-26', 'DAKAR', 'Sénégal', 'Célibataire', NULL, '', NULL, NULL, 'dsd', NULL, NULL, NULL, '773700079', 'destromania8@gmail.com', 'non_salarie', 'SA', NULL, NULL, NULL, NULL, NULL, '<10M', '<50M', NULL, NULL, NULL, '2025-11-26 16:24:25'),
(98, 'Mlle', 'dwdw', '', '1960-11-26', 'DAKAR', 'Sénégal', 'Célibataire', NULL, '', NULL, NULL, 'dsd', NULL, NULL, NULL, '773700079', 'destromania8@gmail.com', 'non_salarie', 'SA', NULL, NULL, NULL, NULL, NULL, '<10M', '<50M', NULL, NULL, NULL, '2025-11-26 16:58:06'),
(99, 'M', 'dwdw', '', '1960-11-26', 'DAKAR', 'Sénégal', 'Célibataire', NULL, '', NULL, NULL, 'dsd', NULL, NULL, NULL, '773700079', 'destromania8@gmail.com', 'non_salarie', 'SA', NULL, NULL, NULL, NULL, NULL, '<10M', '<50M', NULL, NULL, NULL, '2025-11-27 08:46:22'),
(100, 'M', 'dwdw', '', '1960-11-26', 'DAKAR', 'Sénégal', 'Célibataire', NULL, '', NULL, NULL, 'dsd', NULL, NULL, NULL, '773700079', 'destromania8@gmail.com', 'non_salarie', 'SA', NULL, NULL, NULL, NULL, NULL, '<10M', '<50M', NULL, NULL, NULL, '2025-11-27 09:05:34'),
(101, 'M', 'dwdw', '', '1960-11-26', 'DAKAR', 'Sénégal', 'Célibataire', NULL, '', NULL, NULL, 'dsd', NULL, NULL, NULL, '773700079', 'destromania8@gmail.com', 'non_salarie', 'SA', NULL, NULL, NULL, NULL, NULL, '<10M', '<50M', NULL, NULL, NULL, '2025-11-27 09:11:18'),
(102, 'M', 'dwdw', '', '1960-11-26', 'DAKAR', 'Sénégal', 'Célibataire', NULL, '', NULL, NULL, 'dsd', NULL, NULL, NULL, '773700079', 'destromania8@gmail.com', 'non_salarie', 'SA', NULL, NULL, NULL, NULL, NULL, '<10M', '<50M', NULL, NULL, NULL, '2025-11-27 09:22:06'),
(103, 'M', 'dwdw', '', '1960-11-26', 'DAKAR', 'Sénégal', 'Célibataire', NULL, '', NULL, NULL, 'dsd', NULL, NULL, NULL, '773700079', 'destromania8@gmail.com', 'non_salarie', 'SA', NULL, NULL, NULL, NULL, NULL, '<10M', '<50M', NULL, NULL, NULL, '2025-11-27 09:23:03'),
(104, 'M', 'dwdw', '', '1960-11-26', 'DAKAR', 'Sénégal', 'Célibataire', NULL, '', NULL, NULL, 'dsd', NULL, NULL, NULL, '773700079', 'destromania8@gmail.com', 'non_salarie', 'SA', NULL, NULL, NULL, NULL, NULL, '<10M', '<50M', NULL, NULL, NULL, '2025-11-27 09:26:23'),
(105, 'M', 'dwdw', '', '1960-11-26', 'DAKAR', 'Sénégal', 'Célibataire', NULL, '', NULL, NULL, 'dsd', NULL, NULL, NULL, '773700079', 'destromania8@gmail.com', 'non_salarie', 'SA', NULL, NULL, NULL, NULL, NULL, '<10M', '<50M', NULL, NULL, NULL, '2025-11-27 09:28:41'),
(106, 'M', 'dwdw', '', '1960-11-26', 'DAKAR', 'Sénégal', 'Célibataire', NULL, '', NULL, NULL, 'dsd', NULL, NULL, NULL, '773700079', 'destromania8@gmail.com', 'non_salarie', 'SA', NULL, NULL, NULL, NULL, NULL, '<10M', '<50M', NULL, NULL, NULL, '2025-11-27 10:24:10'),
(107, 'M', 'dwdw', 'ggsdgs', '2007-11-27', '', 'Sénégal', 'Célibataire', 'CNI', '1972200200593', 'uploads/id_docs/id_souscripteur_20251127_105500_ebe90b15.jpeg', 'WhatsApp Image 2025-11-17 at 13.03.42.jpeg', 'dsd', NULL, NULL, NULL, '773700079', 'destromania8@gmail.com', 'sans_activite', NULL, NULL, NULL, NULL, NULL, NULL, '>30M', '50-150M', NULL, NULL, NULL, '2025-11-27 10:55:00'),
(108, 'M', 's', 'fsfsdf', '2007-11-27', '', '', 'Divorcé(e)', NULL, '', NULL, NULL, '', NULL, NULL, NULL, '775646378', '', 'sans_activite', NULL, NULL, NULL, NULL, NULL, NULL, '>30M', '50-150M', NULL, NULL, NULL, '2025-11-27 14:29:29'),
(109, 'M', 'dwdw', 'ggsdgs', '2007-11-27', '', 'Sénégal', 'Veuf(ve)', NULL, '', NULL, NULL, 'dsd', '17000', 'Dakar', NULL, '773700079', 'destromania8@gmail.com', 'retraite', NULL, NULL, NULL, NULL, NULL, NULL, '>30M', '50-150M', NULL, NULL, NULL, '2025-11-27 16:25:25'),
(110, 'M', 's', 'ggsdgs', '2007-11-28', '', '', 'Veuf(ve)', NULL, '', NULL, NULL, '', NULL, NULL, NULL, '773700079', '', 'retraite', NULL, NULL, NULL, NULL, NULL, NULL, '10-30M', '>150M', NULL, NULL, NULL, '2025-11-28 11:45:33'),
(111, 'M', 's', 'ggsdgs', '2007-11-28', '', '', 'Marié(e)', NULL, '', NULL, NULL, 'dsd DAKAR', NULL, NULL, NULL, '773700079', 'destromania8@gmail.com', 'retraite', NULL, NULL, NULL, NULL, NULL, NULL, '>30M', '>150M', NULL, NULL, NULL, '2025-11-28 11:51:53'),
(112, 'M', 's', 'ggsdgs', '2007-11-28', '', '', 'Veuf(ve)', NULL, '', NULL, NULL, '', NULL, NULL, NULL, '773700079', '', 'retraite', NULL, NULL, NULL, NULL, NULL, NULL, '>30M', '50-150M', NULL, NULL, NULL, '2025-11-28 11:54:52'),
(113, 'Mme', 'dwdw', 'ggsdgs', '2007-11-27', '', 'Sénégal', 'Veuf(ve)', NULL, '', NULL, NULL, 'dsd', '17000', 'Dakar', NULL, '773700079', 'destromania8@gmail.com', 'retraite', NULL, NULL, NULL, NULL, NULL, NULL, '>30M', '50-150M', NULL, NULL, NULL, '2025-11-28 14:27:04'),
(114, 'M', 'dwdw', 'ggsdgs', '2007-11-27', '', 'Sénégal', 'Divorcé(e)', NULL, '', NULL, NULL, 'dsd', '17000', 'Dakar', NULL, '773700079', 'destromania8@gmail.com', 'retraite', NULL, NULL, NULL, NULL, NULL, NULL, '>30M', '50-150M', NULL, NULL, NULL, '2025-11-28 14:29:56'),
(115, 'M', 'dwdw', 'ggsdgs', '2007-11-27', '', 'Sénégal', 'Divorcé(e)', NULL, '', NULL, NULL, 'dsd', '17000', 'Dakar', NULL, '773700079', 'destromania8@gmail.com', 'retraite', NULL, NULL, NULL, NULL, NULL, NULL, '>30M', '50-150M', NULL, NULL, NULL, '2025-11-28 14:49:42'),
(116, 'M', 'dwdw', 'ggsdgs', '2007-11-27', '', 'Sénégal', 'Veuf(ve)', NULL, '', NULL, NULL, 'dsd', '17000', 'Dakar', NULL, '773700079', 'destromania8@gmail.com', 'retraite', NULL, NULL, NULL, NULL, NULL, NULL, '>30M', '50-150M', NULL, NULL, NULL, '2025-11-28 14:55:09'),
(117, 'M', 'dwdw', 'ggsdgs', '2007-11-27', '', 'Sénégal', 'Veuf(ve)', NULL, '', NULL, NULL, 'dsd', '17000', 'Dakar', NULL, '773700079', 'destromania8@gmail.com', 'retraite', NULL, NULL, NULL, NULL, NULL, NULL, '>30M', '50-150M', NULL, NULL, NULL, '2025-11-28 16:05:04'),
(118, 'Mlle', 'dwdw', '', '1960-11-26', 'DAKAR', 'Sénégal', 'Célibataire', NULL, '', NULL, NULL, 'dsd', NULL, NULL, NULL, '+221773700079', 'destromania8@gmail.com', 'non_salarie', 'SA', NULL, NULL, NULL, NULL, NULL, '<10M', '<50M', NULL, NULL, NULL, '2025-11-28 16:11:46'),
(119, 'Mlle', 'dwdw', '', '1960-11-26', 'DAKAR', 'Sénégal', 'Célibataire', NULL, '', NULL, NULL, 'dsd', NULL, NULL, NULL, '+221773700079', 'destromania8@gmail.com', 'non_salarie', 'SA', NULL, NULL, NULL, NULL, NULL, '<10M', '<50M', NULL, NULL, NULL, '2025-11-28 16:12:30'),
(120, 'Mlle', 'dwdw', '', '1960-11-26', 'DAKAR', 'Sénégal', 'Célibataire', NULL, '', NULL, NULL, 'dsd', NULL, NULL, NULL, '+221773700079', 'destromania8@gmail.com', 'non_salarie', 'SA', NULL, NULL, NULL, NULL, NULL, '<10M', '<50M', NULL, NULL, NULL, '2025-11-28 16:14:28'),
(121, 'Mlle', 'dwdw', '', '1960-11-26', 'DAKAR', 'Sénégal', 'Célibataire', NULL, '', NULL, NULL, 'dsd', NULL, NULL, NULL, '+221773700079', 'destromania8@gmail.com', 'non_salarie', 'SA', NULL, NULL, NULL, NULL, NULL, '<10M', '<50M', NULL, NULL, NULL, '2025-11-28 16:27:21'),
(122, 'Mlle', 'dwdw', '', '1960-11-26', 'DAKAR', 'Sénégal', 'Célibataire', NULL, '', NULL, NULL, 'dsd', NULL, NULL, NULL, '+221773700079', 'destromania8@gmail.com', 'non_salarie', 'SA', NULL, NULL, NULL, NULL, NULL, '<10M', '<50M', NULL, NULL, NULL, '2025-11-29 09:16:26'),
(123, 'M', 'dwdw', '', '2007-11-29', '', 'Sénégal', 'Célibataire', NULL, '', NULL, NULL, 'dsd', NULL, NULL, NULL, '+221773700079', 'destromania8@gmail.com', 'non_salarie', NULL, NULL, NULL, NULL, NULL, NULL, '<10M', '<50M', NULL, NULL, NULL, '2025-11-30 13:43:13'),
(124, 'M', 'dwdw', '', '2007-11-29', '', 'Sénégal', 'Célibataire', NULL, '', NULL, NULL, 'dsd', NULL, NULL, NULL, '+221773700079', 'destromania8@gmail.com', 'non_salarie', NULL, NULL, NULL, NULL, NULL, NULL, '<10M', '<50M', NULL, NULL, NULL, '2025-11-30 14:42:11'),
(125, 'M', 'Traore', 'Boubacar', '1990-11-09', 'Dakar', 'Sénégal', 'Célibataire', NULL, '', NULL, NULL, 'Ouakam', NULL, NULL, NULL, '784673086', 'traore.boubacar@nsiaassurances.com', 'non_salarie', 'Eleveur', NULL, NULL, NULL, NULL, NULL, '<10M', '<50M', NULL, NULL, NULL, '2025-11-30 14:47:48'),
(126, 'M', 'dwdw', '', '2007-11-29', '', 'Sénégal', 'Célibataire', NULL, '', NULL, NULL, 'dsd', NULL, NULL, NULL, '+221773700079', 'destromania8@gmail.com', 'non_salarie', NULL, NULL, NULL, NULL, NULL, NULL, '<10M', '<50M', NULL, NULL, NULL, '2025-11-30 14:50:58'),
(127, 'M', 'TRAORE', 'BOUBACAR 2 PAYÉ', '2003-11-30', 'Dakar', 'Sénégal', 'Célibataire', NULL, '', NULL, NULL, 'Ouakam Aeroport', NULL, NULL, NULL, '784673086', 'boubacartraore2@yahoo.com', 'non_salarie', 'Eleveur', NULL, NULL, NULL, NULL, NULL, '<10M', '<50M', NULL, NULL, NULL, '2025-11-30 14:54:53'),
(128, 'M', 'dwdw', 'malone', '2007-11-29', '', 'Sénégal', 'Célibataire', NULL, '', NULL, NULL, 'dsd', NULL, NULL, NULL, '+221773700079', 'destromania8@gmail.com', 'non_salarie', NULL, NULL, NULL, NULL, NULL, NULL, '<10M', '<50M', NULL, NULL, NULL, '2025-11-30 14:59:18'),
(129, 'Mme', 'dwdw', 'ggsdgs', '2007-11-30', 'Dakar', 'Sénégal', 'Veuf(ve)', NULL, '', NULL, NULL, 'dsd', NULL, NULL, NULL, '773700079', 'destromania8@gmail.com', 'retraite', NULL, NULL, NULL, NULL, NULL, NULL, '>30M', '>150M', NULL, NULL, NULL, '2025-11-30 16:06:41'),
(130, 'M', 'dwdw', 'ggsdgs', '2007-11-30', 'Dakar', 'Sénégal', 'Marié(e)', NULL, '', NULL, NULL, 'dsd', '17000', 'Dakar', NULL, '773700079', 'destromania8@gmail.com', 'non_salarie', NULL, NULL, NULL, NULL, NULL, NULL, '>30M', '50-150M', NULL, NULL, NULL, '2025-11-30 17:29:47'),
(131, 'Mlle', 'dwdw', 'ggsdgs', '2007-11-30', 'Dakar', 'Sénégal', 'Marié(e)', NULL, '', NULL, NULL, 'dsd', '17000', 'Dakar', NULL, '773700079', 'destromania8@gmail.com', 'sans_activite', NULL, NULL, NULL, NULL, NULL, NULL, '>30M', '50-150M', NULL, NULL, NULL, '2025-11-30 17:57:23'),
(132, 'Mlle', 'dwdw', 'ggsdgs', '2007-11-30', 'Dakar', 'Sénégal', 'Marié(e)', NULL, '', NULL, NULL, 'cocooooo', '17000', 'Dakar', NULL, '773700079', 'destromania8@gmail.com', 'retraite', NULL, NULL, NULL, NULL, NULL, NULL, '10-30M', '>150M', NULL, NULL, NULL, '2025-11-30 18:23:25'),
(133, 'M', 'RTE', 'Mamadou', '2007-11-30', '', '', 'Divorcé(e)', NULL, '', NULL, NULL, '', NULL, NULL, NULL, '774562767', '', 'sans_activite', NULL, NULL, NULL, NULL, NULL, NULL, '>30M', '50-150M', NULL, NULL, NULL, '2025-11-30 18:40:26'),
(134, 'Mme', 'dwdw', 'ggsdgs', '2007-11-30', 'Dakar', 'Sénégal', 'Divorcé(e)', NULL, '', NULL, NULL, 'dsd', '17000', 'Dakar', NULL, '773700079', 'destromania8@gmail.com', 'sans_activite', NULL, NULL, NULL, NULL, NULL, NULL, '>30M', '50-150M', NULL, NULL, NULL, '2025-11-30 19:39:38'),
(135, 'Mlle', 'DES', 'MANIA IS THE GOAT', '2007-12-01', '', 'Sénégal', 'Célibataire', NULL, '', NULL, NULL, 'dsd', NULL, NULL, NULL, '+221773700079', 'destromania8@gmail.com', 'non_salarie', NULL, NULL, NULL, NULL, NULL, NULL, '<10M', '<50M', NULL, NULL, NULL, '2025-12-01 09:01:41'),
(136, 'M', 'DES', 'MANIA IS THE GOAT', '2007-12-01', '', 'Sénégal', 'Célibataire', NULL, '', NULL, NULL, 'dsd', NULL, NULL, NULL, '+221773700079', 'destromania8@gmail.com', 'non_salarie', NULL, NULL, NULL, NULL, NULL, NULL, '<10M', '<50M', NULL, NULL, NULL, '2025-12-01 09:18:36'),
(137, 'Mme', 's', 'CSQC', '2007-12-01', '', '', 'Célibataire', NULL, '', NULL, NULL, '', NULL, NULL, NULL, '776543222', '', 'non_salarie', NULL, NULL, NULL, NULL, NULL, NULL, '>30M', '50-150M', NULL, NULL, NULL, '2025-12-01 09:24:32'),
(138, 'Mme', 'dwdw', 'ggsdgs', '2007-11-30', 'Dakar', 'Sénégal', 'Divorcé(e)', NULL, '', NULL, NULL, 'dsd', '17000', 'Dakar', NULL, '773700079', 'destromania8@gmail.com', 'sans_activite', NULL, NULL, NULL, NULL, NULL, NULL, '>30M', '50-150M', NULL, NULL, NULL, '2025-12-01 09:38:12'),
(139, 'M', 'dwdw', 'ggsdgs', '2007-11-30', 'Dakar', 'Sénégal', 'Marié(e)', NULL, '', NULL, NULL, 'dsd', '17000', 'Dakar', NULL, '773700079', 'destromania8@gmail.com', 'non_salarie', NULL, NULL, NULL, NULL, NULL, NULL, '>30M', '50-150M', NULL, NULL, NULL, '2025-12-01 09:41:26'),
(140, 'M', 's', 'SQFS', '2007-12-01', '', '', 'Divorcé(e)', NULL, '', NULL, NULL, '', NULL, NULL, NULL, '776546789', '', 'non_salarie', NULL, NULL, NULL, NULL, NULL, NULL, '>30M', '50-150M', NULL, NULL, NULL, '2025-12-01 09:44:29'),
(141, 'M', 's', 'FDFDQ', '2007-12-01', '', '', 'Marié(e)', NULL, '', NULL, NULL, '', NULL, NULL, NULL, '776567890', '', 'non_salarie', NULL, NULL, NULL, NULL, NULL, NULL, '>30M', '50-150M', NULL, NULL, NULL, '2025-12-01 09:50:22'),
(142, 'Mme', 'DES', 'MANIA IS THE GOAT', '2007-12-01', '', 'Sénégal', 'Célibataire', NULL, '', NULL, NULL, 'dsd', NULL, NULL, NULL, '+221773700079', 'destromania8@gmail.com', 'non_salarie', NULL, NULL, NULL, NULL, NULL, NULL, '<10M', '<50M', NULL, NULL, NULL, '2025-12-01 11:06:56');

-- --------------------------------------------------------

--
-- Structure de la table `souscriptions`
--

CREATE TABLE `souscriptions` (
  `id` bigint UNSIGNED NOT NULL,
  `numero_unique` varchar(40) NOT NULL,
  `produit_id` bigint UNSIGNED NOT NULL,
  `apporteur_id` bigint UNSIGNED DEFAULT NULL,
  `souscripteur_id` bigint UNSIGNED NOT NULL,
  `assure_id` bigint UNSIGNED DEFAULT NULL,
  `assure_idem` tinyint(1) NOT NULL DEFAULT '1',
  `recommande_yn` tinyint(1) NOT NULL DEFAULT '0',
  `recommande_code_apporteur` varchar(10) DEFAULT NULL,
  `recommande_nom_apporteur` varchar(120) DEFAULT NULL,
  `montant_rente_base` decimal(14,2) DEFAULT NULL,
  `montant_prime` decimal(14,2) DEFAULT NULL,
  `mode_paiement` varchar(50) DEFAULT NULL,
  `cotisation_montant` decimal(14,2) DEFAULT NULL,
  `cot_total` decimal(14,2) DEFAULT NULL COMMENT 'Montant total pour affichage performances',
  `prime_deces` decimal(14,2) DEFAULT NULL,
  `prime_deces_accidentel` decimal(14,2) DEFAULT NULL,
  `prime_ipp` decimal(14,2) DEFAULT NULL,
  `cotisation_souscription` decimal(14,2) DEFAULT NULL,
  `cotisation_mode` varchar(50) DEFAULT NULL,
  `periodicite` enum('Mensuelle','Trimestrielle','Semestrielle','Annuelle','Aucune') NOT NULL,
  `duree_paiement_prime` int DEFAULT NULL,
  `duree_service_rente` int DEFAULT NULL,
  `duree_contrat_total` int DEFAULT NULL,
  `duree_ans` int DEFAULT NULL,
  `premiere_cotisation_date` date NOT NULL,
  `date_effet` date NOT NULL,
  `capital_deces_yn` tinyint(1) NOT NULL DEFAULT '0',
  `capital_deces` decimal(14,2) DEFAULT NULL,
  `opt_deces_accidentel` tinyint(1) NOT NULL DEFAULT '0',
  `opt_ipp` tinyint(1) NOT NULL DEFAULT '0',
  `signature_lieu` varchar(100) NOT NULL,
  `signature_date` date NOT NULL,
  `benef_terme_assure` tinyint(1) NOT NULL DEFAULT '0',
  `benef_terme_enfant` tinyint(1) DEFAULT '0',
  `benef_terme_autre` tinyint(1) NOT NULL DEFAULT '0',
  `benef_terme_autre_preciser` varchar(100) DEFAULT NULL,
  `benef_deces_enfant_benef` tinyint(1) DEFAULT '0',
  `benef_deces_conjoint` tinyint(1) NOT NULL DEFAULT '0',
  `benef_deces_enfants` tinyint(1) NOT NULL DEFAULT '0',
  `benef_deces_heritiers` tinyint(1) NOT NULL DEFAULT '0',
  `benef_deces_autre` tinyint(1) NOT NULL DEFAULT '0',
  `benef_deces_autre_preciser` varchar(100) DEFAULT NULL,
  `ip` varchar(64) DEFAULT NULL,
  `user_agent` varchar(255) DEFAULT NULL,
  `created_by_user_id` bigint UNSIGNED DEFAULT NULL,
  `status` enum('BROUILLON','SOUMISE','EN_COURS','VALIDEE','REJETEE','SIGNEE','NON_PAYE','PAYE') NOT NULL DEFAULT 'BROUILLON',
  `created_at` timestamp NULL DEFAULT CURRENT_TIMESTAMP,
  `idempotency_key` varchar(64) DEFAULT NULL,
  `sante_question` enum('oui','non') DEFAULT NULL COMMENT 'Question santé : maladie grave ou infirmité ?',
  `sante_details` text COMMENT 'Précisions si question santé = oui',
  `id_commercial` int DEFAULT NULL COMMENT 'Commercial qui a créé la souscription',
  `date_derniere_maj` datetime DEFAULT CURRENT_TIMESTAMP ON UPDATE CURRENT_TIMESTAMP,
  `source_creation` varchar(50) DEFAULT 'COMMERCIAL',
  `commentaire_caisse` text
) ENGINE=InnoDB DEFAULT CHARSET=utf8mb4 COLLATE=utf8mb4_0900_ai_ci;

--
-- Déchargement des données de la table `souscriptions`
--

INSERT INTO `souscriptions` (`id`, `numero_unique`, `produit_id`, `apporteur_id`, `souscripteur_id`, `assure_id`, `assure_idem`, `recommande_yn`, `recommande_code_apporteur`, `recommande_nom_apporteur`, `montant_rente_base`, `montant_prime`, `mode_paiement`, `cotisation_montant`, `cot_total`, `prime_deces`, `prime_deces_accidentel`, `prime_ipp`, `cotisation_souscription`, `cotisation_mode`, `periodicite`, `duree_paiement_prime`, `duree_service_rente`, `duree_contrat_total`, `duree_ans`, `premiere_cotisation_date`, `date_effet`, `capital_deces_yn`, `capital_deces`, `opt_deces_accidentel`, `opt_ipp`, `signature_lieu`, `signature_date`, `benef_terme_assure`, `benef_terme_enfant`, `benef_terme_autre`, `benef_terme_autre_preciser`, `benef_deces_enfant_benef`, `benef_deces_conjoint`, `benef_deces_enfants`, `benef_deces_heritiers`, `benef_deces_autre`, `benef_deces_autre_preciser`, `ip`, `user_agent`, `created_by_user_id`, `status`, `created_at`, `idempotency_key`, `sante_question`, `sante_details`, `id_commercial`, `date_derniere_maj`, `source_creation`, `commentaire_caisse`) VALUES
(1, 'RET-20251031-122518-cdd1', 1, 1, 1, NULL, 1, 0, NULL, NULL, NULL, NULL, NULL, 10000.00, 10000.00, NULL, NULL, NULL, 0.00, 'Prélèvement sur salaire', 'Trimestrielle', NULL, NULL, NULL, 10, '2025-10-02', '2025-10-01', 0, NULL, 0, 0, 'DAKAR', '2025-10-31', 1, 0, 0, NULL, 0, 0, 1, 0, 0, NULL, '::1', 'Mozilla/5.0 (Windows NT 10.0; Win64; x64) AppleWebKit/537.36 (KHTML, like Gecko) Chrome/141.0.0.0 Safari/537.36 Edg/141.0.0.0', NULL, 'NON_PAYE', '2025-10-31 12:25:18', NULL, NULL, NULL, NULL, '2025-12-01 15:47:26', 'COMMERCIAL', NULL),
(2, 'RET-20251031-122937-e91b', 1, NULL, 2, 1, 0, 1, '0022', 'DESTROOO', NULL, NULL, NULL, 10000.00, 10000.00, NULL, NULL, NULL, 0.00, 'Espèces', 'Mensuelle', NULL, NULL, NULL, 10, '2025-10-08', '2025-10-01', 0, NULL, 0, 0, 'DAKAR', '2025-10-31', 1, 0, 0, NULL, 0, 1, 1, 0, 0, NULL, '::1', 'Mozilla/5.0 (Windows NT 10.0; Win64; x64) AppleWebKit/537.36 (KHTML, like Gecko) Chrome/141.0.0.0 Safari/537.36 Edg/141.0.0.0', NULL, 'NON_PAYE', '2025-10-31 12:29:37', NULL, NULL, NULL, NULL, '2025-12-01 15:47:26', 'COMMERCIAL', NULL),
(3, 'RET-20251031-122941-3868', 1, NULL, 3, 2, 0, 1, '0022', 'DESTROOO', NULL, NULL, NULL, 10000.00, 10000.00, NULL, NULL, NULL, 0.00, 'Espèces', 'Mensuelle', NULL, NULL, NULL, 10, '2025-10-08', '2025-10-01', 0, NULL, 0, 0, 'DAKAR', '2025-10-31', 1, 0, 0, NULL, 0, 1, 1, 0, 0, NULL, '::1', 'Mozilla/5.0 (Windows NT 10.0; Win64; x64) AppleWebKit/537.36 (KHTML, like Gecko) Chrome/141.0.0.0 Safari/537.36 Edg/141.0.0.0', NULL, 'NON_PAYE', '2025-10-31 12:29:41', NULL, NULL, NULL, NULL, '2025-12-01 15:47:26', 'COMMERCIAL', NULL),
(4, 'RET-20251031-122948-539d', 1, NULL, 4, 3, 0, 1, '0022', 'DESTROOO', NULL, NULL, NULL, 10000.00, 10000.00, NULL, NULL, NULL, 0.00, 'Espèces', 'Mensuelle', NULL, NULL, NULL, 10, '2025-10-08', '2025-10-01', 0, NULL, 0, 0, 'DAKAR', '2025-10-31', 1, 0, 0, NULL, 0, 1, 1, 0, 0, NULL, '::1', 'Mozilla/5.0 (Windows NT 10.0; Win64; x64) AppleWebKit/537.36 (KHTML, like Gecko) Chrome/141.0.0.0 Safari/537.36 Edg/141.0.0.0', NULL, 'PAYE', '2025-10-31 12:29:48', NULL, NULL, NULL, NULL, '2025-12-01 15:47:26', 'COMMERCIAL', NULL),
(5, 'RET-20251031-123142-03a6', 1, NULL, 5, 4, 0, 1, '0022', 'DESTROOO', NULL, NULL, NULL, 10000.00, 10000.00, NULL, NULL, NULL, 0.00, 'Espèces', 'Mensuelle', NULL, NULL, NULL, 10, '2025-10-08', '2025-10-01', 0, NULL, 0, 0, 'DAKAR', '2025-10-31', 1, 0, 0, NULL, 0, 1, 1, 0, 0, NULL, '::1', 'Mozilla/5.0 (Windows NT 10.0; Win64; x64) AppleWebKit/537.36 (KHTML, like Gecko) Chrome/141.0.0.0 Safari/537.36 Edg/141.0.0.0', NULL, 'PAYE', '2025-10-31 12:31:42', NULL, NULL, NULL, NULL, '2025-12-01 15:47:26', 'COMMERCIAL', NULL),
(6, 'RET-20251031-124238-a974', 1, NULL, 6, 5, 0, 1, '0022', 'DESTROOO', NULL, NULL, NULL, 10000.00, 10000.00, NULL, NULL, NULL, 0.00, 'Espèces', 'Mensuelle', NULL, NULL, NULL, 10, '2025-10-04', '2025-10-01', 0, NULL, 0, 0, 'DAKAR', '2025-10-31', 1, 0, 0, NULL, 0, 1, 1, 0, 0, NULL, '::1', 'Mozilla/5.0 (Windows NT 10.0; Win64; x64) AppleWebKit/537.36 (KHTML, like Gecko) Chrome/141.0.0.0 Safari/537.36 Edg/141.0.0.0', NULL, 'NON_PAYE', '2025-10-31 12:42:38', NULL, NULL, NULL, NULL, '2025-12-01 15:47:26', 'COMMERCIAL', NULL),
(7, 'RET-20251031-153929-65f1', 1, 1, 7, NULL, 1, 0, NULL, NULL, NULL, NULL, NULL, 10000.00, 10000.00, NULL, NULL, NULL, 0.00, 'Mobile money', 'Semestrielle', NULL, NULL, NULL, 10, '2025-10-30', '2026-01-01', 1, 200000.00, 0, 0, 'DAKAR', '2025-10-31', 1, 0, 1, NULL, 0, 0, 0, 1, 1, NULL, '::1', 'Mozilla/5.0 (Windows NT 10.0; Win64; x64) AppleWebKit/537.36 (KHTML, like Gecko) Chrome/141.0.0.0 Safari/537.36 Edg/141.0.0.0', NULL, 'NON_PAYE', '2025-10-31 15:39:29', 'a05ba42d01a38bb2be835a5a1856a2ea', NULL, NULL, NULL, '2025-12-01 15:47:26', 'COMMERCIAL', NULL),
(8, 'RET-20251031-155600-9bc9', 1, 1, 8, NULL, 1, 0, NULL, NULL, NULL, NULL, NULL, 10000.00, 10000.00, NULL, NULL, NULL, 0.00, 'Mobile money', 'Trimestrielle', NULL, NULL, NULL, 10, '2025-10-23', '2025-11-01', 0, NULL, 0, 0, 'DAKAR', '2025-10-31', 1, 0, 0, NULL, 0, 0, 1, 0, 0, NULL, '::1', 'Mozilla/5.0 (Windows NT 10.0; Win64; x64) AppleWebKit/537.36 (KHTML, like Gecko) Chrome/141.0.0.0 Safari/537.36 Edg/141.0.0.0', NULL, 'PAYE', '2025-10-31 15:56:00', '1a07dc3ae2cb8cdad165f57ffe7af3ba', NULL, NULL, NULL, '2025-12-01 15:47:26', 'COMMERCIAL', NULL),
(9, 'RET-20251103-083155-c450', 1, 1, 9, NULL, 1, 0, NULL, NULL, NULL, NULL, NULL, 10000.00, 10000.00, NULL, NULL, NULL, 0.00, 'Prélèvement bancaire', 'Trimestrielle', NULL, NULL, NULL, 10, '2025-11-04', '2025-11-01', 0, NULL, 0, 0, 'DAKAR', '2025-11-03', 1, 0, 0, NULL, 0, 0, 1, 0, 0, NULL, '::1', 'Mozilla/5.0 (Windows NT 10.0; Win64; x64) AppleWebKit/537.36 (KHTML, like Gecko) Chrome/142.0.0.0 Safari/537.36 Edg/142.0.0.0', NULL, 'NON_PAYE', '2025-11-03 08:31:55', 'b6960ebcd61a3f5b72faf66bbe3e96c5', NULL, NULL, NULL, '2025-12-01 15:47:26', 'COMMERCIAL', NULL),
(10, 'RET-20251103-090929-3c34', 1, 1, 10, NULL, 1, 0, NULL, NULL, NULL, NULL, NULL, 10000.00, 10000.00, NULL, NULL, NULL, 0.00, 'Prélèvement sur salaire', 'Semestrielle', NULL, NULL, NULL, 10, '2025-11-04', '2025-11-01', 0, NULL, 0, 0, 'DAKAR', '2025-11-03', 1, 0, 0, NULL, 0, 1, 0, 0, 0, NULL, '::1', 'Mozilla/5.0 (Windows NT 10.0; Win64; x64) AppleWebKit/537.36 (KHTML, like Gecko) Chrome/142.0.0.0 Safari/537.36 Edg/142.0.0.0', NULL, 'NON_PAYE', '2025-11-03 09:09:29', '9c732380056ad546f83ba1e922077fec', NULL, NULL, NULL, '2025-12-01 15:47:26', 'COMMERCIAL', NULL),
(11, 'RET-20251103-094330-c4b6', 1, 1, 11, NULL, 1, 0, NULL, NULL, NULL, NULL, NULL, 10000.00, 10000.00, NULL, NULL, NULL, 0.00, 'Mobile money', 'Trimestrielle', NULL, NULL, NULL, 10, '2025-11-04', '2025-11-01', 0, NULL, 0, 0, 'DAKAR', '2025-11-03', 1, 0, 0, NULL, 0, 1, 0, 0, 0, NULL, '::1', 'Mozilla/5.0 (Windows NT 10.0; Win64; x64) AppleWebKit/537.36 (KHTML, like Gecko) Chrome/142.0.0.0 Safari/537.36 Edg/142.0.0.0', NULL, 'PAYE', '2025-11-03 09:43:30', '312f0ecf195301d53e411f7725c6f501', NULL, NULL, NULL, '2025-12-01 15:47:26', 'COMMERCIAL', NULL),
(12, 'RET-20251103-101244-4c02', 1, 1, 12, NULL, 1, 0, NULL, NULL, NULL, NULL, NULL, 10000.00, 10000.00, NULL, NULL, NULL, 0.00, 'Mobile money', 'Trimestrielle', NULL, NULL, NULL, 10, '2025-11-04', '2025-11-01', 0, NULL, 0, 0, 'DAKAR', '2025-11-03', 1, 0, 0, NULL, 0, 0, 1, 0, 0, NULL, '::1', 'Mozilla/5.0 (Windows NT 10.0; Win64; x64) AppleWebKit/537.36 (KHTML, like Gecko) Chrome/142.0.0.0 Safari/537.36 Edg/142.0.0.0', NULL, 'PAYE', '2025-11-03 10:12:44', '62fa08720077129713581cd7ca069c80', NULL, NULL, NULL, '2025-12-01 15:47:26', 'COMMERCIAL', NULL),
(13, 'RET-PRES-20251104-121831-1296', 2, 1, 13, NULL, 1, 0, NULL, NULL, NULL, NULL, NULL, 100000.00, 600000.00, NULL, NULL, NULL, 500000.00, 'Espèces', 'Aucune', NULL, NULL, NULL, 10, '2025-11-03', '2025-11-01', 0, NULL, 0, 0, 'DAKAR', '2025-11-04', 1, 0, 1, 'Pere', 0, 1, 1, 0, 0, NULL, '::1', 'Mozilla/5.0 (Windows NT 10.0; Win64; x64) AppleWebKit/537.36 (KHTML, like Gecko) Chrome/142.0.0.0 Safari/537.36 Edg/142.0.0.0', NULL, 'PAYE', '2025-11-04 12:18:31', '19962721732fd5b2ddd22a767703719a', NULL, NULL, NULL, '2025-12-01 15:30:39', 'COMMERCIAL', NULL),
(14, 'RET-PRES-20251104-122812-e9ff', 2, 1, 14, NULL, 1, 0, NULL, NULL, NULL, NULL, NULL, 100000.00, 600000.00, NULL, NULL, NULL, 500000.00, 'Espèces', 'Aucune', NULL, NULL, NULL, 10, '2025-11-03', '2025-11-01', 0, NULL, 0, 0, 'DAKAR', '2025-11-04', 1, 0, 0, 'Pere', 0, 1, 1, 0, 0, NULL, '::1', 'Mozilla/5.0 (Windows NT 10.0; Win64; x64) AppleWebKit/537.36 (KHTML, like Gecko) Chrome/142.0.0.0 Safari/537.36 Edg/142.0.0.0', NULL, 'PAYE', '2025-11-04 12:28:12', '7000214af498b9afcd9fb500018d21ae', NULL, NULL, NULL, '2025-12-01 15:30:39', 'COMMERCIAL', NULL),
(15, 'RET-PRES-20251104-123423-3969', 2, 1, 15, NULL, 1, 0, NULL, NULL, NULL, NULL, NULL, 100000.00, 600000.00, NULL, NULL, NULL, 500000.00, 'Mobile money', 'Semestrielle', NULL, NULL, NULL, 10, '2025-11-05', '2025-11-01', 0, NULL, 0, 0, 'DAKAR', '2025-11-04', 1, 0, 0, NULL, 0, 1, 0, 0, 0, NULL, '::1', 'Mozilla/5.0 (Windows NT 10.0; Win64; x64) AppleWebKit/537.36 (KHTML, like Gecko) Chrome/142.0.0.0 Safari/537.36 Edg/142.0.0.0', NULL, 'PAYE', '2025-11-04 12:34:23', '0fdadd58a98b7abe09f05b8f5c32d5d5', NULL, NULL, NULL, '2025-12-01 15:30:39', 'COMMERCIAL', NULL),
(16, 'RET-PRES-20251104-153833-cd6f', 2, 1, 16, NULL, 1, 0, NULL, NULL, NULL, NULL, NULL, 100000.00, 600000.00, NULL, NULL, NULL, 500000.00, 'Mobile money', 'Semestrielle', NULL, NULL, NULL, 10, '2025-11-15', '2025-12-01', 0, NULL, 0, 0, 'DAKAR', '2025-11-04', 1, 0, 0, NULL, 0, 0, 1, 0, 0, NULL, '::1', 'Mozilla/5.0 (Windows NT 10.0; Win64; x64) AppleWebKit/537.36 (KHTML, like Gecko) Chrome/142.0.0.0 Safari/537.36 Edg/142.0.0.0', NULL, 'PAYE', '2025-11-04 15:38:33', '568a30b04ef3fcdae1861078d927408d', NULL, NULL, NULL, '2025-12-01 15:30:39', 'COMMERCIAL', NULL),
(17, 'RET-LIB-20251104-170120-909f', 3, 1, 17, NULL, 1, 0, NULL, NULL, NULL, NULL, NULL, 50000.00, 150000.00, NULL, NULL, NULL, 100000.00, 'Prélèvement sur salaire', 'Trimestrielle', NULL, NULL, NULL, 10, '2025-11-05', '2025-11-01', 0, NULL, 0, 0, 'DAKAR', '2025-11-04', 1, 0, 0, NULL, 0, 0, 1, 0, 0, NULL, '::1', 'Mozilla/5.0 (Windows NT 10.0; Win64; x64) AppleWebKit/537.36 (KHTML, like Gecko) Chrome/142.0.0.0 Safari/537.36 Edg/142.0.0.0', NULL, 'PAYE', '2025-11-04 17:01:20', '67325938635bf85bebde3361592f8dba', NULL, NULL, NULL, '2025-12-01 15:30:39', 'COMMERCIAL', NULL),
(18, 'RET-LIB-20251105-090223-4c76', 3, 1, 18, NULL, 1, 0, NULL, NULL, NULL, NULL, NULL, 50000.00, 150000.00, NULL, NULL, NULL, 100000.00, 'Mobile money', 'Annuelle', NULL, NULL, NULL, 10, '2025-11-06', '2025-11-01', 0, NULL, 0, 0, 'DAKAR', '2025-11-05', 1, 0, 0, NULL, 0, 0, 1, 0, 0, NULL, '::1', 'Mozilla/5.0 (Windows NT 10.0; Win64; x64) AppleWebKit/537.36 (KHTML, like Gecko) Chrome/142.0.0.0 Safari/537.36 Edg/142.0.0.0', NULL, 'PAYE', '2025-11-05 09:02:23', 'a83f80899517817ff4c125519a691245', NULL, NULL, NULL, '2025-12-01 15:30:39', 'COMMERCIAL', NULL),
(19, 'RET-LIB-20251105-091850-f27f', 3, 1, 19, NULL, 1, 0, NULL, NULL, NULL, NULL, NULL, 50000.00, 150000.00, NULL, NULL, NULL, 100000.00, 'Mobile money', 'Aucune', NULL, NULL, NULL, 10, '2025-11-05', '2025-11-01', 0, NULL, 0, 0, 'DAKAR', '2025-11-05', 1, 0, 0, NULL, 0, 0, 1, 0, 0, NULL, '::1', 'Mozilla/5.0 (Windows NT 10.0; Win64; x64) AppleWebKit/537.36 (KHTML, like Gecko) Chrome/142.0.0.0 Safari/537.36 Edg/142.0.0.0', NULL, 'PAYE', '2025-11-05 09:18:50', '39687b32dd0a6f1e47a59ad0d951b1b1', NULL, NULL, NULL, '2025-12-01 15:30:39', 'COMMERCIAL', NULL),
(20, 'RET-LIB-20251105-092846-f792', 3, NULL, 20, NULL, 1, 1, '0022', 'hhg', NULL, NULL, NULL, 50000.00, 150000.00, NULL, NULL, NULL, 100000.00, 'Mobile money', 'Annuelle', NULL, NULL, NULL, 10, '2025-11-05', '2025-11-01', 0, NULL, 0, 0, 'DAKAR', '2025-11-05', 1, 0, 0, NULL, 0, 0, 1, 0, 0, NULL, '::1', 'Mozilla/5.0 (Windows NT 10.0; Win64; x64) AppleWebKit/537.36 (KHTML, like Gecko) Chrome/142.0.0.0 Safari/537.36 Edg/142.0.0.0', NULL, 'PAYE', '2025-11-05 09:28:46', 'aa977a0aeb24a365b334855210a0ec6d', NULL, NULL, NULL, '2025-12-01 15:30:39', 'COMMERCIAL', NULL),
(21, 'RET-LIB-20251105-100955-3023', 3, 1, 21, NULL, 1, 0, NULL, NULL, NULL, NULL, NULL, 50000.00, 150000.00, NULL, NULL, NULL, 100000.00, 'Prélèvement bancaire', 'Semestrielle', NULL, NULL, NULL, 10, '2025-11-07', '2025-11-01', 0, NULL, 0, 0, 'DAKAR', '2025-11-05', 1, 0, 0, NULL, 0, 0, 1, 0, 0, NULL, '::1', 'Mozilla/5.0 (Windows NT 10.0; Win64; x64) AppleWebKit/537.36 (KHTML, like Gecko) Chrome/142.0.0.0 Safari/537.36 Edg/142.0.0.0', NULL, 'PAYE', '2025-11-05 10:09:55', '917bed002f034104c42b4cae2d02c60b', NULL, NULL, NULL, '2025-12-01 15:30:39', 'COMMERCIAL', NULL),
(22, 'RET-LIB-20251105-101703-bc67', 3, 1, 22, NULL, 1, 0, NULL, NULL, NULL, NULL, NULL, 50000.00, 150000.00, NULL, NULL, NULL, 100000.00, 'Mobile money', 'Semestrielle', NULL, NULL, NULL, 10, '2025-11-05', '2025-11-01', 0, NULL, 0, 0, 'DAKAR', '2025-11-05', 1, 0, 0, NULL, 0, 0, 1, 1, 0, NULL, '::1', 'Mozilla/5.0 (Windows NT 10.0; Win64; x64) AppleWebKit/537.36 (KHTML, like Gecko) Chrome/142.0.0.0 Safari/537.36 Edg/142.0.0.0', NULL, 'PAYE', '2025-11-05 10:17:03', '162ff0f6856fceaa11ec165d4f269146', NULL, NULL, NULL, '2025-12-01 15:30:39', 'COMMERCIAL', NULL),
(23, 'RET-LIB-20251105-102856-4fc0', 3, 1, 23, NULL, 1, 0, NULL, NULL, NULL, NULL, NULL, 50000.00, 150000.00, NULL, NULL, NULL, 100000.00, 'Mobile money', 'Mensuelle', NULL, NULL, NULL, 10, '2025-11-05', '2025-11-01', 0, NULL, 0, 0, 'DAKAR', '2025-11-05', 1, 0, 0, NULL, 0, 0, 1, 0, 0, NULL, '::1', 'Mozilla/5.0 (Windows NT 10.0; Win64; x64) AppleWebKit/537.36 (KHTML, like Gecko) Chrome/142.0.0.0 Safari/537.36 Edg/142.0.0.0', NULL, 'PAYE', '2025-11-05 10:28:56', '729a7c1815242c6ec8593a772cb9ddf5', NULL, NULL, NULL, '2025-12-01 15:30:39', 'COMMERCIAL', NULL),
(24, 'RET-LIB-20251105-103354-c74d', 3, 1, 24, NULL, 1, 0, NULL, NULL, NULL, NULL, NULL, 50000.00, 150000.00, NULL, NULL, NULL, 100000.00, 'Espèces', 'Aucune', NULL, NULL, NULL, 10, '2025-11-04', '2025-11-01', 0, NULL, 0, 0, 'DAKAR', '2025-11-05', 1, 0, 0, NULL, 0, 0, 0, 1, 0, NULL, '::1', 'Mozilla/5.0 (Windows NT 10.0; Win64; x64) AppleWebKit/537.36 (KHTML, like Gecko) Chrome/142.0.0.0 Safari/537.36 Edg/142.0.0.0', NULL, 'PAYE', '2025-11-05 10:33:54', '9bccd09b52da77063d79ff65208110a6', NULL, NULL, NULL, '2025-12-01 15:30:39', 'COMMERCIAL', NULL),
(25, 'RET-LIB-20251105-103531-49d1', 3, 1, 25, NULL, 1, 0, NULL, NULL, NULL, NULL, NULL, 50000.00, 150000.00, NULL, NULL, NULL, 100000.00, 'Mobile money', 'Annuelle', NULL, NULL, NULL, 10, '2025-11-06', '2025-11-01', 0, NULL, 0, 0, 'DAKAR', '2025-11-05', 1, 0, 0, NULL, 0, 0, 1, 0, 0, NULL, '::1', 'Mozilla/5.0 (Windows NT 10.0; Win64; x64) AppleWebKit/537.36 (KHTML, like Gecko) Chrome/142.0.0.0 Safari/537.36 Edg/142.0.0.0', NULL, 'PAYE', '2025-11-05 10:35:31', '6541dd84f07a41039382bcf03518d8e8', NULL, NULL, NULL, '2025-12-01 15:30:39', 'COMMERCIAL', NULL),
(26, 'RET-LIB-20251105-104016-4e91', 3, 1, 26, NULL, 1, 0, NULL, NULL, NULL, NULL, NULL, 50000.00, 150000.00, NULL, NULL, NULL, 100000.00, 'Prélèvement bancaire', 'Semestrielle', NULL, NULL, NULL, 10, '2025-11-06', '2025-11-01', 0, NULL, 0, 0, 'DAKAR', '2025-11-05', 1, 0, 0, NULL, 0, 0, 1, 0, 0, NULL, '::1', 'Mozilla/5.0 (Windows NT 10.0; Win64; x64) AppleWebKit/537.36 (KHTML, like Gecko) Chrome/142.0.0.0 Safari/537.36 Edg/142.0.0.0', NULL, 'PAYE', '2025-11-05 10:40:16', 'd4e4b614a9ffe2f8831f9ccb9dc4fa85', NULL, NULL, NULL, '2025-12-01 15:30:39', 'COMMERCIAL', NULL),
(27, 'RET-LIB-20251105-104349-9d34', 3, 1, 27, NULL, 1, 0, NULL, NULL, NULL, NULL, NULL, 50000.00, 150000.00, NULL, NULL, NULL, 100000.00, 'Chèques (NSIA VIE ASSURANCES)', 'Semestrielle', NULL, NULL, NULL, 10, '2025-11-06', '2025-11-01', 0, NULL, 0, 0, 'DAKAR', '2025-11-05', 1, 0, 0, NULL, 0, 0, 1, 0, 0, NULL, '::1', 'Mozilla/5.0 (Windows NT 10.0; Win64; x64) AppleWebKit/537.36 (KHTML, like Gecko) Chrome/142.0.0.0 Safari/537.36 Edg/142.0.0.0', NULL, 'PAYE', '2025-11-05 10:43:49', 'b62552f18b572ba99c5b0ee839d1196a', NULL, NULL, NULL, '2025-12-01 15:30:39', 'COMMERCIAL', NULL),
(28, 'RET-LIB-20251105-105142-6bce', 3, 1, 28, NULL, 1, 0, NULL, NULL, NULL, NULL, NULL, 50000.01, 150000.01, NULL, NULL, NULL, 100000.00, 'Prélèvement bancaire', 'Semestrielle', NULL, NULL, NULL, 10, '2025-11-05', '2025-11-01', 0, NULL, 0, 0, 'DAKAR', '2025-11-05', 1, 0, 0, NULL, 0, 0, 1, 0, 0, NULL, '::1', 'Mozilla/5.0 (Windows NT 10.0; Win64; x64) AppleWebKit/537.36 (KHTML, like Gecko) Chrome/142.0.0.0 Safari/537.36 Edg/142.0.0.0', NULL, 'PAYE', '2025-11-05 10:51:42', '89d22ec2a73e31bbb6f31a8e3ec3a7d7', NULL, NULL, NULL, '2025-12-01 15:30:39', 'COMMERCIAL', NULL),
(29, 'RET-PRES-20251105-110054-61b1', 2, 1, 29, NULL, 1, 0, NULL, NULL, NULL, NULL, NULL, 100000.00, 600000.00, NULL, NULL, NULL, 500000.00, 'Prélèvement bancaire', 'Semestrielle', NULL, NULL, NULL, 10, '2025-11-06', '2025-11-01', 0, NULL, 0, 0, 'DAKAR', '2025-11-05', 1, 0, 0, NULL, 0, 0, 1, 0, 0, NULL, '::1', 'Mozilla/5.0 (Windows NT 10.0; Win64; x64) AppleWebKit/537.36 (KHTML, like Gecko) Chrome/142.0.0.0 Safari/537.36 Edg/142.0.0.0', NULL, 'PAYE', '2025-11-05 11:00:54', 'a65c605f2ae40fe71fabffe12d9fea36', NULL, NULL, NULL, '2025-12-01 15:30:39', 'COMMERCIAL', NULL),
(30, 'RET-20251105-110617-8245', 1, 1, 30, NULL, 1, 0, NULL, NULL, NULL, NULL, NULL, 10000.00, 10000.00, NULL, NULL, NULL, 0.00, 'Chèques (NSIA VIE ASSURANCES)', 'Trimestrielle', NULL, NULL, NULL, 10, '2025-10-30', '2026-01-01', 0, NULL, 0, 0, 'DAKAR', '2025-11-05', 1, 0, 0, NULL, 0, 0, 1, 0, 0, NULL, '::1', 'Mozilla/5.0 (Windows NT 10.0; Win64; x64) AppleWebKit/537.36 (KHTML, like Gecko) Chrome/142.0.0.0 Safari/537.36 Edg/142.0.0.0', NULL, 'PAYE', '2025-11-05 11:06:17', 'd71e77fbad6a0f3d45f4b9d4b39b8808', NULL, NULL, NULL, '2025-12-01 15:47:26', 'COMMERCIAL', NULL),
(31, 'RET-PRES-20251105-112141-0358', 2, 1, 31, NULL, 1, 0, NULL, NULL, NULL, NULL, NULL, 100000.00, 600000.00, NULL, NULL, NULL, 500000.00, 'Espèces', 'Aucune', NULL, NULL, NULL, 10, '2025-11-05', '2025-11-01', 0, NULL, 0, 0, 'DAKAR', '2025-11-05', 1, 0, 0, NULL, 0, 0, 0, 1, 0, NULL, '::1', 'Mozilla/5.0 (Windows NT 10.0; Win64; x64) AppleWebKit/537.36 (KHTML, like Gecko) Chrome/142.0.0.0 Safari/537.36 Edg/142.0.0.0', NULL, 'PAYE', '2025-11-05 11:21:41', '7647af3f962fb804c76ff3b11d7a0045', NULL, NULL, NULL, '2025-12-01 15:30:39', 'COMMERCIAL', NULL),
(32, 'ETUDES-20251106-144802-5113', 2, 1, 34, NULL, 1, 0, NULL, NULL, 500000.00, 15489.81, 'Espèces', NULL, 0.00, NULL, NULL, NULL, NULL, NULL, 'Mensuelle', 13, 5, 18, NULL, '2025-11-22', '2026-01-01', 0, NULL, 0, 0, 'DAKAR', '2025-11-06', 0, 1, 0, NULL, 0, 1, 0, 0, 0, NULL, '::1', 'Mozilla/5.0 (Windows NT 10.0; Win64; x64) AppleWebKit/537.36 (KHTML, like Gecko) Chrome/142.0.0.0 Safari/537.36 Edg/142.0.0.0', NULL, 'PAYE', '2025-11-06 14:48:02', 'b4e9f0d6b70a88d5bb46de9b50375984', NULL, NULL, NULL, '2025-12-01 15:30:39', 'COMMERCIAL', NULL),
(33, 'ETUDES-20251106-153936-464a', 2, 1, 35, NULL, 1, 0, NULL, NULL, 500000.00, 17038.56, 'Espèces', NULL, 0.00, NULL, NULL, NULL, NULL, NULL, 'Mensuelle', 10, 4, 14, NULL, '2025-11-06', '2025-11-01', 0, NULL, 0, 0, 'DAKAR', '2025-11-06', 0, 1, 0, NULL, 0, 1, 0, 0, 0, NULL, '::1', 'Mozilla/5.0 (Windows NT 10.0; Win64; x64) AppleWebKit/537.36 (KHTML, like Gecko) Chrome/142.0.0.0 Safari/537.36 Edg/142.0.0.0', NULL, 'PAYE', '2025-11-06 15:39:36', '4aa3c5f1bedde85383eff6e8a813531e', NULL, NULL, NULL, '2025-12-01 15:30:39', 'COMMERCIAL', NULL),
(34, 'ETUDES-20251107-154516-31e4', 2, 1, 36, NULL, 1, 0, NULL, NULL, 500000.00, 12240.48, 'Prélèvement bancaire', NULL, 0.00, NULL, NULL, NULL, NULL, NULL, 'Mensuelle', 16, 5, 21, NULL, '2025-11-07', '2025-11-01', 0, NULL, 0, 0, 'DAKAR', '2025-11-07', 1, 0, 0, NULL, 0, 1, 0, 0, 0, NULL, '::1', 'Mozilla/5.0 (Windows NT 10.0; Win64; x64) AppleWebKit/537.36 (KHTML, like Gecko) Chrome/142.0.0.0 Safari/537.36 Edg/142.0.0.0', NULL, 'PAYE', '2025-11-07 15:45:16', '15238684f2c88cf39cb7ca7ed6731923', NULL, NULL, NULL, '2025-12-01 15:30:39', 'COMMERCIAL', NULL),
(35, 'ETUDES-20251107-155842-7a3f', 2, 1, 37, NULL, 1, 0, NULL, NULL, 500000.00, 11398.56, 'Chèques', NULL, 0.00, NULL, NULL, NULL, NULL, NULL, 'Mensuelle', 17, 5, 22, NULL, '2025-11-07', '2025-11-01', 0, NULL, 0, 0, 'DAKAR', '2025-11-07', 0, 1, 0, NULL, 1, 0, 0, 0, 0, NULL, '::1', 'Mozilla/5.0 (Windows NT 10.0; Win64; x64) AppleWebKit/537.36 (KHTML, like Gecko) Chrome/142.0.0.0 Safari/537.36 Edg/142.0.0.0', NULL, 'NON_PAYE', '2025-11-07 15:58:42', 'a65a9b4ae5d995cec11f694654ab8b5c', NULL, NULL, NULL, '2025-12-01 15:30:39', 'COMMERCIAL', NULL),
(36, 'ETUDES-20251107-160957-df4e', 2, 1, 38, NULL, 1, 0, NULL, NULL, 500000.00, 16962.10, 'Prélèvement bancaire', NULL, 0.00, NULL, NULL, NULL, NULL, NULL, 'Mensuelle', 12, 5, 17, NULL, '2025-11-07', '2025-11-01', 0, NULL, 0, 0, 'DAKAR', '2025-11-07', 0, 1, 0, NULL, 1, 0, 0, 0, 0, NULL, '::1', 'Mozilla/5.0 (Windows NT 10.0; Win64; x64) AppleWebKit/537.36 (KHTML, like Gecko) Chrome/142.0.0.0 Safari/537.36 Edg/142.0.0.0', NULL, 'NON_PAYE', '2025-11-07 16:09:57', 'b67f9eb3e5f7d372702162ae47c88e7d', NULL, NULL, NULL, '2025-12-01 15:30:39', 'COMMERCIAL', NULL),
(37, 'ETUDES-20251107-162102-5058', 2, 1, 39, NULL, 1, 0, NULL, NULL, 500000.00, 18698.69, 'Prélèvement bancaire', NULL, 0.00, NULL, NULL, NULL, NULL, NULL, 'Mensuelle', 11, 5, 16, NULL, '2025-11-07', '2025-11-01', 0, NULL, 0, 0, 'DAKAR', '2025-11-07', 0, 1, 0, NULL, 1, 0, 0, 0, 0, NULL, '::1', 'Mozilla/5.0 (Windows NT 10.0; Win64; x64) AppleWebKit/537.36 (KHTML, like Gecko) Chrome/142.0.0.0 Safari/537.36 Edg/142.0.0.0', NULL, 'PAYE', '2025-11-07 16:21:02', '3d10c82f2b7203b0f656b3b6266b9458', NULL, NULL, NULL, '2025-12-01 15:30:39', 'COMMERCIAL', NULL),
(38, 'ETUDES-20251107-170950-3920', 2, 1, 40, NULL, 1, 0, NULL, NULL, 500000.00, 15545.04, 'Prélèvement bancaire', NULL, 0.00, NULL, NULL, NULL, NULL, NULL, 'Mensuelle', 13, 5, 18, NULL, '2025-11-07', '2025-11-01', 0, NULL, 0, 0, 'DAKAR', '2025-11-07', 0, 1, 0, NULL, 1, 0, 0, 0, 0, NULL, '::1', 'Mozilla/5.0 (Windows NT 10.0; Win64; x64) AppleWebKit/537.36 (KHTML, like Gecko) Chrome/142.0.0.0 Safari/537.36 Edg/142.0.0.0', NULL, 'PAYE', '2025-11-07 17:09:50', '5d3be8c8c68e92c274dc6c38c6ddf355', NULL, NULL, NULL, '2025-12-01 15:30:39', 'COMMERCIAL', NULL),
(39, 'ETUDES-20251107-172014-11ac', 2, 1, 41, NULL, 1, 0, NULL, NULL, 500000.00, 10847.03, 'Prélèvement bancaire', NULL, 0.00, NULL, NULL, NULL, NULL, NULL, 'Mensuelle', 15, 4, 19, NULL, '2025-11-07', '2025-11-01', 0, NULL, 0, 0, 'DAKAR', '2025-11-07', 0, 1, 0, NULL, 1, 0, 0, 0, 0, NULL, '::1', 'Mozilla/5.0 (Windows NT 10.0; Win64; x64) AppleWebKit/537.36 (KHTML, like Gecko) Chrome/142.0.0.0 Safari/537.36 Edg/142.0.0.0', NULL, 'PAYE', '2025-11-07 17:20:14', '5a7aeb91ffd45c870ee9f9aad5016b0e', NULL, NULL, NULL, '2025-12-01 15:30:39', 'COMMERCIAL', NULL),
(40, 'ETUDES-20251107-174012-86f7', 2, 1, 42, NULL, 1, 0, NULL, NULL, 500000.01, 15489.81, 'Prélèvement bancaire', NULL, 0.00, NULL, NULL, NULL, NULL, NULL, 'Mensuelle', 13, 5, 18, NULL, '2025-11-07', '2025-11-01', 0, NULL, 0, 0, 'DAKAR', '2025-11-07', 0, 1, 0, NULL, 1, 0, 0, 0, 0, NULL, '::1', 'Mozilla/5.0 (Windows NT 10.0; Win64; x64) AppleWebKit/537.36 (KHTML, like Gecko) Chrome/142.0.0.0 Safari/537.36 Edg/142.0.0.0', NULL, 'PAYE', '2025-11-07 17:40:12', '926867ec588a1300bb076426714bead8', NULL, NULL, NULL, '2025-12-01 15:30:39', 'COMMERCIAL', NULL),
(41, 'ETUDES-20251107-174257-4bbc', 2, 1, 43, NULL, 1, 0, NULL, NULL, 500000.00, 61783.63, 'Prélèvement bancaire', NULL, 0.00, NULL, NULL, NULL, NULL, NULL, 'Trimestrielle', 10, 5, 15, NULL, '2025-11-06', '2025-11-01', 0, NULL, 0, 0, 'DAKAR', '2025-11-07', 0, 1, 0, NULL, 1, 0, 0, 0, 0, NULL, '::1', 'Mozilla/5.0 (Windows NT 10.0; Win64; x64) AppleWebKit/537.36 (KHTML, like Gecko) Chrome/142.0.0.0 Safari/537.36 Edg/142.0.0.0', NULL, 'PAYE', '2025-11-07 17:42:57', '03f64e51f503cf7e957a7e9f523d15ec', NULL, NULL, NULL, '2025-12-01 15:30:39', 'COMMERCIAL', NULL),
(42, 'ETUDES-20251107-182537-a40b', 2, 1, 44, NULL, 1, 0, NULL, NULL, 500000.00, 20837.17, 'Prélèvement bancaire', NULL, 0.00, NULL, NULL, NULL, NULL, NULL, 'Mensuelle', 10, 5, 15, NULL, '2025-11-06', '2025-11-01', 0, NULL, 0, 0, 'DAKAR', '2025-11-07', 0, 1, 0, NULL, 1, 0, 0, 0, 0, NULL, '::1', 'Mozilla/5.0 (Windows NT 10.0; Win64; x64) AppleWebKit/537.36 (KHTML, like Gecko) Chrome/142.0.0.0 Safari/537.36 Edg/142.0.0.0', NULL, 'PAYE', '2025-11-07 18:25:37', 'e114ae8d4d70b1f7863d62a62d114556', NULL, NULL, NULL, '2025-12-01 15:30:39', 'COMMERCIAL', NULL),
(43, 'ETUDES-20251107-185252-7717', 2, 1, 45, NULL, 1, 0, NULL, NULL, 500000.00, 18716.52, 'Précompte sur salaire', NULL, 0.00, NULL, NULL, NULL, NULL, NULL, 'Mensuelle', 11, 5, 16, NULL, '2025-11-07', '2025-11-01', 0, NULL, 0, 0, 'DAKAR', '2025-11-07', 0, 1, 0, NULL, 1, 0, 0, 0, 0, NULL, '::1', 'Mozilla/5.0 (Windows NT 10.0; Win64; x64) AppleWebKit/537.36 (KHTML, like Gecko) Chrome/142.0.0.0 Safari/537.36 Edg/142.0.0.0', NULL, 'PAYE', '2025-11-07 18:52:52', '686f466a9aa9015241d873bbb3351f94', NULL, NULL, NULL, '2025-12-01 15:30:39', 'COMMERCIAL', NULL),
(44, 'RET-20251108-110032-a635', 1, 1, 46, NULL, 1, 0, NULL, NULL, NULL, NULL, NULL, 10000.00, 10000.00, NULL, NULL, NULL, NULL, 'Prélèvement sur salaire', 'Mensuelle', NULL, NULL, NULL, 10, '2025-11-08', '2025-11-01', 0, NULL, 0, 0, 'DAKAR', '2025-11-08', 1, 0, 0, NULL, 0, 0, 1, 0, 0, NULL, '::1', 'Mozilla/5.0 (Windows NT 10.0; Win64; x64) AppleWebKit/537.36 (KHTML, like Gecko) Chrome/142.0.0.0 Safari/537.36 Edg/142.0.0.0', NULL, 'PAYE', '2025-11-08 11:00:32', 'b41d5adb3280bcc39bcbf10feb2ddea8', NULL, NULL, NULL, '2025-12-01 15:47:26', 'COMMERCIAL', NULL),
(45, 'RET-PRES-20251110-125256-8486', 2, 1, 47, NULL, 1, 0, NULL, NULL, NULL, NULL, NULL, 100000.00, 600000.00, NULL, NULL, NULL, 500000.00, 'Prélèvement bancaire', 'Annuelle', NULL, NULL, NULL, 10, '2025-11-11', '2025-12-01', 0, NULL, 0, 0, 'DAKAR', '2025-11-10', 0, 0, 1, NULL, 0, 0, 1, 0, 0, NULL, '::1', 'Mozilla/5.0 (Windows NT 10.0; Win64; x64) AppleWebKit/537.36 (KHTML, like Gecko) Chrome/142.0.0.0 Safari/537.36 Edg/142.0.0.0', NULL, 'PAYE', '2025-11-10 12:52:56', '97b20071abf9f5cce04bb2ed25777096', NULL, NULL, NULL, '2025-12-01 15:30:39', 'COMMERCIAL', NULL),
(46, 'RET-PRES-20251115-002457-96a6', 2, 1, 48, NULL, 1, 0, NULL, NULL, NULL, NULL, NULL, 100000.00, 600000.00, NULL, NULL, NULL, 500000.00, 'Prélèvement bancaire', 'Mensuelle', NULL, NULL, NULL, 10, '2025-11-15', '2025-12-01', 0, NULL, 0, 0, 'DAKAR', '2025-11-15', 0, 0, 0, NULL, 0, 0, 1, 0, 0, NULL, '::1', 'Mozilla/5.0 (Windows NT 10.0; Win64; x64) AppleWebKit/537.36 (KHTML, like Gecko) Chrome/142.0.0.0 Safari/537.36 Edg/142.0.0.0', NULL, 'PAYE', '2025-11-15 00:24:57', 'f94a8757c06bccc788724ebd96976b8f', NULL, NULL, NULL, '2025-12-01 15:30:39', 'COMMERCIAL', NULL),
(47, 'RET-PRES-20251115-011239-8894', 2, 1, 49, NULL, 1, 0, NULL, NULL, NULL, NULL, NULL, 100000.00, 600000.00, NULL, NULL, NULL, 500000.00, 'Prélèvement bancaire', 'Mensuelle', NULL, NULL, NULL, 10, '2025-11-15', '2025-12-01', 0, NULL, 0, 0, 'DAKAR', '2025-11-15', 1, 0, 0, NULL, 0, 0, 1, 0, 0, NULL, '::1', 'Mozilla/5.0 (Windows NT 10.0; Win64; x64) AppleWebKit/537.36 (KHTML, like Gecko) Chrome/142.0.0.0 Safari/537.36 Edg/142.0.0.0', NULL, 'PAYE', '2025-11-15 01:12:39', '657533e47c7c21595f5fbeefa7895648', NULL, NULL, NULL, '2025-12-01 15:30:39', 'COMMERCIAL', NULL),
(48, 'RET-PRES-20251115-111551-865a', 2, 1, 50, NULL, 1, 0, NULL, NULL, NULL, NULL, NULL, 100000.00, 600000.00, NULL, NULL, NULL, 500000.00, 'Prélèvement bancaire', 'Semestrielle', NULL, NULL, NULL, 10, '2025-11-16', '2025-12-01', 0, NULL, 0, 0, 'DAKAR', '2025-11-15', 0, 0, 1, 'Pere', 0, 0, 1, 0, 0, NULL, '::1', 'Mozilla/5.0 (Windows NT 10.0; Win64; x64) AppleWebKit/537.36 (KHTML, like Gecko) Chrome/142.0.0.0 Safari/537.36 Edg/142.0.0.0', NULL, 'PAYE', '2025-11-15 11:15:51', '504c3d1a85d138a26bb3eabbe4897931', NULL, NULL, NULL, '2025-12-01 15:30:39', 'COMMERCIAL', NULL),
(49, 'RET-PRES-20251115-113133-b6bc', 2, 1, 51, NULL, 1, 0, NULL, NULL, NULL, NULL, NULL, 100000.00, 600000.00, NULL, NULL, NULL, 500000.00, 'Prélèvement bancaire', 'Mensuelle', NULL, NULL, NULL, 10, '2025-11-15', '2025-12-01', 0, NULL, 0, 0, 'DAKAR', '2025-11-15', 1, 0, 0, NULL, 0, 0, 1, 1, 0, NULL, '::1', 'Mozilla/5.0 (Windows NT 10.0; Win64; x64) AppleWebKit/537.36 (KHTML, like Gecko) Chrome/142.0.0.0 Safari/537.36 Edg/142.0.0.0', NULL, 'PAYE', '2025-11-15 11:31:33', 'f83dff5715fdf683ea58f1f6ccb6cab6', NULL, NULL, NULL, '2025-12-01 15:30:39', 'COMMERCIAL', NULL),
(50, 'RET-PRES-20251115-113817-7a44', 2, 1, 52, NULL, 1, 0, NULL, NULL, NULL, NULL, NULL, 100000.00, 600000.00, NULL, NULL, NULL, 500000.00, 'Prélèvement bancaire', 'Semestrielle', NULL, NULL, NULL, 10, '2025-11-14', '2025-12-01', 0, NULL, 0, 0, 'DAKAR', '2025-11-15', 1, 0, 0, NULL, 0, 1, 0, 0, 0, NULL, '::1', 'Mozilla/5.0 (Windows NT 10.0; Win64; x64) AppleWebKit/537.36 (KHTML, like Gecko) Chrome/142.0.0.0 Safari/537.36 Edg/142.0.0.0', NULL, 'PAYE', '2025-11-15 11:38:17', 'ea898e188e10236c791bf7d312826ecf', NULL, NULL, NULL, '2025-12-01 15:30:39', 'COMMERCIAL', NULL),
(51, 'RET-PRES-20251115-115232-8ed3', 2, 1, 53, NULL, 1, 0, NULL, NULL, NULL, NULL, NULL, 100000.00, 600000.00, NULL, NULL, NULL, 500000.00, 'Prélèvement bancaire', 'Trimestrielle', NULL, NULL, NULL, 10, '2025-11-15', '2025-12-01', 0, NULL, 0, 0, 'DAKAR', '2025-11-15', 1, 0, 0, NULL, 0, 1, 0, 0, 0, NULL, '::1', 'Mozilla/5.0 (Windows NT 10.0; Win64; x64) AppleWebKit/537.36 (KHTML, like Gecko) Chrome/142.0.0.0 Safari/537.36 Edg/142.0.0.0', NULL, 'PAYE', '2025-11-15 11:52:32', 'c22d7add1523cc439995d194bf16292a', NULL, NULL, NULL, '2025-12-01 15:30:39', 'COMMERCIAL', NULL),
(52, 'RET-PRES-20251115-120303-05e1', 2, 1, 54, NULL, 1, 0, NULL, NULL, NULL, NULL, NULL, 100000.00, 600000.00, NULL, NULL, NULL, 500000.00, 'Prélèvement bancaire', 'Semestrielle', NULL, NULL, NULL, 10, '2025-11-15', '2025-12-01', 0, NULL, 0, 0, 'DAKAR', '2025-11-15', 1, 0, 0, NULL, 0, 0, 1, 0, 0, NULL, '::1', 'Mozilla/5.0 (Windows NT 10.0; Win64; x64) AppleWebKit/537.36 (KHTML, like Gecko) Chrome/142.0.0.0 Safari/537.36 Edg/142.0.0.0', NULL, 'PAYE', '2025-11-15 12:03:03', 'b5616c4881d86ec60d5163c26ca57265', NULL, NULL, NULL, '2025-12-01 15:30:39', 'COMMERCIAL', NULL),
(53, 'RET-PRES-20251117-083024-91ed', 2, 1, 55, NULL, 1, 0, NULL, NULL, NULL, NULL, NULL, 100000.00, 600000.00, NULL, NULL, NULL, 500000.00, 'Prélèvement bancaire', 'Annuelle', NULL, NULL, NULL, 10, '2025-11-19', '2025-12-01', 0, NULL, 0, 0, 'DAKAR', '2025-11-17', 1, 0, 0, NULL, 0, 1, 0, 0, 0, NULL, '::1', 'Mozilla/5.0 (Windows NT 10.0; Win64; x64) AppleWebKit/537.36 (KHTML, like Gecko) Chrome/142.0.0.0 Safari/537.36 Edg/142.0.0.0', NULL, 'PAYE', '2025-11-17 08:30:24', 'ce2650036c9167cb26b9899345ff269b', NULL, NULL, NULL, '2025-12-01 15:30:39', 'COMMERCIAL', NULL),
(54, 'RET-PRES-20251117-093250-e823', 2, 1, 56, NULL, 1, 0, NULL, NULL, NULL, NULL, NULL, 100000.00, 600000.00, NULL, NULL, NULL, 500000.00, 'Prélèvement bancaire', 'Semestrielle', NULL, NULL, NULL, 11, '2025-11-19', '2025-12-01', 0, NULL, 0, 0, 'DAKAR', '2025-11-17', 1, 0, 0, NULL, 0, 0, 1, 0, 0, NULL, '::1', 'Mozilla/5.0 (Windows NT 10.0; Win64; x64) AppleWebKit/537.36 (KHTML, like Gecko) Chrome/142.0.0.0 Safari/537.36 Edg/142.0.0.0', NULL, 'PAYE', '2025-11-17 09:32:50', '47bf774cd87771c3e6b73b22371592a2', NULL, NULL, NULL, '2025-12-01 15:30:39', 'COMMERCIAL', NULL),
(56, 'RET-PRES-20251117-114408-e69c', 2, 1, 58, NULL, 1, 0, NULL, NULL, NULL, NULL, NULL, 100000.00, 600000.00, NULL, NULL, NULL, 500000.00, 'Prélèvement sur salaire', 'Semestrielle', NULL, NULL, NULL, 10, '2025-11-17', '2025-12-01', 0, NULL, 0, 0, 'DAKAR', '2025-11-17', 1, 0, 0, NULL, 0, 1, 0, 0, 0, NULL, '::1', 'Mozilla/5.0 (Windows NT 10.0; Win64; x64) AppleWebKit/537.36 (KHTML, like Gecko) Chrome/142.0.0.0 Safari/537.36 Edg/142.0.0.0', NULL, 'PAYE', '2025-11-17 11:44:08', 'd1cc1cbff440cc81046b9c67c3c0033c', NULL, NULL, NULL, '2025-12-01 15:30:39', 'COMMERCIAL', NULL),
(57, 'RET-PRES-20251117-115909-3c64', 2, 1, 59, NULL, 1, 0, NULL, NULL, NULL, NULL, NULL, 100000.00, 600000.00, NULL, NULL, NULL, 500000.00, 'Prélèvement sur salaire', 'Trimestrielle', NULL, NULL, NULL, 10, '2025-11-17', '2025-12-01', 0, NULL, 0, 0, 'DAKAR', '2025-11-17', 1, 0, 0, NULL, 0, 0, 0, 0, 1, NULL, '::1', 'Mozilla/5.0 (Windows NT 10.0; Win64; x64) AppleWebKit/537.36 (KHTML, like Gecko) Chrome/142.0.0.0 Safari/537.36 Edg/142.0.0.0', NULL, 'PAYE', '2025-11-17 11:59:09', '3e9d561e53ea1840d87314c2777c831b', NULL, NULL, NULL, '2025-12-01 15:30:39', 'COMMERCIAL', NULL),
(58, 'RET-PRES-20251119-104051-f601', 2, 1, 60, NULL, 1, 0, NULL, NULL, NULL, NULL, NULL, 100000.00, 600000.00, NULL, NULL, NULL, 500000.00, 'Prélèvement sur salaire', 'Semestrielle', NULL, NULL, NULL, 10, '2025-11-20', '2025-12-01', 0, NULL, 0, 0, 'DAKAR', '2025-11-19', 1, 0, 0, NULL, 0, 0, 0, 0, 1, NULL, '::1', 'Mozilla/5.0 (Windows NT 10.0; Win64; x64) AppleWebKit/537.36 (KHTML, like Gecko) Chrome/142.0.0.0 Safari/537.36 Edg/142.0.0.0', NULL, 'PAYE', '2025-11-19 10:40:51', '1bd1f3f6249ba85a16c4181e9ef35a91', NULL, NULL, NULL, '2025-12-01 15:30:39', 'COMMERCIAL', NULL),
(59, 'RET-PRES-20251119-111926-12a8', 2, 1, 61, NULL, 1, 0, NULL, NULL, NULL, NULL, NULL, 100000.00, 600000.00, NULL, NULL, NULL, 500000.00, 'Prélèvement sur salaire', 'Annuelle', NULL, NULL, NULL, 10, '2025-11-19', '2025-12-01', 0, NULL, 0, 0, 'DAKAR', '2025-11-19', 1, 0, 0, NULL, 0, 1, 0, 0, 1, NULL, '::1', 'Mozilla/5.0 (Windows NT 10.0; Win64; x64) AppleWebKit/537.36 (KHTML, like Gecko) Chrome/142.0.0.0 Safari/537.36 Edg/142.0.0.0', NULL, 'PAYE', '2025-11-19 11:19:26', 'bc7316c6996ff1f971d6e0860cafc4a4', NULL, NULL, NULL, '2025-12-01 15:30:39', 'COMMERCIAL', NULL),
(60, 'RET-PRES-20251119-121555-7671', 2, 1, 62, NULL, 1, 0, NULL, NULL, NULL, NULL, NULL, 100000.00, 600000.01, NULL, NULL, NULL, 500000.01, 'Prélèvement sur salaire', 'Semestrielle', NULL, NULL, NULL, 10, '2025-11-19', '2025-12-01', 0, NULL, 0, 0, 'DAKAR', '2025-11-19', 1, 0, 0, NULL, 0, 1, 0, 0, 1, NULL, '::1', 'Mozilla/5.0 (Windows NT 10.0; Win64; x64) AppleWebKit/537.36 (KHTML, like Gecko) Chrome/142.0.0.0 Safari/537.36 Edg/142.0.0.0', NULL, 'PAYE', '2025-11-19 12:15:55', 'd3bc91cd832ea8856bbb59e393293c75', NULL, NULL, NULL, '2025-12-01 15:30:39', 'COMMERCIAL', NULL),
(61, 'RET-PRES-20251119-121827-d248', 2, 1, 63, NULL, 1, 0, NULL, NULL, NULL, NULL, NULL, 100000.00, 600000.00, NULL, NULL, NULL, 500000.00, 'Prélèvement bancaire', 'Semestrielle', NULL, NULL, NULL, 10, '2025-11-05', '2025-11-01', 0, NULL, 0, 0, 'DAKAR', '2025-11-19', 1, 0, 0, NULL, 0, 0, 1, 0, 0, NULL, '::1', 'Mozilla/5.0 (Windows NT 10.0; Win64; x64) AppleWebKit/537.36 (KHTML, like Gecko) Chrome/142.0.0.0 Safari/537.36 Edg/142.0.0.0', NULL, 'PAYE', '2025-11-19 12:18:27', '59841c4007ec4eef5e51c2424dd60d88', NULL, NULL, NULL, '2025-12-01 15:30:39', 'COMMERCIAL', NULL),
(62, 'RET-PRES-20251119-123038-bfdd', 2, 1, 64, NULL, 1, 0, NULL, NULL, NULL, NULL, NULL, 100000.00, 600000.01, NULL, NULL, NULL, 500000.01, 'Prélèvement bancaire', 'Semestrielle', NULL, NULL, NULL, 10, '2025-11-05', '2025-11-01', 0, NULL, 0, 0, 'DAKAR', '2025-11-19', 1, 0, 0, NULL, 0, 0, 1, 0, 0, NULL, '::1', 'Mozilla/5.0 (Windows NT 10.0; Win64; x64) AppleWebKit/537.36 (KHTML, like Gecko) Chrome/142.0.0.0 Safari/537.36 Edg/142.0.0.0', NULL, 'PAYE', '2025-11-19 12:30:38', 'fbac0f79f85a947b02c447cecbca52d4', NULL, NULL, NULL, '2025-12-01 15:30:39', 'COMMERCIAL', NULL),
(63, 'RET-PRES-20251119-123809-b3a5', 2, 1, 65, NULL, 1, 0, NULL, NULL, NULL, NULL, NULL, 100000.00, 600000.01, NULL, NULL, NULL, 500000.01, 'Prélèvement bancaire', 'Semestrielle', NULL, NULL, NULL, 10, '2025-11-05', '2025-11-01', 0, NULL, 0, 0, 'DAKAR', '2025-11-19', 1, 0, 0, NULL, 0, 0, 1, 0, 0, NULL, '::1', 'Mozilla/5.0 (Windows NT 10.0; Win64; x64) AppleWebKit/537.36 (KHTML, like Gecko) Chrome/142.0.0.0 Safari/537.36 Edg/142.0.0.0', NULL, 'PAYE', '2025-11-19 12:38:09', 'c9b3839fe566a220ebe25386f5c0e4f1', NULL, NULL, NULL, '2025-12-01 15:30:39', 'COMMERCIAL', NULL),
(64, 'RET-PRES-20251119-124858-2b76', 2, 1, 66, NULL, 1, 0, NULL, NULL, NULL, NULL, NULL, 100000.00, 600000.00, NULL, NULL, NULL, 500000.00, 'Prélèvement bancaire', 'Semestrielle', NULL, NULL, NULL, 10, '2025-11-20', '2025-12-01', 0, NULL, 0, 0, 'DAKAR', '2025-11-19', 1, 0, 0, NULL, 0, 0, 1, 0, 0, NULL, '::1', 'Mozilla/5.0 (Windows NT 10.0; Win64; x64) AppleWebKit/537.36 (KHTML, like Gecko) Chrome/142.0.0.0 Safari/537.36 Edg/142.0.0.0', NULL, 'PAYE', '2025-11-19 12:48:58', '5d635080652fec36ae4afa9f1261c970', NULL, NULL, NULL, '2025-12-01 15:30:39', 'COMMERCIAL', NULL),
(65, 'RET-PRES-20251119-125244-a75d', 2, 1, 67, NULL, 1, 0, NULL, NULL, NULL, NULL, NULL, 100000.00, 600000.00, NULL, NULL, NULL, 500000.00, 'Prélèvement sur salaire', 'Aucune', NULL, NULL, NULL, 10, '2025-11-20', '2025-12-01', 0, NULL, 0, 0, 'DAKAR', '2025-11-19', 1, 0, 0, NULL, 0, 0, 1, 0, 0, NULL, '::1', 'Mozilla/5.0 (Windows NT 10.0; Win64; x64) AppleWebKit/537.36 (KHTML, like Gecko) Chrome/142.0.0.0 Safari/537.36 Edg/142.0.0.0', NULL, 'PAYE', '2025-11-19 12:52:44', '142777eb1ca262159e3488ba69473c85', NULL, NULL, NULL, '2025-12-01 15:30:39', 'COMMERCIAL', NULL),
(66, 'RET-LIB-20251119-141311-74d1', 3, 1, 68, NULL, 1, 0, NULL, NULL, NULL, NULL, NULL, 150000.01, 250000.01, NULL, NULL, NULL, 100000.00, 'Mobile money', 'Semestrielle', NULL, NULL, NULL, 10, '2025-11-19', '2025-12-01', 0, NULL, 0, 0, 'DAKAR', '2025-11-19', 1, 0, 0, NULL, 0, 0, 1, 0, 0, NULL, '::1', 'Mozilla/5.0 (Windows NT 10.0; Win64; x64) AppleWebKit/537.36 (KHTML, like Gecko) Chrome/142.0.0.0 Safari/537.36 Edg/142.0.0.0', NULL, 'PAYE', '2025-11-19 14:13:11', '81e7c60966e294f5b36eb2c30fee1787', NULL, NULL, NULL, '2025-12-01 15:30:39', 'COMMERCIAL', NULL),
(67, 'RET-LIB-20251119-142230-8e58', 3, 1, 69, NULL, 1, 0, NULL, NULL, NULL, NULL, NULL, 50000.00, 150000.00, NULL, NULL, NULL, 100000.00, 'Prélèvement sur salaire', 'Semestrielle', NULL, NULL, NULL, 10, '2025-11-12', '2025-12-01', 0, NULL, 0, 0, 'DAKAR', '2025-11-19', 1, 0, 0, NULL, 0, 0, 1, 0, 0, NULL, '::1', 'Mozilla/5.0 (Windows NT 10.0; Win64; x64) AppleWebKit/537.36 (KHTML, like Gecko) Chrome/142.0.0.0 Safari/537.36 Edg/142.0.0.0', NULL, 'PAYE', '2025-11-19 14:22:30', '0ccf82c97121b208981d71039306d19a', NULL, NULL, NULL, '2025-12-01 15:30:39', 'COMMERCIAL', NULL),
(68, 'RET-LIB-20251119-142955-8439', 3, 1, 70, NULL, 1, 0, NULL, NULL, NULL, NULL, NULL, 50000.00, 150000.00, NULL, NULL, NULL, 100000.00, 'Prélèvement sur salaire', 'Semestrielle', NULL, NULL, NULL, 10, '2025-11-19', '2025-12-01', 0, NULL, 0, 0, 'DAKAR', '2025-11-19', 1, 0, 0, NULL, 0, 0, 1, 0, 0, NULL, '::1', 'Mozilla/5.0 (Windows NT 10.0; Win64; x64) AppleWebKit/537.36 (KHTML, like Gecko) Chrome/142.0.0.0 Safari/537.36 Edg/142.0.0.0', NULL, 'PAYE', '2025-11-19 14:29:55', 'd13049720003168f04cce3bff998e8d1', NULL, NULL, NULL, '2025-12-01 15:30:39', 'COMMERCIAL', NULL),
(69, 'RET-LIB-20251119-143147-f4a6', 3, 1, 71, NULL, 1, 0, NULL, NULL, NULL, NULL, NULL, 50000.00, 150000.00, NULL, NULL, NULL, 100000.00, 'Prélèvement bancaire', 'Semestrielle', NULL, NULL, NULL, 10, '2025-11-18', '2025-12-01', 0, NULL, 0, 0, 'DAKAR', '2025-11-19', 1, 0, 0, NULL, 0, 0, 1, 0, 0, NULL, '::1', 'Mozilla/5.0 (Windows NT 10.0; Win64; x64) AppleWebKit/537.36 (KHTML, like Gecko) Chrome/142.0.0.0 Safari/537.36 Edg/142.0.0.0', NULL, 'PAYE', '2025-11-19 14:31:47', '5a0b7bcddfe4fc0708a5adbe21081862', NULL, NULL, NULL, '2025-12-01 15:30:39', 'COMMERCIAL', NULL),
(70, 'RET-20251124-111611-134f', 1, 1, 72, NULL, 1, 0, NULL, NULL, NULL, NULL, NULL, 10000.00, 10000.00, NULL, NULL, NULL, 0.00, 'Mobile money', 'Semestrielle', NULL, NULL, NULL, 10, '2025-11-05', '2025-11-01', 0, NULL, 0, 0, 'DAKAR', '2025-11-24', 1, 0, 0, NULL, 0, 0, 1, 0, 0, NULL, '::1', 'Mozilla/5.0 (Windows NT 10.0; Win64; x64) AppleWebKit/537.36 (KHTML, like Gecko) Chrome/142.0.0.0 Safari/537.36 Edg/142.0.0.0', NULL, 'PAYE', '2025-11-24 11:16:11', '4b69995301786c044a64cda4f1b3f84b', NULL, NULL, NULL, '2025-12-01 15:47:26', 'COMMERCIAL', NULL),
(71, 'RET-20251124-112516-f48a', 1, 1, 73, NULL, 1, 0, NULL, NULL, NULL, NULL, NULL, 10000.00, 10000.00, NULL, NULL, NULL, 0.00, 'Mobile money', 'Trimestrielle', NULL, NULL, NULL, 10, '2025-11-24', '2025-12-01', 1, 100000.00, 0, 0, 'DAKAR', '2025-11-24', 1, 0, 0, NULL, 0, 0, 1, 0, 0, NULL, '::1', 'Mozilla/5.0 (Windows NT 10.0; Win64; x64) AppleWebKit/537.36 (KHTML, like Gecko) Chrome/142.0.0.0 Safari/537.36 Edg/142.0.0.0', NULL, 'PAYE', '2025-11-24 11:25:16', '720b657c422f96120209d9c9a9683a02', NULL, NULL, NULL, '2025-12-01 15:47:26', 'COMMERCIAL', NULL),
(74, 'RET-20251124-120640-19fd', 1, 1, 76, NULL, 1, 0, NULL, NULL, NULL, NULL, NULL, 10000.00, 10000.00, NULL, NULL, NULL, 0.00, 'Prélèvement bancaire', 'Trimestrielle', NULL, NULL, NULL, 10, '2025-11-24', '2025-12-01', 1, 400000.00, 0, 0, 'DAKAR', '2025-11-24', 1, 0, 0, NULL, 0, 0, 1, 0, 0, NULL, '::1', 'Mozilla/5.0 (Windows NT 10.0; Win64; x64) AppleWebKit/537.36 (KHTML, like Gecko) Chrome/142.0.0.0 Safari/537.36 Edg/142.0.0.0', NULL, 'PAYE', '2025-11-24 12:06:40', '16e325bde9fa03d399c1709c2a10840b', NULL, NULL, NULL, '2025-12-01 15:47:26', 'COMMERCIAL', NULL),
(75, 'RET-20251124-122732-3542', 1, 1, 77, NULL, 1, 0, NULL, NULL, NULL, NULL, NULL, 10000.00, 10000.00, NULL, NULL, NULL, 0.00, 'Prélèvement sur salaire', 'Mensuelle', NULL, NULL, NULL, 10, '2025-11-25', '2025-12-01', 0, NULL, 0, 0, 'DAKAR', '2025-11-24', 1, 0, 0, NULL, 0, 0, 1, 0, 0, NULL, '::1', 'Mozilla/5.0 (Windows NT 10.0; Win64; x64) AppleWebKit/537.36 (KHTML, like Gecko) Chrome/142.0.0.0 Safari/537.36 Edg/142.0.0.0', NULL, 'PAYE', '2025-11-24 12:27:32', '5aa5da9b6e65e6dc00fb40417e85a0e7', NULL, NULL, NULL, '2025-12-01 15:47:26', 'COMMERCIAL', NULL),
(76, 'RET-20251124-123405-185c', 1, 1, 78, NULL, 1, 0, NULL, NULL, NULL, NULL, NULL, 10000.00, 10000.00, NULL, NULL, NULL, 0.00, 'Prélèvement sur salaire', 'Trimestrielle', NULL, NULL, NULL, 10, '2025-11-04', '2025-11-01', 0, NULL, 0, 0, 'DAKAR', '2025-11-24', 1, 0, 0, NULL, 0, 0, 1, 0, 0, NULL, '::1', 'Mozilla/5.0 (Windows NT 10.0; Win64; x64) AppleWebKit/537.36 (KHTML, like Gecko) Chrome/142.0.0.0 Safari/537.36 Edg/142.0.0.0', NULL, 'PAYE', '2025-11-24 12:34:05', '09d0f60cb2eaf4164e7651115e42dc27', NULL, NULL, NULL, '2025-12-01 15:47:26', 'COMMERCIAL', NULL),
(77, 'ETUDES-20251125-142646-15a2', 2, 1, 79, NULL, 1, 0, NULL, NULL, 500000.00, 18600.30, 'Précompte sur salaire', NULL, 0.00, NULL, NULL, NULL, NULL, NULL, 'Mensuelle', 11, 5, 16, NULL, '2025-11-05', '2025-11-01', 0, NULL, 0, 0, 'DAKAR', '2025-11-25', 0, 0, 0, NULL, 0, 0, 0, 0, 1, NULL, '::1', 'Mozilla/5.0 (Windows NT 10.0; Win64; x64) AppleWebKit/537.36 (KHTML, like Gecko) Chrome/142.0.0.0 Safari/537.36 Edg/142.0.0.0', NULL, 'PAYE', '2025-11-25 14:26:46', 'f15947258c4ba2d4059f0b6d8c70da38', NULL, NULL, NULL, '2025-12-01 15:30:39', 'COMMERCIAL', NULL),
(78, 'ETUDES-20251125-145050-c189', 2, 1, 80, NULL, 1, 0, NULL, NULL, 500000.00, 16936.17, 'Prélèvement bancaire', NULL, 0.00, NULL, NULL, NULL, NULL, NULL, 'Mensuelle', 10, 4, 14, NULL, '2025-11-25', '2025-12-01', 0, NULL, 0, 0, 'DAKAR', '2025-11-25', 0, 1, 0, NULL, 0, 1, 1, 0, 0, NULL, '::1', 'Mozilla/5.0 (Windows NT 10.0; Win64; x64) AppleWebKit/537.36 (KHTML, like Gecko) Chrome/142.0.0.0 Safari/537.36 Edg/142.0.0.0', NULL, 'PAYE', '2025-11-25 14:50:50', '7df5473c6b0765739613d4332701b0c7', NULL, NULL, NULL, '2025-12-01 15:30:39', 'COMMERCIAL', NULL),
(79, 'ETUDES-20251125-150100-f096', 4, 1, 81, NULL, 1, 0, NULL, NULL, 500000.00, 20729.66, 'Précompte sur salaire', NULL, 0.00, NULL, NULL, NULL, NULL, NULL, 'Mensuelle', 10, 5, 15, NULL, '2025-11-25', '2025-12-01', 0, NULL, 0, 0, 'DAKAR', '2025-11-25', 0, 1, 0, NULL, 1, 0, 0, 0, 0, NULL, '::1', 'Mozilla/5.0 (Windows NT 10.0; Win64; x64) AppleWebKit/537.36 (KHTML, like Gecko) Chrome/142.0.0.0 Safari/537.36 Edg/142.0.0.0', NULL, 'PAYE', '2025-11-25 15:01:00', '34f4edebae2bd2896ffebda4870212b5', NULL, NULL, NULL, '2025-12-01 15:47:55', 'COMMERCIAL', NULL),
(80, 'ETUDES-20251125-153305-9328', 4, 1, 82, NULL, 1, 0, NULL, NULL, 500000.00, 20729.66, 'Précompte sur salaire', NULL, 0.00, NULL, NULL, NULL, NULL, NULL, 'Mensuelle', 10, 5, 15, NULL, '2025-11-06', '2025-11-01', 0, NULL, 0, 0, 'DAKAR', '2025-11-25', 0, 1, 0, NULL, 1, 0, 0, 0, 0, NULL, '::1', 'Mozilla/5.0 (Windows NT 10.0; Win64; x64) AppleWebKit/537.36 (KHTML, like Gecko) Chrome/142.0.0.0 Safari/537.36 Edg/142.0.0.0', NULL, 'PAYE', '2025-11-25 15:33:05', '2bf3f914fa67fca95c7d76f05ac15f5a', NULL, NULL, NULL, '2025-12-01 15:47:55', 'COMMERCIAL', NULL),
(81, 'ETUDES-20251125-154058-1c3e', 4, 1, 83, NULL, 1, 0, NULL, NULL, 500000.00, 13009.91, 'Précompte sur salaire', NULL, 0.00, NULL, NULL, NULL, NULL, NULL, 'Mensuelle', 10, 3, 13, NULL, '2025-11-25', '2025-12-01', 0, NULL, 0, 0, 'DAKAR', '2025-11-25', 1, 0, 0, NULL, 0, 1, 0, 0, 0, NULL, '::1', 'Mozilla/5.0 (Windows NT 10.0; Win64; x64) AppleWebKit/537.36 (KHTML, like Gecko) Chrome/142.0.0.0 Safari/537.36 Edg/142.0.0.0', NULL, 'PAYE', '2025-11-25 15:40:58', '2ab2b146d9566f4fef23dbdfb20675f5', NULL, NULL, NULL, '2025-12-01 15:47:55', 'COMMERCIAL', NULL),
(82, 'ETUDES-20251125-180943-b6e0', 4, 1, 84, NULL, 1, 0, NULL, NULL, 500000.00, 20729.66, 'Précompte sur salaire', NULL, 0.00, NULL, NULL, NULL, NULL, NULL, 'Mensuelle', 10, 5, 15, NULL, '2025-11-25', '2025-12-01', 0, NULL, 0, 0, 'DAKAR', '2025-11-25', 0, 1, 0, NULL, 1, 0, 0, 0, 0, NULL, '::1', 'Mozilla/5.0 (Windows NT 10.0; Win64; x64) AppleWebKit/537.36 (KHTML, like Gecko) Chrome/142.0.0.0 Safari/537.36 Edg/142.0.0.0', NULL, 'PAYE', '2025-11-25 18:09:43', '576062079886d62cc61eb9ddc2865307', NULL, NULL, NULL, '2025-12-01 15:47:55', 'COMMERCIAL', NULL),
(83, 'ETUDES-20251125-185948-0fce', 4, 1, 85, NULL, 1, 0, NULL, NULL, 500000.00, 13009.91, 'Précompte sur salaire', NULL, 0.00, NULL, NULL, NULL, NULL, NULL, 'Mensuelle', 10, 3, 13, NULL, '2025-11-04', '2025-11-01', 0, NULL, 0, 0, 'DAKAR', '2025-11-25', 0, 1, 0, NULL, 1, 0, 0, 0, 0, NULL, '::1', 'Mozilla/5.0 (Windows NT 10.0; Win64; x64) AppleWebKit/537.36 (KHTML, like Gecko) Chrome/142.0.0.0 Safari/537.36 Edg/142.0.0.0', NULL, 'PAYE', '2025-11-25 18:59:48', '5ba284cdf2bb818d15412f4ddbc25bae', NULL, NULL, NULL, '2025-12-01 15:47:55', 'COMMERCIAL', NULL),
(84, 'ETUDES-20251125-191213-70f0', 4, 1, 86, NULL, 1, 0, NULL, NULL, 500000.00, 16936.17, 'Précompte sur salaire', NULL, 0.00, NULL, NULL, NULL, NULL, NULL, 'Mensuelle', 10, 4, 14, NULL, '2025-11-25', '2025-12-01', 0, NULL, 0, 0, 'DAKAR', '2025-11-25', 0, 1, 0, NULL, 1, 0, 0, 0, 0, NULL, '::1', 'Mozilla/5.0 (Windows NT 10.0; Win64; x64) AppleWebKit/537.36 (KHTML, like Gecko) Chrome/142.0.0.0 Safari/537.36 Edg/142.0.0.0', NULL, 'PAYE', '2025-11-25 19:12:13', 'a1a70f270335902a9cba4c2fe5f7c4db', NULL, NULL, NULL, '2025-12-01 15:47:55', 'COMMERCIAL', NULL),
(85, 'ETUDES-20251125-210637-f10f', 4, 1, 87, NULL, 1, 0, NULL, NULL, 500000.00, 50319.97, 'Précompte sur salaire', NULL, 0.00, NULL, NULL, NULL, NULL, NULL, 'Trimestrielle', 10, 4, 14, NULL, '2025-11-25', '2025-12-01', 0, NULL, 0, 0, 'DAKAR', '2025-11-25', 1, 0, 0, NULL, 0, 0, 1, 0, 0, NULL, '::1', 'Mozilla/5.0 (Windows NT 10.0; Win64; x64) AppleWebKit/537.36 (KHTML, like Gecko) Chrome/142.0.0.0 Safari/537.36 Edg/142.0.0.0', NULL, 'PAYE', '2025-11-25 21:06:37', '9e70e4b65d434695c678bec9207d6e07', NULL, NULL, NULL, '2025-12-01 15:47:55', 'COMMERCIAL', NULL),
(86, 'ETUDES-20251125-212510-3421', 4, 1, 88, NULL, 1, 0, NULL, NULL, 500000.00, 16836.23, 'Précompte sur salaire', NULL, 0.00, NULL, NULL, NULL, NULL, NULL, 'Mensuelle', 12, 5, 17, NULL, '2025-11-25', '2025-12-01', 0, NULL, 0, 0, 'DAKAR', '2025-11-25', 0, 1, 0, NULL, 0, 1, 1, 0, 0, NULL, '::1', 'Mozilla/5.0 (Windows NT 10.0; Win64; x64) AppleWebKit/537.36 (KHTML, like Gecko) Chrome/142.0.0.0 Safari/537.36 Edg/142.0.0.0', NULL, 'PAYE', '2025-11-25 21:25:10', '775d9cbfcd5a96a5837a8f2b12a916ad', NULL, NULL, NULL, '2025-12-01 15:47:55', 'COMMERCIAL', NULL),
(87, 'ETUDES-20251125-214945-b9b9', 4, 1, 89, NULL, 1, 0, NULL, NULL, 500000.00, 15353.16, 'Prélèvement bancaire', NULL, 0.00, NULL, NULL, NULL, NULL, NULL, 'Mensuelle', 13, 5, 18, NULL, '2025-11-06', '2025-11-01', 0, NULL, 0, 0, 'DAKAR', '2025-11-25', 1, 0, 0, NULL, 0, 1, 1, 0, 0, NULL, '::1', 'Mozilla/5.0 (Windows NT 10.0; Win64; x64) AppleWebKit/537.36 (KHTML, like Gecko) Chrome/142.0.0.0 Safari/537.36 Edg/142.0.0.0', NULL, 'PAYE', '2025-11-25 21:49:45', '54a1ee3a660141273f578c99a4bb2bd5', NULL, NULL, NULL, '2025-12-01 15:47:55', 'COMMERCIAL', NULL),
(88, 'ETUDES-20251125-221841-4d55', 4, 1, 90, NULL, 1, 0, NULL, NULL, 500000.00, 13009.91, 'Prélèvement bancaire', NULL, 0.00, NULL, NULL, NULL, NULL, NULL, 'Mensuelle', 10, 3, 13, NULL, '2025-11-25', '2025-12-01', 0, NULL, 0, 0, 'DAKAR', '2025-11-25', 0, 0, 1, 'GGG', 0, 1, 0, 0, 0, NULL, '::1', 'Mozilla/5.0 (Windows NT 10.0; Win64; x64) AppleWebKit/537.36 (KHTML, like Gecko) Chrome/142.0.0.0 Safari/537.36 Edg/142.0.0.0', NULL, 'PAYE', '2025-11-25 22:18:41', '15ae924f4b77f63aee1be0b98e5b825f', NULL, NULL, NULL, '2025-12-01 15:47:55', 'COMMERCIAL', NULL),
(89, 'ETUDES-20251125-233622-d2e8', 4, 1, 91, NULL, 1, 0, NULL, NULL, 500000.00, 13009.91, 'Prélèvement bancaire', NULL, 0.00, NULL, NULL, NULL, NULL, NULL, 'Mensuelle', 10, 3, 13, NULL, '2025-11-25', '2026-01-01', 0, NULL, 0, 0, 'DAKAR', '2025-11-25', 1, 0, 0, NULL, 0, 1, 0, 0, 0, NULL, '::1', 'Mozilla/5.0 (Windows NT 10.0; Win64; x64) AppleWebKit/537.36 (KHTML, like Gecko) Chrome/142.0.0.0 Safari/537.36 Edg/142.0.0.0', NULL, 'PAYE', '2025-11-25 23:36:22', 'b3163d15bee75796bcedd49771ddaedd', NULL, NULL, NULL, '2025-12-01 15:47:55', 'COMMERCIAL', NULL),
(90, 'ETUDES-20251125-235531-a86f', 4, 1, 92, NULL, 1, 0, NULL, NULL, 500000.00, 133450.66, 'Précompte sur salaire', NULL, 0.00, NULL, NULL, NULL, NULL, NULL, 'Annuelle', 14, 4, 18, NULL, '2025-11-05', '2025-11-01', 0, NULL, 0, 0, 'DAKAR', '2025-11-25', 1, 0, 0, NULL, 0, 0, 1, 1, 0, NULL, '::1', 'Mozilla/5.0 (Windows NT 10.0; Win64; x64) AppleWebKit/537.36 (KHTML, like Gecko) Chrome/142.0.0.0 Safari/537.36 Edg/142.0.0.0', NULL, 'PAYE', '2025-11-25 23:55:31', '9b5613d6c841f3bae1cedcc8ae31080a', NULL, NULL, NULL, '2025-12-01 15:47:55', 'COMMERCIAL', NULL);
INSERT INTO `souscriptions` (`id`, `numero_unique`, `produit_id`, `apporteur_id`, `souscripteur_id`, `assure_id`, `assure_idem`, `recommande_yn`, `recommande_code_apporteur`, `recommande_nom_apporteur`, `montant_rente_base`, `montant_prime`, `mode_paiement`, `cotisation_montant`, `cot_total`, `prime_deces`, `prime_deces_accidentel`, `prime_ipp`, `cotisation_souscription`, `cotisation_mode`, `periodicite`, `duree_paiement_prime`, `duree_service_rente`, `duree_contrat_total`, `duree_ans`, `premiere_cotisation_date`, `date_effet`, `capital_deces_yn`, `capital_deces`, `opt_deces_accidentel`, `opt_ipp`, `signature_lieu`, `signature_date`, `benef_terme_assure`, `benef_terme_enfant`, `benef_terme_autre`, `benef_terme_autre_preciser`, `benef_deces_enfant_benef`, `benef_deces_conjoint`, `benef_deces_enfants`, `benef_deces_heritiers`, `benef_deces_autre`, `benef_deces_autre_preciser`, `ip`, `user_agent`, `created_by_user_id`, `status`, `created_at`, `idempotency_key`, `sante_question`, `sante_details`, `id_commercial`, `date_derniere_maj`, `source_creation`, `commentaire_caisse`) VALUES
(92, 'ETUDES-20251126-090148-9300', 4, 1, 94, NULL, 1, 0, NULL, NULL, 500000.00, 13009.91, 'Prélèvement sur salaire', NULL, 0.00, NULL, NULL, NULL, NULL, NULL, 'Mensuelle', 10, 3, 13, NULL, '2025-11-26', '2025-12-01', 0, NULL, 0, 0, 'DAKAR', '2025-11-26', 1, 0, 0, NULL, 0, 1, 1, 0, 0, NULL, '::1', 'Mozilla/5.0 (Windows NT 10.0; Win64; x64) AppleWebKit/537.36 (KHTML, like Gecko) Chrome/142.0.0.0 Safari/537.36 Edg/142.0.0.0', NULL, 'PAYE', '2025-11-26 09:01:48', '6f44ba03fd5dbdb7f620518bddca1de2', NULL, NULL, NULL, '2025-12-01 15:47:55', 'COMMERCIAL', NULL),
(93, 'PREV-DEC-20251126-152414-2933', 5, 1, 95, NULL, 1, 0, NULL, NULL, NULL, NULL, NULL, 15000.00, 15000.00, NULL, NULL, NULL, 15000.00, 'orange_money', '', NULL, NULL, NULL, 1, '2025-11-26', '2026-02-01', 0, NULL, 0, 0, 'DAKAR', '2025-11-26', 1, 0, 0, NULL, 0, 1, 1, 0, 0, NULL, '::1', 'Mozilla/5.0 (Windows NT 10.0; Win64; x64) AppleWebKit/537.36 (KHTML, like Gecko) Chrome/142.0.0.0 Safari/537.36 Edg/142.0.0.0', NULL, 'PAYE', '2025-11-26 15:24:14', 'a8a8897ed1083cc9ee0add93f1d2a610', 'non', NULL, NULL, '2025-12-01 15:48:53', 'COMMERCIAL', NULL),
(94, 'PREV-DEC-20251126-160644-72e3', 5, 1, 96, NULL, 1, 0, NULL, NULL, NULL, NULL, NULL, 5000.00, 5000.00, NULL, NULL, NULL, 5000.00, 'orange_money', '', NULL, NULL, NULL, 1, '2025-11-26', '2025-12-01', 0, NULL, 0, 0, 'DAKAR', '2025-11-26', 1, 0, 0, NULL, 0, 1, 1, 0, 0, NULL, '::1', 'Mozilla/5.0 (Windows NT 10.0; Win64; x64) AppleWebKit/537.36 (KHTML, like Gecko) Chrome/142.0.0.0 Safari/537.36 Edg/142.0.0.0', NULL, 'PAYE', '2025-11-26 16:06:44', '2d4ef9150eb51ca9d8460d7b8266efba', 'non', NULL, NULL, '2025-12-01 15:48:53', 'COMMERCIAL', NULL),
(95, 'PREV-DEC-20251126-162425-10ed', 5, 1, 97, NULL, 1, 0, NULL, NULL, NULL, NULL, NULL, 2500.00, 2500.00, NULL, NULL, NULL, 2500.00, 'orange_money', '', NULL, NULL, NULL, 1, '2025-11-26', '2025-12-01', 0, NULL, 0, 0, 'DAKAR', '2025-11-26', 1, 0, 0, NULL, 0, 1, 1, 0, 0, NULL, '::1', 'Mozilla/5.0 (Windows NT 10.0; Win64; x64) AppleWebKit/537.36 (KHTML, like Gecko) Chrome/142.0.0.0 Safari/537.36 Edg/142.0.0.0', NULL, 'PAYE', '2025-11-26 16:24:25', '899627db4fc85d61b4cc9d160795d8b4', 'non', NULL, NULL, '2025-12-01 15:48:53', 'COMMERCIAL', NULL),
(96, 'PREV-DEC-20251126-165806-dacb', 5, 1, 98, NULL, 1, 0, NULL, NULL, NULL, NULL, NULL, 2500.00, 2500.00, NULL, NULL, NULL, 2500.00, 'mobile_money', '', NULL, NULL, NULL, 1, '2025-11-26', '2025-12-01', 0, NULL, 0, 0, 'DAKAR', '2025-11-26', 1, 0, 0, NULL, 0, 1, 1, 1, 0, NULL, '::1', 'Mozilla/5.0 (Windows NT 10.0; Win64; x64) AppleWebKit/537.36 (KHTML, like Gecko) Chrome/142.0.0.0 Safari/537.36 Edg/142.0.0.0', NULL, 'PAYE', '2025-11-26 16:58:06', 'd43481299850a95e5fdd7d5f90a3ec3a', 'oui', '%K%K%K?%HKHUL', NULL, '2025-12-01 15:48:53', 'COMMERCIAL', NULL),
(97, 'PREV-DEC-20251127-084622-5782', 5, 1, 99, NULL, 1, 0, NULL, NULL, NULL, NULL, NULL, 25000.00, 25000.00, NULL, NULL, NULL, 25000.00, 'mobile_money', '', NULL, NULL, NULL, 1, '2025-11-27', '2025-12-01', 0, NULL, 0, 0, 'DAKAR', '2025-11-27', 1, 0, 0, NULL, 0, 1, 1, 0, 0, NULL, '::1', 'Mozilla/5.0 (Windows NT 10.0; Win64; x64) AppleWebKit/537.36 (KHTML, like Gecko) Chrome/142.0.0.0 Safari/537.36 Edg/142.0.0.0', NULL, 'PAYE', '2025-11-27 08:46:22', 'dff5354d0ba4579552018f9dbd24e059', 'non', NULL, NULL, '2025-12-01 15:48:53', 'COMMERCIAL', NULL),
(98, 'PREV-DEC-20251127-090534-b929', 5, 1, 100, NULL, 1, 0, NULL, NULL, NULL, NULL, NULL, 2500.00, 2500.00, NULL, NULL, NULL, 2500.00, 'mobile_money', '', NULL, NULL, NULL, 1, '2025-11-27', '2025-12-01', 0, NULL, 0, 0, 'DAKAR', '2025-11-27', 1, 0, 0, NULL, 0, 0, 1, 0, 0, NULL, '::1', 'Mozilla/5.0 (Windows NT 10.0; Win64; x64) AppleWebKit/537.36 (KHTML, like Gecko) Chrome/142.0.0.0 Safari/537.36 Edg/142.0.0.0', NULL, 'PAYE', '2025-11-27 09:05:34', 'ab742a466764467f9afa5176ed43d25d', 'non', NULL, NULL, '2025-12-01 15:48:53', 'COMMERCIAL', NULL),
(99, 'PREV-DEC-20251127-091118-18ce', 5, 1, 101, NULL, 1, 0, NULL, NULL, NULL, NULL, NULL, 5000.00, 5000.00, NULL, NULL, NULL, 5000.00, 'mobile_money', '', NULL, NULL, NULL, 1, '2025-11-27', '2025-12-01', 0, NULL, 0, 0, 'DAKAR', '2025-11-27', 1, 0, 0, NULL, 0, 1, 0, 0, 0, NULL, '::1', 'Mozilla/5.0 (Windows NT 10.0; Win64; x64) AppleWebKit/537.36 (KHTML, like Gecko) Chrome/142.0.0.0 Safari/537.36 Edg/142.0.0.0', NULL, 'PAYE', '2025-11-27 09:11:18', 'de19759d6cc395a8981c2292cd3bc198', 'non', NULL, NULL, '2025-12-01 15:48:53', 'COMMERCIAL', NULL),
(100, 'PREV-DEC-20251127-092206-d59d', 5, 1, 102, NULL, 1, 0, NULL, NULL, NULL, NULL, NULL, 2500.00, 2500.00, NULL, NULL, NULL, 2500.00, 'mobile_money', '', NULL, NULL, NULL, 1, '2025-11-27', '2025-12-01', 0, NULL, 0, 0, 'DAKAR', '2025-11-27', 1, 0, 0, NULL, 0, 1, 0, 0, 0, NULL, '::1', 'Mozilla/5.0 (Windows NT 10.0; Win64; x64) AppleWebKit/537.36 (KHTML, like Gecko) Chrome/142.0.0.0 Safari/537.36 Edg/142.0.0.0', NULL, 'PAYE', '2025-11-27 09:22:06', 'd66f56f555c15792010bdc2f072222ed', 'non', NULL, NULL, '2025-12-01 15:48:53', 'COMMERCIAL', NULL),
(101, 'PREV-DEC-20251127-092303-1cff', 5, 1, 103, NULL, 1, 0, NULL, NULL, NULL, NULL, NULL, 15000.00, 15000.00, NULL, NULL, NULL, 15000.00, 'mobile_money', '', NULL, NULL, NULL, 1, '2025-11-27', '2025-12-01', 0, NULL, 0, 0, 'DAKAR', '2025-11-27', 1, 0, 0, NULL, 0, 1, 0, 0, 0, NULL, '::1', 'Mozilla/5.0 (Windows NT 10.0; Win64; x64) AppleWebKit/537.36 (KHTML, like Gecko) Chrome/142.0.0.0 Safari/537.36 Edg/142.0.0.0', NULL, 'PAYE', '2025-11-27 09:23:03', '54ac4f53225b6ada207e75145d914433', 'non', NULL, NULL, '2025-12-01 15:48:53', 'COMMERCIAL', NULL),
(102, 'PREV-DEC-20251127-092623-0aeb', 5, 1, 104, NULL, 1, 0, NULL, NULL, NULL, NULL, NULL, 2500.00, 2500.00, NULL, NULL, NULL, 2500.00, 'mobile_money', '', NULL, NULL, NULL, 1, '2025-11-27', '2025-12-01', 0, NULL, 0, 0, 'DAKAR', '2025-11-27', 1, 0, 0, NULL, 0, 0, 1, 1, 0, NULL, '::1', 'Mozilla/5.0 (Windows NT 10.0; Win64; x64) AppleWebKit/537.36 (KHTML, like Gecko) Chrome/142.0.0.0 Safari/537.36 Edg/142.0.0.0', NULL, 'PAYE', '2025-11-27 09:26:23', '12250d5f7b8fedc79c8468cc71932c55', 'non', NULL, NULL, '2025-12-01 15:48:53', 'COMMERCIAL', NULL),
(103, 'PREV-DEC-20251127-092841-4966', 5, 1, 105, NULL, 1, 0, NULL, NULL, NULL, NULL, NULL, 25000.00, 25000.00, NULL, NULL, NULL, 25000.00, 'mobile_money', '', NULL, NULL, NULL, 1, '2025-11-27', '2025-12-01', 0, NULL, 0, 0, 'DAKAR', '2025-11-27', 1, 0, 0, NULL, 0, 1, 0, 0, 0, NULL, '::1', 'Mozilla/5.0 (Windows NT 10.0; Win64; x64) AppleWebKit/537.36 (KHTML, like Gecko) Chrome/142.0.0.0 Safari/537.36 Edg/142.0.0.0', NULL, 'PAYE', '2025-11-27 09:28:41', 'e1bf6872e77f77b002d5ac917e559989', 'non', NULL, NULL, '2025-12-01 15:48:53', 'COMMERCIAL', NULL),
(104, 'PREV-DEC-20251127-102410-d9c3', 5, 1, 106, NULL, 1, 0, NULL, NULL, NULL, NULL, NULL, 2500.00, 2500.00, NULL, NULL, NULL, 2500.00, 'mobile_money', '', NULL, NULL, NULL, 1, '2025-11-27', '2025-12-01', 1, 500000.00, 0, 0, 'DAKAR', '2025-11-27', 1, 0, 0, NULL, 0, 1, 1, 1, 0, NULL, '::1', 'Mozilla/5.0 (Windows NT 10.0; Win64; x64) AppleWebKit/537.36 (KHTML, like Gecko) Chrome/142.0.0.0 Safari/537.36 Edg/142.0.0.0', NULL, 'PAYE', '2025-11-27 10:24:10', '76ec51fdc575a956ddcd107f6f3b4d01', 'oui', 'SQFSQFSQF TEST', NULL, '2025-12-01 15:48:53', 'COMMERCIAL', NULL),
(105, 'RET-PRES-20251127-105500-d27e', 2, 1, 107, NULL, 1, 0, NULL, NULL, NULL, NULL, NULL, 100000.00, 600000.00, NULL, NULL, NULL, 500000.00, 'Mobile money', 'Semestrielle', NULL, NULL, NULL, 10, '2025-11-27', '2025-12-01', 0, NULL, 0, 0, 'DAKAR', '2025-11-27', 1, 0, 0, NULL, 0, 0, 1, 0, 0, NULL, '::1', 'Mozilla/5.0 (Windows NT 10.0; Win64; x64) AppleWebKit/537.36 (KHTML, like Gecko) Chrome/142.0.0.0 Safari/537.36 Edg/142.0.0.0', NULL, 'PAYE', '2025-11-27 10:55:00', 'cb60b67372482096ab2414ba518066ca', NULL, NULL, NULL, '2025-12-01 15:30:39', 'COMMERCIAL', NULL),
(106, 'RET-20251127-142929-a849', 1, 1, 108, NULL, 1, 0, NULL, NULL, NULL, NULL, NULL, 10000.00, 10000.00, NULL, NULL, NULL, 0.00, 'Mobile money', 'Mensuelle', NULL, NULL, NULL, 10, '2025-11-27', '2025-12-01', 0, NULL, 0, 0, 'DAKAR', '2025-11-27', 1, 0, 0, NULL, 0, 0, 1, 0, 0, NULL, '::1', 'Mozilla/5.0 (Windows NT 10.0; Win64; x64) AppleWebKit/537.36 (KHTML, like Gecko) Chrome/142.0.0.0 Safari/537.36 Edg/142.0.0.0', NULL, 'PAYE', '2025-11-27 14:29:29', 'abf1b60f2a6de402a502142a0a925c2b', NULL, NULL, NULL, '2025-12-01 15:47:26', 'COMMERCIAL', NULL),
(107, 'RET-PRES-20251127-162525-775a', 2, 1, 109, NULL, 1, 0, NULL, NULL, NULL, NULL, NULL, 110000.00, 620000.00, NULL, NULL, NULL, 510000.00, 'Mobile money', 'Annuelle', NULL, NULL, NULL, 13, '2025-11-27', '2025-12-01', 0, NULL, 0, 0, 'DAKAR', '2025-11-27', 1, 0, 0, NULL, 0, 0, 1, 0, 0, NULL, '::1', 'Mozilla/5.0 (Windows NT 10.0; Win64; x64) AppleWebKit/537.36 (KHTML, like Gecko) Chrome/142.0.0.0 Safari/537.36 Edg/142.0.0.0', NULL, 'PAYE', '2025-11-27 16:25:25', '9c73219bdd538e9679bcf0ac076924cf', NULL, NULL, NULL, '2025-12-01 15:30:39', 'COMMERCIAL', NULL),
(108, 'RET-20251128-114533-a9c4', 1, 1, 110, NULL, 1, 0, NULL, NULL, NULL, NULL, NULL, 10000.00, 10000.00, NULL, NULL, NULL, 0.00, 'Mobile money', 'Mensuelle', NULL, NULL, NULL, 10, '2025-11-28', '2025-12-01', 0, NULL, 0, 0, 'DAKAR', '2025-11-28', 1, 0, 0, NULL, 0, 0, 1, 0, 0, NULL, '::1', 'Mozilla/5.0 (Windows NT 10.0; Win64; x64) AppleWebKit/537.36 (KHTML, like Gecko) Chrome/142.0.0.0 Safari/537.36 Edg/142.0.0.0', NULL, 'NON_PAYE', '2025-11-28 11:45:33', '31f670e71ad05bfd4e0ff2e609ac764b', NULL, NULL, NULL, '2025-12-01 15:47:26', 'COMMERCIAL', NULL),
(109, 'RET-20251128-115153-e196', 1, 1, 111, NULL, 1, 0, NULL, NULL, NULL, NULL, NULL, 10.00, 10.00, NULL, NULL, NULL, 0.00, 'Mobile money', 'Annuelle', NULL, NULL, NULL, 10, '2025-11-28', '2025-12-01', 0, NULL, 0, 0, 'DAKAR', '2025-11-28', 1, 0, 0, NULL, 0, 1, 0, 0, 0, NULL, '::1', 'Mozilla/5.0 (Windows NT 10.0; Win64; x64) AppleWebKit/537.36 (KHTML, like Gecko) Chrome/142.0.0.0 Safari/537.36 Edg/142.0.0.0', NULL, 'PAYE', '2025-11-28 11:51:53', '5ea3ffcf11d7e53c11b3036ef47efbb6', NULL, NULL, NULL, '2025-12-01 15:47:26', 'COMMERCIAL', NULL),
(110, 'RET-20251128-115452-7e31', 1, 1, 112, NULL, 1, 0, NULL, NULL, NULL, NULL, NULL, 10.00, 10.00, NULL, NULL, NULL, 0.00, 'Prélèvement bancaire', 'Trimestrielle', NULL, NULL, NULL, 10, '2025-11-28', '2025-12-01', 0, NULL, 0, 0, 'OOU', '2025-11-28', 1, 0, 0, NULL, 0, 0, 1, 0, 0, NULL, '::1', 'Mozilla/5.0 (Windows NT 10.0; Win64; x64) AppleWebKit/537.36 (KHTML, like Gecko) Chrome/142.0.0.0 Safari/537.36 Edg/142.0.0.0', NULL, 'PAYE', '2025-11-28 11:54:52', '5e6b34d7cabbd0acc92b5aa9267cca5f', NULL, NULL, NULL, '2025-12-01 15:47:26', 'COMMERCIAL', NULL),
(111, 'RET-PRES-20251128-142704-473f', 2, 1, 113, NULL, 1, 0, NULL, NULL, NULL, NULL, NULL, 100000.00, 600000.00, NULL, NULL, NULL, 500000.00, 'Mobile money', 'Mensuelle', NULL, NULL, NULL, 10, '2025-11-28', '2025-12-01', 0, NULL, 0, 0, 'DAKAR', '2025-11-28', 1, 0, 0, NULL, 0, 0, 1, 0, 0, NULL, '::1', 'Mozilla/5.0 (Windows NT 10.0; Win64; x64) AppleWebKit/537.36 (KHTML, like Gecko) Chrome/142.0.0.0 Safari/537.36 Edg/142.0.0.0', NULL, 'PAYE', '2025-11-28 14:27:04', '4920223682cacd3c8ee89916fea412fb', NULL, NULL, NULL, '2025-12-01 15:30:39', 'COMMERCIAL', NULL),
(112, 'RET-PRES-20251128-142956-88b3', 2, 1, 114, NULL, 1, 0, NULL, NULL, NULL, NULL, NULL, 100000.02, 600000.02, NULL, NULL, NULL, 500000.00, 'Prélèvement sur salaire', 'Semestrielle', NULL, NULL, NULL, 10, '2025-11-28', '2025-12-01', 0, NULL, 0, 0, 'DAKAR', '2025-11-28', 1, 0, 0, NULL, 0, 0, 1, 0, 0, NULL, '::1', 'Mozilla/5.0 (Windows NT 10.0; Win64; x64) AppleWebKit/537.36 (KHTML, like Gecko) Chrome/142.0.0.0 Safari/537.36 Edg/142.0.0.0', NULL, 'PAYE', '2025-11-28 14:29:56', '747cf45a5491cf6dfeb24590722241bd', NULL, NULL, NULL, '2025-12-01 15:30:39', 'COMMERCIAL', NULL),
(113, 'RET-PRES-20251128-144942-6215', 2, 1, 115, NULL, 1, 0, NULL, NULL, NULL, NULL, NULL, 100000.04, 600000.10, NULL, NULL, NULL, 500000.06, 'Mobile money', 'Semestrielle', NULL, NULL, NULL, 10, '2025-11-28', '2025-12-01', 0, NULL, 0, 0, 'DAKAR', '2025-11-28', 1, 0, 0, NULL, 0, 0, 1, 0, 0, NULL, '::1', 'Mozilla/5.0 (Windows NT 10.0; Win64; x64) AppleWebKit/537.36 (KHTML, like Gecko) Chrome/142.0.0.0 Safari/537.36 Edg/142.0.0.0', NULL, 'PAYE', '2025-11-28 14:49:42', 'c3d892335ddc6635f00e643a80607211', NULL, NULL, NULL, '2025-12-01 15:30:39', 'COMMERCIAL', NULL),
(114, 'RET-PRES-20251128-145509-3df2', 2, 1, 116, NULL, 1, 0, NULL, NULL, NULL, NULL, NULL, 100000.00, 800000.00, NULL, NULL, NULL, 700000.00, 'Mobile money', 'Trimestrielle', NULL, NULL, NULL, 10, '2025-11-28', '2025-12-01', 0, NULL, 0, 0, 'DAKAR', '2025-11-28', 1, 0, 0, NULL, 0, 0, 1, 0, 0, NULL, '::1', 'Mozilla/5.0 (Windows NT 10.0; Win64; x64) AppleWebKit/537.36 (KHTML, like Gecko) Chrome/142.0.0.0 Safari/537.36 Edg/142.0.0.0', NULL, 'NON_PAYE', '2025-11-28 14:55:09', '035cedc88b4b0238cee7956ab5be5f34', NULL, NULL, NULL, '2025-12-01 15:30:39', 'COMMERCIAL', NULL),
(115, 'RET-LIB-20251128-160504-c7ee', 3, 1, 117, NULL, 1, 0, NULL, NULL, NULL, NULL, NULL, 60000.03, 160000.07, NULL, NULL, NULL, 100000.04, 'Mobile money', 'Mensuelle', NULL, NULL, NULL, 10, '2025-11-28', '2025-12-01', 0, NULL, 0, 0, 'DAKAR', '2025-11-28', 1, 0, 0, NULL, 0, 0, 1, 0, 0, NULL, '::1', 'Mozilla/5.0 (Windows NT 10.0; Win64; x64) AppleWebKit/537.36 (KHTML, like Gecko) Chrome/142.0.0.0 Safari/537.36 Edg/142.0.0.0', NULL, 'NON_PAYE', '2025-11-28 16:05:04', '03b5ba525b67857939a82872b24b8178', NULL, NULL, NULL, '2025-12-01 15:30:39', 'COMMERCIAL', NULL),
(116, 'PREV-DEC-20251128-161146-1b58', 5, 1, 118, NULL, 1, 0, NULL, NULL, NULL, NULL, NULL, 2500.00, 2500.00, NULL, NULL, NULL, 2500.00, 'mobile_money', '', NULL, NULL, NULL, 1, '2025-11-28', '2025-12-01', 1, 500000.00, 0, 0, 'DAKAR', '2025-11-28', 1, 0, 0, NULL, 0, 0, 1, 0, 0, NULL, '::1', 'Mozilla/5.0 (Windows NT 10.0; Win64; x64) AppleWebKit/537.36 (KHTML, like Gecko) Chrome/142.0.0.0 Safari/537.36 Edg/142.0.0.0', NULL, 'NON_PAYE', '2025-11-28 16:11:46', 'c20933ed0edbec141fda1ca572b914b3', 'non', NULL, NULL, '2025-12-01 15:48:53', 'COMMERCIAL', NULL),
(117, 'PREV-DEC-20251128-161230-d828', 5, 1, 119, NULL, 1, 0, NULL, NULL, NULL, NULL, NULL, 25000.00, 25000.00, NULL, NULL, NULL, 25000.00, 'mobile_money', '', NULL, NULL, NULL, 1, '2025-11-28', '2025-12-01', 1, 5000000.00, 0, 0, 'DAKAR', '2025-11-28', 1, 0, 0, NULL, 0, 0, 1, 0, 0, NULL, '::1', 'Mozilla/5.0 (Windows NT 10.0; Win64; x64) AppleWebKit/537.36 (KHTML, like Gecko) Chrome/142.0.0.0 Safari/537.36 Edg/142.0.0.0', NULL, 'NON_PAYE', '2025-11-28 16:12:30', 'b491524dfb78b2f3d707b18b7c005a71', 'non', NULL, NULL, '2025-12-01 15:48:53', 'COMMERCIAL', NULL),
(118, 'PREV-DEC-20251128-161428-fce4', 5, 1, 120, NULL, 1, 0, NULL, NULL, NULL, NULL, NULL, 5.00, 5.00, NULL, NULL, NULL, 5.00, 'mobile_money', '', NULL, NULL, NULL, 1, '2025-11-28', '2025-12-01', 1, 500000.00, 0, 0, 'DAKAR', '2025-11-28', 1, 0, 0, NULL, 0, 0, 1, 0, 0, NULL, '::1', 'Mozilla/5.0 (Windows NT 10.0; Win64; x64) AppleWebKit/537.36 (KHTML, like Gecko) Chrome/142.0.0.0 Safari/537.36 Edg/142.0.0.0', NULL, 'NON_PAYE', '2025-11-28 16:14:28', '700a25e8cd72b2e1333bf4ec238a1443', 'non', NULL, NULL, '2025-12-01 15:48:53', 'COMMERCIAL', NULL),
(119, 'PREV-DEC-20251128-162721-d7f3', 5, 1, 121, NULL, 1, 0, NULL, NULL, NULL, NULL, NULL, 5.00, 5.00, NULL, NULL, NULL, 5.00, 'mobile_money', '', NULL, NULL, NULL, 1, '2025-11-28', '2025-12-01', 1, 500000.00, 0, 0, 'DAKAR', '2025-11-28', 1, 0, 0, NULL, 0, 0, 1, 0, 0, NULL, '::1', 'Mozilla/5.0 (Windows NT 10.0; Win64; x64) AppleWebKit/537.36 (KHTML, like Gecko) Chrome/142.0.0.0 Safari/537.36 Edg/142.0.0.0', NULL, 'NON_PAYE', '2025-11-28 16:27:21', 'b17f711476c49396603d8703384404d5', 'non', NULL, NULL, '2025-12-01 15:48:53', 'COMMERCIAL', NULL),
(120, 'PREV-DEC-20251129-091626-5d70', 5, 1, 122, NULL, 1, 0, NULL, NULL, NULL, NULL, NULL, 5.00, 5.00, NULL, NULL, NULL, 5.00, 'mobile_money', '', NULL, NULL, NULL, 1, '2025-11-29', '2025-12-01', 1, 500000.00, 0, 0, 'DAKAR', '2025-11-29', 1, 0, 0, NULL, 0, 0, 1, 0, 0, NULL, '::1', 'Mozilla/5.0 (Windows NT 10.0; Win64; x64) AppleWebKit/537.36 (KHTML, like Gecko) Chrome/142.0.0.0 Safari/537.36 Edg/142.0.0.0', NULL, 'NON_PAYE', '2025-11-29 09:16:26', '63990936968db986fc508da8c83ee648', 'non', NULL, NULL, '2025-12-01 15:48:53', 'COMMERCIAL', NULL),
(121, 'PREV-DEC-20251130-144313-a004', 5, 1, 123, NULL, 1, 0, NULL, NULL, NULL, NULL, NULL, 5.00, 5.00, NULL, NULL, NULL, 5.00, 'mobile_money', '', NULL, NULL, NULL, 1, '2025-11-30', '2025-12-01', 1, 500000.00, 0, 0, 'DAKAR', '2025-11-30', 1, 0, 0, NULL, 0, 0, 1, 0, 0, NULL, '41.82.168.86', 'Mozilla/5.0 (Windows NT 10.0; Win64; x64) AppleWebKit/537.36 (KHTML, like Gecko) Chrome/142.0.0.0 Safari/537.36 Edg/142.0.0.0', NULL, 'PAYE', '2025-11-30 13:43:13', 'be15ba7a713aac0bc5550be6db8ea1b9', 'non', NULL, NULL, '2025-12-01 15:48:53', 'COMMERCIAL', NULL),
(122, 'PREV-DEC-20251130-154211-2204', 5, 1, 124, NULL, 1, 0, NULL, NULL, NULL, NULL, NULL, 5.00, 5.00, NULL, NULL, NULL, 5.00, 'mobile_money', '', NULL, NULL, NULL, 1, '2025-11-30', '2025-12-01', 1, 500000.00, 0, 0, 'DAKAR', '2025-11-30', 1, 0, 0, NULL, 0, 1, 0, 0, 0, NULL, '41.82.168.86', 'Mozilla/5.0 (Windows NT 10.0; Win64; x64) AppleWebKit/537.36 (KHTML, like Gecko) Chrome/142.0.0.0 Safari/537.36 Edg/142.0.0.0', NULL, 'PAYE', '2025-11-30 14:42:11', '2a02d52fa6a8b3a15f7d80993c0872a2', 'non', NULL, NULL, '2025-12-01 15:48:53', 'COMMERCIAL', NULL),
(123, 'PREV-DEC-20251130-154748-b5cc', 5, 1, 125, NULL, 1, 0, NULL, NULL, NULL, NULL, NULL, 5000.00, 5000.00, NULL, NULL, NULL, 5000.00, 'mobile_money', '', NULL, NULL, NULL, 1, '2025-11-30', '2025-12-01', 1, 1000000.00, 0, 0, 'Dakar', '2025-11-30', 1, 0, 0, NULL, 0, 0, 1, 0, 0, NULL, '102.164.172.128', 'Mozilla/5.0 (Linux; Android 10; K) AppleWebKit/537.36 (KHTML, like Gecko) SamsungBrowser/29.0 Chrome/136.0.0.0 Mobile Safari/537.36', NULL, 'NON_PAYE', '2025-11-30 14:47:48', '2e38f81574ba9329288d141d9e22251e', 'non', NULL, NULL, '2025-12-01 15:48:53', 'COMMERCIAL', NULL),
(124, 'PREV-DEC-20251130-155058-15e3', 5, 1, 126, NULL, 1, 0, NULL, NULL, NULL, NULL, NULL, 5.00, 5.00, NULL, NULL, NULL, 5.00, 'mobile_money', '', NULL, NULL, NULL, 1, '2025-11-30', '2025-12-01', 1, 500000.00, 0, 0, 'DAKAR', '2025-11-30', 1, 0, 0, NULL, 0, 1, 0, 0, 0, NULL, '41.82.168.86', 'Mozilla/5.0 (Windows NT 10.0; Win64; x64) AppleWebKit/537.36 (KHTML, like Gecko) Chrome/142.0.0.0 Safari/537.36 Edg/142.0.0.0', NULL, 'NON_PAYE', '2025-11-30 14:50:58', '1b70a269726bbd8860e1097564ba2fcd', 'non', NULL, NULL, '2025-12-01 15:48:53', 'COMMERCIAL', NULL),
(125, 'PREV-DEC-20251130-155453-ba9d', 5, 1, 127, NULL, 1, 0, NULL, NULL, NULL, NULL, NULL, 5.00, 5.00, NULL, NULL, NULL, 5.00, 'mobile_money', '', NULL, NULL, NULL, 1, '2025-11-30', '2025-12-01', 1, 500000.00, 0, 0, 'Dakar', '2025-11-30', 1, 0, 0, NULL, 0, 0, 1, 0, 0, NULL, '102.164.172.128', 'Mozilla/5.0 (Linux; Android 10; K) AppleWebKit/537.36 (KHTML, like Gecko) SamsungBrowser/29.0 Chrome/136.0.0.0 Mobile Safari/537.36', NULL, 'PAYE', '2025-11-30 14:54:53', '35c4485524277c86e51ea93d34e8478b', 'non', NULL, NULL, '2025-12-01 15:48:53', 'COMMERCIAL', NULL),
(126, 'PREV-DEC-20251130-155918-fe35', 5, 1, 128, NULL, 1, 0, NULL, NULL, NULL, NULL, NULL, 5.00, 5.00, NULL, NULL, NULL, 5.00, 'mobile_money', '', NULL, NULL, NULL, 1, '2025-11-30', '2025-12-01', 1, 500000.00, 0, 0, 'DAKAR', '2025-11-30', 1, 0, 0, NULL, 0, 0, 0, 1, 0, NULL, '41.82.168.86', 'Mozilla/5.0 (Windows NT 10.0; Win64; x64) AppleWebKit/537.36 (KHTML, like Gecko) Chrome/142.0.0.0 Safari/537.36 Edg/142.0.0.0', NULL, 'PAYE', '2025-11-30 14:59:18', '54638145eb9ac5d90c2dac563987efcb', 'non', NULL, NULL, '2025-12-01 15:48:53', 'COMMERCIAL', NULL),
(127, 'RET-LIB-20251130-170641-ce9e', 3, 1, 129, NULL, 1, 0, NULL, NULL, NULL, NULL, NULL, 2.00, 3.00, NULL, NULL, NULL, 1.00, 'Mobile money', 'Mensuelle', NULL, NULL, NULL, 10, '2025-11-30', '2025-12-01', 0, NULL, 0, 0, 'DAKAR', '2025-11-30', 1, 0, 0, NULL, 0, 0, 1, 0, 0, NULL, '41.82.168.86', 'Mozilla/5.0 (Windows NT 10.0; Win64; x64) AppleWebKit/537.36 (KHTML, like Gecko) Chrome/142.0.0.0 Safari/537.36 Edg/142.0.0.0', NULL, 'PAYE', '2025-11-30 16:06:41', '35edddee11948fadb41ba4f10b48c222', NULL, NULL, NULL, '2025-12-01 15:30:39', 'COMMERCIAL', NULL),
(128, 'RET-LIB-20251130-182947-d7a2', 3, 1, 130, NULL, 1, 0, NULL, NULL, NULL, NULL, NULL, 2.00, 3.00, NULL, NULL, NULL, 1.00, 'Mobile money', 'Trimestrielle', NULL, NULL, NULL, 10, '2025-11-30', '2025-12-01', 0, NULL, 0, 0, 'DAKAR', '2025-11-30', 1, 0, 0, NULL, 0, 0, 0, 1, 0, NULL, '41.82.168.86', 'Mozilla/5.0 (Windows NT 10.0; Win64; x64) AppleWebKit/537.36 (KHTML, like Gecko) Chrome/142.0.0.0 Safari/537.36 Edg/142.0.0.0', NULL, 'PAYE', '2025-11-30 17:29:47', '4dd7a14c62f9e72c67f4b6c069a26b44', NULL, NULL, NULL, '2025-12-01 15:30:39', 'COMMERCIAL', NULL),
(129, 'RET-LIB-20251130-185723-00b0', 3, 1, 131, NULL, 1, 0, NULL, NULL, NULL, NULL, NULL, 2.00, 3.00, NULL, NULL, NULL, 1.00, 'Mobile money', 'Semestrielle', NULL, NULL, NULL, 10, '2025-11-30', '2025-12-01', 0, NULL, 0, 0, 'DAKAR', '2025-11-30', 1, 0, 0, NULL, 0, 0, 1, 0, 0, NULL, '41.82.168.86', 'Mozilla/5.0 (Windows NT 10.0; Win64; x64) AppleWebKit/537.36 (KHTML, like Gecko) Chrome/142.0.0.0 Safari/537.36 Edg/142.0.0.0', NULL, 'PAYE', '2025-11-30 17:57:23', '81243eb8c59ed0b8b8af29940fbb8282', NULL, NULL, NULL, '2025-12-01 15:30:39', 'COMMERCIAL', NULL),
(130, 'RET-LIB-20251130-192325-281d', 3, 1, 132, 6, 0, 0, NULL, NULL, NULL, NULL, NULL, 2.00, 3.00, NULL, NULL, NULL, 1.00, 'Mobile money', 'Trimestrielle', NULL, NULL, NULL, 10, '2025-11-30', '2025-12-01', 0, NULL, 0, 0, 'DAKAR', '2025-11-30', 1, 0, 0, NULL, 0, 1, 0, 0, 0, NULL, '41.82.168.86', 'Mozilla/5.0 (Windows NT 10.0; Win64; x64) AppleWebKit/537.36 (KHTML, like Gecko) Chrome/142.0.0.0 Safari/537.36 Edg/142.0.0.0', NULL, 'PAYE', '2025-11-30 18:23:25', '486621ccc5db73d6f7b0c888076d646c', NULL, NULL, NULL, '2025-12-01 15:30:39', 'COMMERCIAL', NULL),
(131, 'ETUDES-20251130-194026-a0fd', 4, 1, 133, 7, 0, 0, NULL, NULL, 500000.00, 13009.91, 'Prélèvement sur salaire', NULL, 0.00, NULL, NULL, NULL, NULL, NULL, 'Mensuelle', 10, 3, 13, NULL, '2025-11-30', '2025-12-01', 0, NULL, 0, 0, 'DAKAR', '2025-11-30', 1, 0, 0, NULL, 0, 1, 0, 0, 0, NULL, '41.82.168.86', 'Mozilla/5.0 (Windows NT 10.0; Win64; x64) AppleWebKit/537.36 (KHTML, like Gecko) Chrome/142.0.0.0 Safari/537.36 Edg/142.0.0.0', NULL, 'PAYE', '2025-11-30 18:40:26', 'aa946c6ad2103d77369ee4bf12cf32a6', NULL, NULL, NULL, '2025-12-01 15:47:55', 'COMMERCIAL', NULL),
(132, 'RET-PRES-20251130-203938-be0b', 2, 1, 134, 8, 0, 0, NULL, NULL, NULL, NULL, NULL, 2.00, 3.00, NULL, NULL, NULL, 1.00, 'Prélèvement bancaire', 'Aucune', NULL, NULL, NULL, 10, '2025-11-30', '2025-12-01', 0, NULL, 0, 0, 'DAKAR', '2025-11-30', 1, 0, 0, NULL, 0, 0, 1, 0, 0, NULL, '41.82.168.86', 'Mozilla/5.0 (Windows NT 10.0; Win64; x64) AppleWebKit/537.36 (KHTML, like Gecko) Chrome/142.0.0.0 Safari/537.36 Edg/142.0.0.0', NULL, 'PAYE', '2025-11-30 19:39:38', '1dfb9af811b6cb8e40c79c07264b6c15', NULL, NULL, NULL, '2025-12-01 15:30:39', 'COMMERCIAL', NULL),
(133, 'PREV-DEC-20251201-100141-38e6', 5, 1, 135, NULL, 1, 0, NULL, NULL, NULL, NULL, NULL, 5.00, 5.00, NULL, NULL, NULL, 5.00, 'mobile_money', '', NULL, NULL, NULL, 1, '2025-12-01', '2025-12-01', 1, 500000.00, 0, 0, 'DAKAR', '2025-12-01', 1, 0, 0, NULL, 0, 0, 0, 0, 0, NULL, '154.124.237.86', 'Mozilla/5.0 (Windows NT 10.0; Win64; x64) AppleWebKit/537.36 (KHTML, like Gecko) Chrome/142.0.0.0 Safari/537.36 Edg/142.0.0.0', NULL, 'PAYE', '2025-12-01 09:01:41', '117ded18cec14855fc284be7e5b0c8df', 'non', NULL, NULL, '2025-12-01 15:48:53', 'COMMERCIAL', NULL),
(134, 'PREV-DEC-20251201-101836-a934', 5, 1, 136, NULL, 1, 0, NULL, NULL, NULL, NULL, NULL, 5.00, 5.00, NULL, NULL, NULL, 5.00, 'mobile_money', '', NULL, NULL, NULL, 1, '2025-12-01', '2025-12-01', 1, 500000.00, 0, 0, 'DAKAR', '2025-12-01', 1, 0, 0, NULL, 0, 0, 0, 0, 0, NULL, '154.124.237.86', 'Mozilla/5.0 (Windows NT 10.0; Win64; x64) AppleWebKit/537.36 (KHTML, like Gecko) Chrome/142.0.0.0 Safari/537.36 Edg/142.0.0.0', NULL, 'PAYE', '2025-12-01 09:18:36', 'cd590942af7228bd46d992c4bd456f5d', 'non', NULL, NULL, '2025-12-01 15:48:53', 'COMMERCIAL', NULL),
(135, 'RET-20251201-102432-d647', 1, 1, 137, NULL, 1, 0, NULL, NULL, NULL, NULL, NULL, 1.00, 1.00, NULL, NULL, NULL, 0.00, 'Prélèvement bancaire', 'Trimestrielle', NULL, NULL, NULL, 10, '2025-12-01', '2025-12-01', 0, NULL, 0, 0, 'DAKAR', '2025-12-01', 0, 0, 1, 'DADDY', 0, 0, 0, 0, 1, NULL, '154.124.237.86', 'Mozilla/5.0 (Windows NT 10.0; Win64; x64) AppleWebKit/537.36 (KHTML, like Gecko) Chrome/142.0.0.0 Safari/537.36 Edg/142.0.0.0', NULL, 'PAYE', '2025-12-01 09:24:32', '2180180d4780eaef8771fe78f00904b5', NULL, NULL, NULL, '2025-12-01 15:47:26', 'COMMERCIAL', NULL),
(136, 'RET-LIB-20251201-103812-963f', 3, 1, 138, 9, 0, 0, NULL, NULL, NULL, NULL, NULL, 2.00, 3.00, NULL, NULL, NULL, 1.00, 'Prélèvement bancaire', 'Trimestrielle', NULL, NULL, NULL, 10, '2025-12-01', '2025-12-01', 0, NULL, 0, 0, 'DAKAR', '2025-12-01', 0, 0, 1, 'test', 0, 0, 0, 0, 1, NULL, '154.124.237.86', 'Mozilla/5.0 (Windows NT 10.0; Win64; x64) AppleWebKit/537.36 (KHTML, like Gecko) Chrome/142.0.0.0 Safari/537.36 Edg/142.0.0.0', NULL, 'PAYE', '2025-12-01 09:38:12', 'e51ef3fbaa63fd72b65f0065a1422be0', NULL, NULL, NULL, '2025-12-01 15:30:39', 'COMMERCIAL', NULL),
(137, 'RET-PRES-20251201-104126-e327', 2, 1, 139, 10, 0, 0, NULL, NULL, NULL, NULL, NULL, 2.00, 3.00, NULL, NULL, NULL, 1.00, 'Prélèvement sur salaire', 'Trimestrielle', NULL, NULL, NULL, 11, '2025-12-01', '2025-12-01', 0, NULL, 0, 0, 'DAKAR', '2025-12-01', 0, 0, 1, 'test', 0, 0, 0, 0, 1, NULL, '154.124.237.86', 'Mozilla/5.0 (Windows NT 10.0; Win64; x64) AppleWebKit/537.36 (KHTML, like Gecko) Chrome/142.0.0.0 Safari/537.36 Edg/142.0.0.0', NULL, 'PAYE', '2025-12-01 09:41:26', '8857443c9b80b09ae043a2fd77bc128a', NULL, NULL, NULL, '2025-12-01 15:30:39', 'COMMERCIAL', NULL),
(138, 'ETUDES-20251201-104429-52d2', 4, 1, 140, 11, 0, 0, NULL, NULL, 500000.00, 13009.91, 'Prélèvement sur salaire', NULL, 0.00, NULL, NULL, NULL, NULL, NULL, 'Mensuelle', 10, 3, 13, NULL, '2025-12-01', '2025-12-01', 0, NULL, 0, 0, 'DAKAR', '2025-12-01', 0, 1, 0, NULL, 0, 1, 0, 0, 1, NULL, '154.124.237.86', 'Mozilla/5.0 (Windows NT 10.0; Win64; x64) AppleWebKit/537.36 (KHTML, like Gecko) Chrome/142.0.0.0 Safari/537.36 Edg/142.0.0.0', NULL, 'PAYE', '2025-12-01 09:44:29', '9798baf5f1861ee276696db20c8d5b71', NULL, NULL, NULL, '2025-12-01 15:47:55', 'COMMERCIAL', NULL),
(139, 'RET-20251201-105022-c753', 1, 1, 141, 12, 0, 0, NULL, NULL, NULL, NULL, NULL, 1.00, 1.00, NULL, NULL, NULL, 0.00, 'Prélèvement sur salaire', 'Trimestrielle', NULL, NULL, NULL, 10, '2025-12-01', '2025-12-01', 0, NULL, 0, 0, 'DAKAR', '2025-12-01', 0, 0, 1, 'DSDS', 0, 0, 0, 0, 1, NULL, '154.124.237.86', 'Mozilla/5.0 (Windows NT 10.0; Win64; x64) AppleWebKit/537.36 (KHTML, like Gecko) Chrome/142.0.0.0 Safari/537.36 Edg/142.0.0.0', NULL, 'PAYE', '2025-12-01 09:50:22', 'a4db0be08372304fb5a866971d30e1ef', NULL, NULL, NULL, '2025-12-01 15:47:26', 'COMMERCIAL', NULL),
(140, 'PREV-DEC-20251201-120656-85e8', 5, 1, 142, NULL, 1, 0, NULL, NULL, NULL, NULL, NULL, 5.00, 5.00, NULL, NULL, NULL, 5.00, 'mobile_money', '', NULL, NULL, NULL, 1, '2025-12-01', '2025-12-01', 1, 500000.00, 0, 0, 'DAKAR', '2025-12-01', 1, 0, 0, NULL, 0, 1, 0, 1, 0, NULL, '154.124.237.86', 'Mozilla/5.0 (Windows NT 10.0; Win64; x64) AppleWebKit/537.36 (KHTML, like Gecko) Chrome/142.0.0.0 Safari/537.36 Edg/142.0.0.0', NULL, 'PAYE', '2025-12-01 11:06:56', 'd7823373a5370658abf25a315b96c098', 'non', NULL, NULL, '2025-12-01 15:48:53', 'COMMERCIAL', NULL);

-- --------------------------------------------------------

--
-- Structure de la table `souscription_correspondants`
--

CREATE TABLE `souscription_correspondants` (
  `id` bigint UNSIGNED NOT NULL,
  `souscription_id` bigint UNSIGNED NOT NULL,
  `partie` enum('souscripteur','assure') NOT NULL,
  `ordre` tinyint NOT NULL,
  `nom` varchar(120) NOT NULL,
  `adresse` varchar(120) DEFAULT NULL,
  `telephone` varchar(30) DEFAULT NULL
) ENGINE=InnoDB DEFAULT CHARSET=utf8mb4 COLLATE=utf8mb4_0900_ai_ci;

--
-- Déchargement des données de la table `souscription_correspondants`
--

INSERT INTO `souscription_correspondants` (`id`, `souscription_id`, `partie`, `ordre`, `nom`, `adresse`, `telephone`) VALUES
(1, 46, 'souscripteur', 1, 'Destro', 'FJF', 'JFGJGFJ'),
(2, 47, 'souscripteur', 1, 'Destro', 'FJF', 'JFGJGFJ'),
(3, 48, 'souscripteur', 1, 'Destro', 'FJF', 'JFGJGFJ'),
(4, 49, 'souscripteur', 1, 'Destro', 'FJF', 'JFGJGFJ'),
(5, 50, 'souscripteur', 1, 'Destro', 'FJF', 'JFGJGFJ'),
(6, 51, 'souscripteur', 1, 'Destro', 'FJF', 'JFGJGFJ'),
(7, 52, 'souscripteur', 1, 'Destro', 'FJF', 'JFGJGFJ'),
(8, 53, 'souscripteur', 1, 'Destro', 'FJF', 'JFGJGFJ'),
(9, 54, 'souscripteur', 1, 'Destro', 'FJF', 'JFGJGFJ'),
(10, 56, 'souscripteur', 1, 'Destro', 'FJF', 'JFGJGFJ'),
(11, 57, 'souscripteur', 1, 'Destro', 'FJF', 'JFGJGFJ'),
(12, 58, 'souscripteur', 1, 'Destro', 'FJF', 'JFGJGFJ'),
(13, 59, 'souscripteur', 1, 'Destro', 'FJF', 'JFGJGFJ'),
(14, 60, 'souscripteur', 1, 'Destro', 'FJF', 'JFGJGFJ'),
(15, 61, 'souscripteur', 1, 'Destro', 'FJF', 'JFGJGFJ'),
(16, 62, 'souscripteur', 1, 'Destro', 'FJF', 'JFGJGFJ'),
(17, 63, 'souscripteur', 1, 'Destro', 'FJF', 'JFGJGFJ'),
(18, 64, 'souscripteur', 1, 'Destro', 'FJF', 'JFGJGFJ'),
(19, 65, 'souscripteur', 1, 'Destro', 'FJF', 'JFGJGFJ'),
(20, 66, 'souscripteur', 1, 'Destro', 'FJF', 'JFGJGFJ'),
(21, 67, 'souscripteur', 1, 'Destro', 'FJF', 'JFGJGFJ'),
(22, 68, 'souscripteur', 1, 'Destro', 'FJF', 'JFGJGFJ'),
(23, 69, 'souscripteur', 1, 'Destro', 'FJF', 'JFGJGFJ'),
(24, 70, 'souscripteur', 1, 'Destro', 'dsdD&1', '+221 0773700082'),
(25, 71, 'souscripteur', 1, 'Destro', 'dsdD&1', '+221 77370008288%'),
(26, 74, 'souscripteur', 1, 'Destro', 'dsdD&1', '776545543'),
(27, 75, 'souscripteur', 1, 'Destro', 'dsdD&1', '+221 773700082'),
(28, 76, 'souscripteur', 1, 'Destro', 'dsdD&1', '776545543'),
(29, 77, 'souscripteur', 1, 'Destro', 'dsdD&1', '+221 773700082'),
(30, 78, 'souscripteur', 1, 'Destro', 'dsdD&1', '+221 773700082'),
(31, 79, 'souscripteur', 1, 'Destro', 'dsdD&1', '+221 773700082'),
(32, 80, 'souscripteur', 1, 'Destro', 'dsdD&1', '+221 773700082'),
(33, 81, 'souscripteur', 1, 'Destro', 'dsdD&1', '+221 773700082'),
(34, 82, 'souscripteur', 1, 'Destro', 'dsdD&1', '+221 773700082'),
(35, 83, 'souscripteur', 1, 'Destro', 'dsdD&1', '+221 773700082'),
(36, 84, 'souscripteur', 1, 'Destro', 'dsdD&1', '+221 773700082'),
(37, 85, 'souscripteur', 1, 'Destro', 'dsdD&1', '+221 773700082'),
(38, 86, 'souscripteur', 1, 'Destro', 'dsdD&1', '+221 773700082'),
(39, 87, 'souscripteur', 1, 'destro1', 'dsdD&1', '+221 773700082'),
(40, 88, 'souscripteur', 1, 'Destro', 'dsdD&1', '+221 773700082'),
(41, 89, 'souscripteur', 1, 'Destro', 'dsdD&1', '+221 773700082'),
(42, 90, 'souscripteur', 1, 'Destro', 'dsdD&1', '+221 773700082'),
(43, 92, 'souscripteur', 1, 'Destro', 'dsdD&1', '+221 773700082'),
(44, 93, 'souscripteur', 1, 'Destro', 'Dakar', '773700079'),
(45, 94, 'souscripteur', 1, 'Destro', 'Dakar', '773700079'),
(46, 95, 'souscripteur', 1, 'Destro', 'Dakar', '773700079'),
(47, 96, 'souscripteur', 1, 'Destro', 'Dakar', '773700079'),
(48, 97, 'souscripteur', 1, 'Destro', 'Dakar', '773700079'),
(49, 98, 'souscripteur', 1, 'Destro', 'Dakar', '773700079'),
(50, 99, 'souscripteur', 1, 'Destro', 'Dakar', '773700079'),
(51, 100, 'souscripteur', 1, 'Destro', 'Dakar', '773700079'),
(52, 101, 'souscripteur', 1, 'Destro', 'Dakar', '773700079'),
(53, 102, 'souscripteur', 1, 'Destro', 'Dakar', '773700079'),
(54, 103, 'souscripteur', 1, 'Destro', 'Dakar', '773700079'),
(55, 104, 'souscripteur', 1, 'Destro', 'Dakar', '773700079'),
(56, 105, 'souscripteur', 1, 'Destro', 'dsd', NULL),
(57, 106, 'souscripteur', 1, 'Destro', 'dsdD&1', '+221 773700082'),
(58, 107, 'souscripteur', 1, 'Destro', 'Thiaroye Azur/Cite Ousmane Fall villa numéro 70', NULL),
(59, 108, 'souscripteur', 1, 'Destro', 'dsdD&1', '+221 773700082'),
(60, 109, 'souscripteur', 1, 'Destro', 'dsdD&1', '+221 773700082'),
(61, 110, 'souscripteur', 1, 'Destro', 'dsdD&1', '+221 773700082'),
(62, 111, 'souscripteur', 1, 'Destro', 'Thiaroye Azur/Cite Ousmane Fall villa numéro 70', NULL),
(63, 112, 'souscripteur', 1, 'Destro', 'Thiaroye Azur/Cite Ousmane Fall villa numéro 70', NULL),
(64, 113, 'souscripteur', 1, 'Destro', 'Thiaroye Azur/Cite Ousmane Fall villa numéro 70', NULL),
(65, 114, 'souscripteur', 1, 'Destro', 'Thiaroye Azur/Cite Ousmane Fall villa numéro 70', NULL),
(66, 115, 'souscripteur', 1, 'Destro', 'Thiaroye Azur/Cite Ousmane Fall villa numéro 70', NULL),
(67, 116, 'souscripteur', 1, 'Destro', 'Dakar', '773700079'),
(68, 117, 'souscripteur', 1, 'Destro', 'Dakar', '773700079'),
(69, 118, 'souscripteur', 1, 'Destro', 'Dakar', '773700079'),
(70, 119, 'souscripteur', 1, 'Destro', 'Dakar', '773700079'),
(71, 120, 'souscripteur', 1, 'Destro', 'Dakar', '773700079'),
(72, 121, 'souscripteur', 1, 'Destro', 'dsd', '773700079'),
(73, 122, 'souscripteur', 1, 'Destro', 'dsd', '773700079'),
(74, 123, 'souscripteur', 1, 'Ibrahima Fall', 'Ouakam', '771111111'),
(75, 123, 'souscripteur', 2, 'Mouhamadou NGOM', 'Ouakam', '784673086'),
(76, 124, 'souscripteur', 1, 'Destro', 'dsd', '773700079'),
(77, 125, 'souscripteur', 1, 'Ibrahima SENE', 'Ouakam Aeroport', '784673086'),
(78, 125, 'souscripteur', 2, 'Mouhamadou ngom', 'Ouakam Aeroport', '784673086'),
(79, 126, 'souscripteur', 1, 'Destro', 'dsd', '773700079'),
(80, 127, 'souscripteur', 1, 'Destro', 'dsd', NULL),
(81, 128, 'souscripteur', 1, 'Destro', 'dsd', NULL),
(82, 128, 'souscripteur', 1, 'Destro', 'dsd', NULL),
(83, 129, 'souscripteur', 1, 'coco', 'cocooooo', NULL),
(84, 129, 'souscripteur', 1, 'coco', 'cocooooo', NULL),
(85, 130, 'souscripteur', 1, 'test', 'testlocation', '+221773700079'),
(86, 130, 'assure', 1, 'test 3', 'testloc', '+221773700079'),
(87, 130, 'souscripteur', 1, 'test', 'testlocation', '+221773700079'),
(88, 130, 'assure', 1, 'test 3', 'testloc', '+221773700079'),
(89, 131, 'souscripteur', 1, 'TEST 2', 'TEST LOCATION', '+221773700082'),
(90, 131, 'assure', 1, 'ggg', 'testlocDD', '765457898'),
(91, 132, 'souscripteur', 1, 'Destro', 'dsd', '+221773700079'),
(92, 132, 'assure', 1, 'grosue', 'Thiaroye Azur/Cite Ousmane Fall villa numéro 70', '+221773700079'),
(93, 133, 'souscripteur', 1, 'Destro', 'Thiaroye Azur/Cite Ousmane Fall villa numéro 70', '+221773700079'),
(94, 134, 'souscripteur', 1, 'Destro', 'Thiaroye Azur/Cite Ousmane Fall villa numéro 70', '+221773700079'),
(95, 135, 'souscripteur', 1, 'Destro', 'dsdD&1', '+221773700082'),
(96, 136, 'souscripteur', 1, 'grosue', 'dsd', '+221773700079'),
(97, 136, 'assure', 1, 'grosue', 'Thiaroye Azur/Cite Ousmane Fall villa numéro 70', '+221773700079'),
(98, 136, 'souscripteur', 1, 'grosue', 'dsd', '+221773700079'),
(99, 136, 'assure', 1, 'grosue', 'Thiaroye Azur/Cite Ousmane Fall villa numéro 70', '+221773700079'),
(100, 137, 'souscripteur', 1, 'grosue', 'dsd', '+221773700079'),
(101, 137, 'assure', 1, 'grosue', 'Thiaroye Azur/Cite Ousmane Fall villa numéro 70', '+221773700079'),
(102, 138, 'souscripteur', 1, 'Destro', 'dsdD&1', '+221773700082'),
(103, 138, 'souscripteur', 2, 'Destro', 'dsdd&2', '+221773700080'),
(104, 138, 'assure', 1, 'ggg', 'testloc', '776567789'),
(105, 139, 'souscripteur', 1, 'Destro', 'dsdD&1', '+221773700082'),
(106, 139, 'assure', 1, 'ggg', 'testloc', '776544432'),
(107, 140, 'souscripteur', 1, 'Destro', 'Thiaroye Azur/Cite Ousmane Fall villa numéro 70', '+221773700079');

-- --------------------------------------------------------

--
-- Structure de la table `utilisateurs`
--

CREATE TABLE `utilisateurs` (
  `id` int NOT NULL,
  `nom_complet` varchar(150) COLLATE utf8mb4_unicode_ci NOT NULL,
  `email` varchar(150) COLLATE utf8mb4_unicode_ci NOT NULL,
  `mot_de_passe` varchar(255) COLLATE utf8mb4_unicode_ci NOT NULL,
  `role` varchar(50) COLLATE utf8mb4_unicode_ci NOT NULL,
  `superviseur_id` int DEFAULT NULL,
  `id_pole` int DEFAULT NULL,
  `est_actif` tinyint(1) DEFAULT '1',
  `date_creation` datetime DEFAULT CURRENT_TIMESTAMP,
  `objectif_annuel` decimal(15,2) DEFAULT '0.00'
) ENGINE=InnoDB DEFAULT CHARSET=utf8mb4 COLLATE=utf8mb4_unicode_ci;

--
-- Déchargement des données de la table `utilisateurs`
--

INSERT INTO `utilisateurs` (`id`, `nom_complet`, `email`, `mot_de_passe`, `role`, `superviseur_id`, `id_pole`, `est_actif`, `date_creation`, `objectif_annuel`) VALUES
(1, 'Admin NSIA', 'admin@nsiavieassurances.sn', '$2y$10$vI8aWBnW3fID.ZQ4/zo1G.q1lRps.9cGLcZEiGDMVr5yUP1KUOYTa', 'admin', NULL, NULL, 1, '2025-12-01 14:00:31', 100000000.00),
(10, 'Moussa Diop', 'moussa.diop@nsiavieassurances.sn', '$2y$10$vI8aWBnW3fID.ZQ4/zo1G.q1lRps.9cGLcZEiGDMVr5yUP1KUOYTa', 'inspecteur', 1, 4, 1, '2025-12-01 14:00:47', 50000000.00),
(11, 'Aïssatou Thiam', 'aissatou.thiam@nsiavieassurances.sn', '$2y$10$vI8aWBnW3fID.ZQ4/zo1G.q1lRps.9cGLcZEiGDMVr5yUP1KUOYTa', 'inspecteur', 1, 4, 1, '2025-12-01 14:00:47', 50000000.00),
(20, 'Fatou Ndiaye', 'fatou.ndiaye@nsiavieassurances.sn', '$2y$10$vI8aWBnW3fID.ZQ4/zo1G.q1lRps.9cGLcZEiGDMVr5yUP1KUOYTa', 'chef_equipe', 10, 4, 1, '2025-12-01 14:00:57', 30000000.00),
(21, 'Oumar Gueye', 'oumar.gueye@nsiavieassurances.sn', '$2y$10$vI8aWBnW3fID.ZQ4/zo1G.q1lRps.9cGLcZEiGDMVr5yUP1KUOYTa', 'chef_equipe', 10, 4, 1, '2025-12-01 14:00:57', 30000000.00),
(101, 'Alioune Fall', 'alioune.fall@nsiavieassurances.sn', '$2y$10$vI8aWBnW3fID.ZQ4/zo1G.q1lRps.9cGLcZEiGDMVr5yUP1KUOYTa', 'commercial', 20, 4, 1, '2025-12-01 14:01:04', 20000000.00),
(102, 'Aminata Sow', 'aminata.sow@nsiavieassurances.sn', '$2y$10$vI8aWBnW3fID.ZQ4/zo1G.q1lRps.9cGLcZEiGDMVr5yUP1KUOYTa', 'commercial', 20, 4, 1, '2025-12-01 14:01:04', 20000000.00),
(103, 'Seynabou Diallo', 'seynabou.diallo@nsiavieassurances.sn', '$2y$10$vI8aWBnW3fID.ZQ4/zo1G.q1lRps.9cGLcZEiGDMVr5yUP1KUOYTa', 'commercial', 21, 4, 1, '2025-12-01 14:01:04', 20000000.00),
(200, 'Caissier NSIA', 'caisse@nsiavieassurances.sn', '$2y$10$vI8aWBnW3fID.ZQ4/zo1G.q1lRps.9cGLcZEiGDMVr5yUP1KUOYTa', 'caisse', 1, NULL, 1, '2025-12-01 14:01:12', 0.00);

-- --------------------------------------------------------

--
-- Doublure de structure pour la vue `v_propositions`
-- (Voir ci-dessous la vue réelle)
--
CREATE TABLE `v_propositions` (
`id` bigint unsigned
,`id_commercial` int
,`numero_unique` varchar(40)
,`client_nom` varchar(201)
,`type_proposition` varchar(120)
,`produit` varchar(120)
,`montant_propose` decimal(14,2)
,`prime_estimee` decimal(14,2)
,`date_proposition` timestamp
,`statut` enum('BROUILLON','SOUMISE','EN_COURS','VALIDEE','REJETEE','SIGNEE','NON_PAYE','PAYE')
);

--
-- Index pour les tables déchargées
--

--
-- Index pour la table `apporteurs`
--
ALTER TABLE `apporteurs`
  ADD PRIMARY KEY (`id`),
  ADD UNIQUE KEY `code` (`code`);

--
-- Index pour la table `assures`
--
ALTER TABLE `assures`
  ADD PRIMARY KEY (`id`);

--
-- Index pour la table `beneficiaires`
--
ALTER TABLE `beneficiaires`
  ADD PRIMARY KEY (`id`),
  ADD KEY `idx_ben_sousc_cat` (`souscription_id`,`categorie`);

--
-- Index pour la table `contrats`
--
ALTER TABLE `contrats`
  ADD PRIMARY KEY (`id`),
  ADD KEY `idx_commercial` (`id_commercial`),
  ADD KEY `idx_souscription` (`souscription_id`);

--
-- Index pour la table `declarations`
--
ALTER TABLE `declarations`
  ADD PRIMARY KEY (`id`),
  ADD KEY `fk_decl_sousc` (`souscription_id`);

--
-- Index pour la table `declaration_questions`
--
ALTER TABLE `declaration_questions`
  ADD PRIMARY KEY (`id`),
  ADD UNIQUE KEY `uq_declq` (`declaration_id`,`numero`);

--
-- Index pour la table `poles`
--
ALTER TABLE `poles`
  ADD PRIMARY KEY (`id`);

--
-- Index pour la table `prelevements_bancaires`
--
ALTER TABLE `prelevements_bancaires`
  ADD PRIMARY KEY (`id`),
  ADD UNIQUE KEY `uq_preal_banc_sousc` (`souscription_id`);

--
-- Index pour la table `prelevements_salaire`
--
ALTER TABLE `prelevements_salaire`
  ADD PRIMARY KEY (`id`),
  ADD UNIQUE KEY `uq_preal_salaire_sousc` (`souscription_id`);

--
-- Index pour la table `produits`
--
ALTER TABLE `produits`
  ADD PRIMARY KEY (`id`),
  ADD UNIQUE KEY `code` (`code`),
  ADD KEY `fk_produits_categorie` (`categorie_id`);

--
-- Index pour la table `produit_categories`
--
ALTER TABLE `produit_categories`
  ADD PRIMARY KEY (`id`),
  ADD UNIQUE KEY `code` (`code`);

--
-- Index pour la table `roles`
--
ALTER TABLE `roles`
  ADD PRIMARY KEY (`id`),
  ADD UNIQUE KEY `code` (`code`);

--
-- Index pour la table `signatures`
--
ALTER TABLE `signatures`
  ADD PRIMARY KEY (`id`),
  ADD KEY `idx_sign` (`souscription_id`,`contexte`,`personne`);

--
-- Index pour la table `souscripteurs`
--
ALTER TABLE `souscripteurs`
  ADD PRIMARY KEY (`id`),
  ADD KEY `idx_souscripteurs_email` (`email`);

--
-- Index pour la table `souscriptions`
--
ALTER TABLE `souscriptions`
  ADD PRIMARY KEY (`id`),
  ADD UNIQUE KEY `numero_unique` (`numero_unique`),
  ADD UNIQUE KEY `uq_sousc_idem` (`idempotency_key`),
  ADD KEY `fk_sousc_produit` (`produit_id`),
  ADD KEY `fk_sousc_apporteur` (`apporteur_id`),
  ADD KEY `fk_sousc_souscripteur` (`souscripteur_id`),
  ADD KEY `fk_sousc_assure` (`assure_id`),
  ADD KEY `fk_sousc_created_by` (`created_by_user_id`),
  ADD KEY `idx_commercial` (`id_commercial`),
  ADD KEY `idx_status` (`status`);

--
-- Index pour la table `souscription_correspondants`
--
ALTER TABLE `souscription_correspondants`
  ADD PRIMARY KEY (`id`),
  ADD KEY `idx_corr_sousc_partie` (`souscription_id`,`partie`);

--
-- Index pour la table `utilisateurs`
--
ALTER TABLE `utilisateurs`
  ADD PRIMARY KEY (`id`),
  ADD UNIQUE KEY `email` (`email`),
  ADD KEY `idx_superviseur` (`superviseur_id`),
  ADD KEY `idx_pole` (`id_pole`);

--
-- AUTO_INCREMENT pour les tables déchargées
--

--
-- AUTO_INCREMENT pour la table `apporteurs`
--
ALTER TABLE `apporteurs`
  MODIFY `id` bigint UNSIGNED NOT NULL AUTO_INCREMENT, AUTO_INCREMENT=2;

--
-- AUTO_INCREMENT pour la table `assures`
--
ALTER TABLE `assures`
  MODIFY `id` bigint UNSIGNED NOT NULL AUTO_INCREMENT, AUTO_INCREMENT=13;

--
-- AUTO_INCREMENT pour la table `beneficiaires`
--
ALTER TABLE `beneficiaires`
  MODIFY `id` bigint UNSIGNED NOT NULL AUTO_INCREMENT, AUTO_INCREMENT=49;

--
-- AUTO_INCREMENT pour la table `contrats`
--
ALTER TABLE `contrats`
  MODIFY `id` int NOT NULL AUTO_INCREMENT;

--
-- AUTO_INCREMENT pour la table `declarations`
--
ALTER TABLE `declarations`
  MODIFY `id` bigint UNSIGNED NOT NULL AUTO_INCREMENT, AUTO_INCREMENT=48;

--
-- AUTO_INCREMENT pour la table `declaration_questions`
--
ALTER TABLE `declaration_questions`
  MODIFY `id` bigint UNSIGNED NOT NULL AUTO_INCREMENT, AUTO_INCREMENT=481;

--
-- AUTO_INCREMENT pour la table `poles`
--
ALTER TABLE `poles`
  MODIFY `id` int NOT NULL AUTO_INCREMENT, AUTO_INCREMENT=6;

--
-- AUTO_INCREMENT pour la table `prelevements_bancaires`
--
ALTER TABLE `prelevements_bancaires`
  MODIFY `id` bigint UNSIGNED NOT NULL AUTO_INCREMENT, AUTO_INCREMENT=24;

--
-- AUTO_INCREMENT pour la table `prelevements_salaire`
--
ALTER TABLE `prelevements_salaire`
  MODIFY `id` bigint UNSIGNED NOT NULL AUTO_INCREMENT, AUTO_INCREMENT=17;

--
-- AUTO_INCREMENT pour la table `produits`
--
ALTER TABLE `produits`
  MODIFY `id` bigint UNSIGNED NOT NULL AUTO_INCREMENT, AUTO_INCREMENT=6;

--
-- AUTO_INCREMENT pour la table `produit_categories`
--
ALTER TABLE `produit_categories`
  MODIFY `id` bigint UNSIGNED NOT NULL AUTO_INCREMENT, AUTO_INCREMENT=4;

--
-- AUTO_INCREMENT pour la table `roles`
--
ALTER TABLE `roles`
  MODIFY `id` bigint UNSIGNED NOT NULL AUTO_INCREMENT, AUTO_INCREMENT=9;

--
-- AUTO_INCREMENT pour la table `signatures`
--
ALTER TABLE `signatures`
  MODIFY `id` bigint UNSIGNED NOT NULL AUTO_INCREMENT, AUTO_INCREMENT=296;

--
-- AUTO_INCREMENT pour la table `souscripteurs`
--
ALTER TABLE `souscripteurs`
  MODIFY `id` bigint UNSIGNED NOT NULL AUTO_INCREMENT, AUTO_INCREMENT=143;

--
-- AUTO_INCREMENT pour la table `souscriptions`
--
ALTER TABLE `souscriptions`
  MODIFY `id` bigint UNSIGNED NOT NULL AUTO_INCREMENT, AUTO_INCREMENT=141;

--
-- AUTO_INCREMENT pour la table `souscription_correspondants`
--
ALTER TABLE `souscription_correspondants`
  MODIFY `id` bigint UNSIGNED NOT NULL AUTO_INCREMENT, AUTO_INCREMENT=108;

--
-- AUTO_INCREMENT pour la table `utilisateurs`
--
ALTER TABLE `utilisateurs`
  MODIFY `id` int NOT NULL AUTO_INCREMENT, AUTO_INCREMENT=201;

-- --------------------------------------------------------

--
-- Structure de la vue `v_propositions`
--

CREATE ALGORITHM=UNDEFINED DEFINER=`nsiavih756`@`%` SQL SECURITY DEFINER VIEW `v_propositions`  AS SELECT `s`.`id` AS `id`, `s`.`id_commercial` AS `id_commercial`, `s`.`numero_unique` AS `numero_unique`, concat(coalesce(`sc`.`nom`,''),' ',coalesce(`sc`.`prenoms`,'')) AS `client_nom`, `p`.`nom` AS `type_proposition`, `p`.`nom` AS `produit`, coalesce(`s`.`cot_total`,`s`.`cotisation_montant`,`s`.`montant_prime`,0) AS `montant_propose`, coalesce(`s`.`cot_total`,`s`.`cotisation_montant`,`s`.`montant_prime`,0) AS `prime_estimee`, `s`.`created_at` AS `date_proposition`, `s`.`status` AS `statut` FROM ((`souscriptions` `s` left join `souscripteurs` `sc` on((`s`.`souscripteur_id` = `sc`.`id`))) left join `produits` `p` on((`s`.`produit_id` = `p`.`id`))) ;

--
-- Contraintes pour les tables déchargées
--

--
-- Contraintes pour la table `beneficiaires`
--
ALTER TABLE `beneficiaires`
  ADD CONSTRAINT `fk_ben_sousc` FOREIGN KEY (`souscription_id`) REFERENCES `souscriptions` (`id`) ON DELETE CASCADE ON UPDATE CASCADE;

--
-- Contraintes pour la table `declarations`
--
ALTER TABLE `declarations`
  ADD CONSTRAINT `fk_decl_sousc` FOREIGN KEY (`souscription_id`) REFERENCES `souscriptions` (`id`) ON DELETE CASCADE ON UPDATE CASCADE;

--
-- Contraintes pour la table `declaration_questions`
--
ALTER TABLE `declaration_questions`
  ADD CONSTRAINT `fk_declq_decl` FOREIGN KEY (`declaration_id`) REFERENCES `declarations` (`id`) ON DELETE CASCADE ON UPDATE CASCADE;

--
-- Contraintes pour la table `produits`
--
ALTER TABLE `produits`
  ADD CONSTRAINT `fk_produits_categorie` FOREIGN KEY (`categorie_id`) REFERENCES `produit_categories` (`id`) ON DELETE RESTRICT ON UPDATE CASCADE;

--
-- Contraintes pour la table `signatures`
--
ALTER TABLE `signatures`
  ADD CONSTRAINT `fk_sign_sousc` FOREIGN KEY (`souscription_id`) REFERENCES `souscriptions` (`id`) ON DELETE CASCADE ON UPDATE CASCADE;

--
-- Contraintes pour la table `souscriptions`
--
ALTER TABLE `souscriptions`
  ADD CONSTRAINT `fk_sousc_apporteur` FOREIGN KEY (`apporteur_id`) REFERENCES `apporteurs` (`id`) ON DELETE SET NULL ON UPDATE CASCADE,
  ADD CONSTRAINT `fk_sousc_assure` FOREIGN KEY (`assure_id`) REFERENCES `assures` (`id`) ON DELETE SET NULL ON UPDATE CASCADE,
  ADD CONSTRAINT `fk_sousc_produit` FOREIGN KEY (`produit_id`) REFERENCES `produits` (`id`) ON DELETE RESTRICT ON UPDATE CASCADE,
  ADD CONSTRAINT `fk_sousc_souscripteur` FOREIGN KEY (`souscripteur_id`) REFERENCES `souscripteurs` (`id`) ON DELETE RESTRICT ON UPDATE CASCADE;

--
-- Contraintes pour la table `souscription_correspondants`
--
ALTER TABLE `souscription_correspondants`
  ADD CONSTRAINT `fk_corr_sousc` FOREIGN KEY (`souscription_id`) REFERENCES `souscriptions` (`id`) ON DELETE CASCADE ON UPDATE CASCADE;
COMMIT;

